NOAA-Style Climate Reports

NOAA style reports
2022: Jan | Feb | Mar | Apr | May | Jun | Jul | Aug | Sep | Oct | Nov | Dec 
2021: Jan | Feb | Mar | Apr | May | Jun | Jul | Aug | Sep | Oct | Nov | Dec 
2020: Jan | Feb | Mar | Apr | May | Jun | Jul | Aug | Sep | Oct | Nov | Dec 
2019: Jan | Feb | Mar | Apr | May | Jun | Jul | Aug | Sep | Oct | Nov | Dec 
2018: Jan | Feb | Mar | Apr | May | Jun | Jul | Aug | Sep | Oct | Nov | Dec 
2017: Jan | Feb | Mar | Apr | May | Jun | Jul | Aug | Sep | Oct | Nov | Dec 
2016: Jan | Feb | Mar | Apr | May | Jun | Jul | Aug | Sep | Oct | Nov | Dec 
2015: Jan | Feb | Mar | Apr | May | Jun | Jul | Aug | Sep | Oct | Nov | Dec 
2014: Jan | Feb | Mar | Apr | May | Jun | Jul | Aug | Sep | Oct | Nov | Dec 
2013: Jan | Feb | Mar | Apr | May | Jun | Jul | Aug | Sep | Oct | Nov | Dec 
2012: Jan | Feb | Mar | Apr | May | Jun | Jul | Aug | Sep | Oct | Nov | Dec 
2011: Jan | Feb | Mar | Apr | May | Jun | Jul | Aug | Sep | Oct | Nov | Dec 
2010: Jan | Feb | Mar | Apr | May | Jun | Jul | Aug | Sep | Oct | Nov | Dec 
2009: Jan | Feb | Mar | Apr | May | Jun | Jul | Aug | Sep | Oct | Nov | Dec 
2008: Jan | Feb | Mar | Apr | May | Jun | Jul | Aug | Sep | Oct | Nov | Dec 
2007: Jan | Feb | Mar | Apr | May | Jun | Jul | Aug | Sep | Oct | Nov | Dec 
2006: Jan | Feb | Mar | Apr | May | Jun | Jul | Aug | Sep | Oct | Nov | Dec 
2005: Jan | Feb | Mar | Apr | May | Jun | Jul | Aug | Sep | Oct | Nov | Dec 

Report for 2022 05
MONTHLY CLIMATOLOGICAL SUMMARY for May 2022 NAME: Cabrera de Mar, Barcelona ELEV: 9 meters LAT: 41-30.33 N LONG: 002-24.07 E TEMPERATURE (C), RAIN (mm), WIND SPEED (m/s) HEAT COOL AVG MEAN DEG DEG WIND DOM DAY TEMP HIGH TIME LOW TIME DAYS DAYS RAIN SPEED HIGH TIME DIR --------------------------------------------------------------------------------------- 01 18.1 20.6 15:41 14.8 07:00 0.2 0.0 0.0 0.8 5.4 00:00 215 02 17.5 20.3 12:36 15.9 23:54 0.8 0.0 0.2 0.4 3.1 03:50 136 03 16.3 18.6 17:56 14.2 04:13 2.0 0.0 1.0 0.6 4.9 11:45 90 04 16.1 20.7 12:47 12.0 05:47 2.2 0.0 0.0 0.9 7.2 12:24 89 05 17.0 21.2 11:02 12.4 06:44 1.3 0.0 0.0 1.5 7.2 14:12 255 06 17.1 21.1 15:45 12.5 06:03 1.2 0.0 0.0 0.9 5.8 15:34 226 07 18.4 22.9 13:28 15.0 00:41 0.0 0.0 0.0 0.9 5.8 15:51 233 08 18.6 23.3 13:58 13.9 06:36 0.0 0.3 0.0 0.8 7.2 13:46 223 09 18.4 21.3 14:02 15.9 01:35 0.0 0.0 0.0 0.4 5.4 04:32 133 10 18.1 21.6 16:35 13.7 06:38 0.2 0.0 0.0 1.1 6.3 12:31 234 11 18.5 22.2 13:28 14.3 06:36 0.0 0.2 0.0 2.2 8.9 10:56 251 12 17.9 21.4 14:53 13.7 06:53 0.4 0.0 0.0 0.9 6.7 10:54 224 13 17.5 20.8 11:54 12.8 05:43 0.8 0.0 0.0 0.5 3.1 11:52 133 14 19.4 23.1 13:49 14.9 06:56 0.0 1.0 0.0 1.1 5.8 14:05 227 15 20.0 23.8 16:50 15.8 07:01 0.0 1.7 0.0 1.0 6.7 13:57 234 16 20.1 23.9 16:13 16.4 07:03 0.0 1.7 0.0 0.7 4.9 10:44 124 17 19.3 22.3 12:15 16.2 06:48 0.0 0.9 0.0 0.5 4.5 12:03 128 18 21.4 24.8 13:29 17.4 06:54 0.0 3.0 0.0 0.8 4.9 12:07 219 19 21.2 24.3 12:01 18.7 23:33 0.0 2.8 0.0 0.7 4.0 11:31 129 20 21.6 24.6 11:19 17.4 05:57 0.0 3.3 0.0 0.7 4.5 15:41 194 21 22.6 28.3 15:47 18.2 04:01 0.0 4.2 0.0 1.9 9.8 15:51 245 22 22.7 28.8 13:18 16.4 06:56 0.0 4.3 0.0 1.9 8.9 14:35 250 23 21.4 24.1 16:39 18.3 06:35 0.0 3.1 0.0 1.1 5.4 07:21 218 24 19.3 21.1 00:00 15.3 23:23 0.0 1.0 8.4 0.8 7.2 19:49 89 25 17.5 21.6 17:37 14.5 07:23 0.8 0.0 3.8 1.1 12.1 16:28 329 26 20.6 23.8 16:52 17.4 07:07 0.0 2.2 0.0 1.2 6.7 15:10 224 27 21.3 23.7 16:33 18.2 06:46 0.0 3.0 0.0 1.2 8.0 16:39 234 28 21.7 25.8 17:03 18.2 05:36 0.0 3.4 0.0 0.6 4.9 16:56 128 29 20.8 24.4 11:05 18.4 06:42 0.0 2.5 0.0 0.9 5.4 12:07 167 30 20.5 24.1 13:09 16.8 04:08 0.0 2.2 0.0 1.0 6.3 11:10 120 31 20.2 22.9 17:34 15.5 06:34 0.0 1.9 0.0 0.7 4.0 05:20 164 --------------------------------------------------------------------------------------- 19.4 28.8 22 12.0 04 10.0 42.9 13.4 1.0 12.1 25 216