NOAA-Style Climate Reports

NOAA style reports
2022: Jan | Feb | Mar | Apr | May | Jun | Jul | Aug | Sep | Oct | Nov | Dec 
2021: Jan | Feb | Mar | Apr | May | Jun | Jul | Aug | Sep | Oct | Nov | Dec 
2020: Jan | Feb | Mar | Apr | May | Jun | Jul | Aug | Sep | Oct | Nov | Dec 
2019: Jan | Feb | Mar | Apr | May | Jun | Jul | Aug | Sep | Oct | Nov | Dec 
2018: Jan | Feb | Mar | Apr | May | Jun | Jul | Aug | Sep | Oct | Nov | Dec 
2017: Jan | Feb | Mar | Apr | May | Jun | Jul | Aug | Sep | Oct | Nov | Dec 
2016: Jan | Feb | Mar | Apr | May | Jun | Jul | Aug | Sep | Oct | Nov | Dec 
2015: Jan | Feb | Mar | Apr | May | Jun | Jul | Aug | Sep | Oct | Nov | Dec 
2014: Jan | Feb | Mar | Apr | May | Jun | Jul | Aug | Sep | Oct | Nov | Dec 
2013: Jan | Feb | Mar | Apr | May | Jun | Jul | Aug | Sep | Oct | Nov | Dec 
2012: Jan | Feb | Mar | Apr | May | Jun | Jul | Aug | Sep | Oct | Nov | Dec 
2011: Jan | Feb | Mar | Apr | May | Jun | Jul | Aug | Sep | Oct | Nov | Dec 
2010: Jan | Feb | Mar | Apr | May | Jun | Jul | Aug | Sep | Oct | Nov | Dec 
2009: Jan | Feb | Mar | Apr | May | Jun | Jul | Aug | Sep | Oct | Nov | Dec 
2008: Jan | Feb | Mar | Apr | May | Jun | Jul | Aug | Sep | Oct | Nov | Dec 
2007: Jan | Feb | Mar | Apr | May | Jun | Jul | Aug | Sep | Oct | Nov | Dec 
2006: Jan | Feb | Mar | Apr | May | Jun | Jul | Aug | Sep | Oct | Nov | Dec 
2005: Jan | Feb | Mar | Apr | May | Jun | Jul | Aug | Sep | Oct | Nov | Dec 

Report for 2022 04
MONTHLY CLIMATOLOGICAL SUMMARY for Apr 2022 NAME: Cabrera de Mar, Barcelona ELEV: 9 meters LAT: 41-30.33 N LONG: 002-24.07 E TEMPERATURE (C), RAIN (mm), WIND SPEED (m/s) HEAT COOL AVG MEAN DEG DEG WIND DOM DAY TEMP HIGH TIME LOW TIME DAYS DAYS RAIN SPEED HIGH TIME DIR --------------------------------------------------------------------------------------- 01 11.6 16.1 14:18 7.8 07:38 6.8 0.0 0.0 3.0 14.3 16:42 323 02 9.7 15.8 14:50 4.2 05:43 8.7 0.0 0.0 3.2 13.4 18:23 355 03 7.9 10.6 12:51 6.0 23:56 10.4 0.0 0.2 0.8 5.4 03:38 9 04 8.8 13.4 14:00 3.5 07:14 9.5 0.0 0.0 1.6 10.7 19:02 111 05 11.8 14.9 15:08 8.2 08:12 6.5 0.0 0.0 1.4 6.7 03:13 57 06 12.7 15.8 14:01 9.9 07:52 5.6 0.0 0.0 0.6 4.9 13:40 207 07 14.9 25.4 16:04 8.5 05:55 3.5 0.0 0.0 2.3 14.3 16:43 260 08 17.8 25.1 17:10 11.8 05:29 0.6 0.0 0.0 2.5 14.8 20:30 270 09 15.1 19.2 00:16 13.3 23:48 3.3 0.0 0.4 0.8 5.8 07:45 161 10 14.4 17.3 15:51 12.4 06:46 4.0 0.0 0.0 1.9 7.6 19:51 251 11 14.4 18.3 14:56 9.9 07:29 3.9 0.0 0.0 1.6 9.8 21:53 94 12 14.9 15.9 17:12 14.2 07:14 3.4 0.0 0.0 3.4 13.0 09:28 84 13 14.3 14.8 23:47 13.5 21:58 4.1 0.0 2.2 2.3 11.2 22:50 88 14 17.7 23.2 12:37 14.6 00:54 0.7 0.0 0.0 3.2 15.2 10:32 80 15 18.1 23.3 12:08 12.3 07:02 0.2 0.0 0.0 1.0 5.8 14:57 241 16 17.7 21.2 16:02 14.1 07:31 0.7 0.0 0.0 0.5 4.9 18:53 142 17 16.7 21.3 11:30 12.5 06:37 1.7 0.0 0.0 0.8 7.2 15:15 114 18 15.1 18.9 16:26 11.4 07:34 3.2 0.0 0.0 0.6 5.4 10:48 129 19 14.8 18.6 17:16 11.1 05:51 3.5 0.0 0.0 0.2 6.3 13:12 217 20 15.2 17.2 13:14 13.7 02:26 3.2 0.0 1.6 4.0 14.8 13:00 72 21 13.4 13.9 00:00 12.1 14:08 5.0 0.0 1.4 1.4 8.9 00:02 50 22 15.1 18.8 11:25 11.6 06:48 3.2 0.0 0.2 2.3 9.4 14:07 257 23 14.0 16.6 12:57 11.8 23:09 4.3 0.0 8.0 2.4 14.8 14:50 264 24 15.4 20.6 12:41 11.6 00:35 2.9 0.0 0.0 2.4 12.1 04:56 273 25 15.0 17.8 10:35 10.4 07:14 3.3 0.0 0.0 1.1 6.7 18:37 200 26 15.3 20.4 14:34 10.2 06:44 3.0 0.0 0.0 1.3 7.2 15:27 242 27 16.1 19.6 15:15 11.9 06:49 2.2 0.0 0.0 0.6 5.4 15:15 218 28 17.1 21.0 15:25 12.8 06:05 1.2 0.0 0.0 0.7 7.2 14:58 104 29 17.8 23.3 12:36 13.4 07:08 0.5 0.0 0.0 0.9 6.7 13:43 229 30 18.1 21.6 12:54 14.3 06:56 0.2 0.0 0.0 0.8 6.7 14:46 241 --------------------------------------------------------------------------------------- 14.7 25.4 07 3.5 04 109.3 0.0 14.0 1.7 15.2 14 81