NOAA-Style Climate Reports

NOAA style reports
2022: Jan | Feb | Mar | Apr | May | Jun | Jul | Aug | Sep | Oct | Nov | Dec 
2021: Jan | Feb | Mar | Apr | May | Jun | Jul | Aug | Sep | Oct | Nov | Dec 
2020: Jan | Feb | Mar | Apr | May | Jun | Jul | Aug | Sep | Oct | Nov | Dec 
2019: Jan | Feb | Mar | Apr | May | Jun | Jul | Aug | Sep | Oct | Nov | Dec 
2018: Jan | Feb | Mar | Apr | May | Jun | Jul | Aug | Sep | Oct | Nov | Dec 
2017: Jan | Feb | Mar | Apr | May | Jun | Jul | Aug | Sep | Oct | Nov | Dec 
2016: Jan | Feb | Mar | Apr | May | Jun | Jul | Aug | Sep | Oct | Nov | Dec 
2015: Jan | Feb | Mar | Apr | May | Jun | Jul | Aug | Sep | Oct | Nov | Dec 
2014: Jan | Feb | Mar | Apr | May | Jun | Jul | Aug | Sep | Oct | Nov | Dec 
2013: Jan | Feb | Mar | Apr | May | Jun | Jul | Aug | Sep | Oct | Nov | Dec 
2012: Jan | Feb | Mar | Apr | May | Jun | Jul | Aug | Sep | Oct | Nov | Dec 
2011: Jan | Feb | Mar | Apr | May | Jun | Jul | Aug | Sep | Oct | Nov | Dec 
2010: Jan | Feb | Mar | Apr | May | Jun | Jul | Aug | Sep | Oct | Nov | Dec 
2009: Jan | Feb | Mar | Apr | May | Jun | Jul | Aug | Sep | Oct | Nov | Dec 
2008: Jan | Feb | Mar | Apr | May | Jun | Jul | Aug | Sep | Oct | Nov | Dec 
2007: Jan | Feb | Mar | Apr | May | Jun | Jul | Aug | Sep | Oct | Nov | Dec 
2006: Jan | Feb | Mar | Apr | May | Jun | Jul | Aug | Sep | Oct | Nov | Dec 
2005: Jan | Feb | Mar | Apr | May | Jun | Jul | Aug | Sep | Oct | Nov | Dec 

Report for 2021 12
MONTHLY CLIMATOLOGICAL SUMMARY for Dec 2021 NAME: Cabrera de Mar, Barcelona ELEV: 9 meters LAT: 41-30.33 N LONG: 002-24.07 E TEMPERATURE (C), RAIN (mm), WIND SPEED (m/s) HEAT COOL AVG MEAN DEG DEG WIND DOM DAY TEMP HIGH TIME LOW TIME DAYS DAYS RAIN SPEED HIGH TIME DIR --------------------------------------------------------------------------------------- 01 11.2 14.9 14:52 7.6 08:12 7.1 0.0 0.0 2.4 9.4 20:10 318 02 11.3 15.5 12:54 7.8 21:17 7.1 0.0 23.2 1.6 9.8 21:16 339 03 9.2 14.4 14:56 4.4 08:23 9.2 0.0 0.0 1.3 8.9 02:28 298 04 12.7 17.9 13:53 8.9 07:33 5.6 0.0 0.0 2.5 12.5 15:27 313 05 10.7 14.0 13:31 7.3 21:58 7.6 0.0 0.0 2.5 14.8 16:35 323 06 9.5 15.8 14:12 5.8 05:22 8.8 0.0 0.0 1.5 9.4 08:17 311 07 11.7 16.7 12:23 6.6 07:18 6.7 0.0 0.0 1.8 9.4 16:47 268 08 12.8 14.8 12:02 8.0 23:23 5.6 0.0 0.0 3.6 17.4 11:37 310 09 9.5 12.6 11:40 6.4 07:17 8.9 0.0 0.0 2.4 14.3 05:50 325 10 12.2 17.3 14:08 8.2 23:44 6.1 0.0 0.0 1.4 13.9 08:55 334 11 10.1 14.8 11:49 6.2 08:01 8.2 0.0 0.0 0.3 4.9 10:25 261 12 12.6 18.9 14:22 9.2 06:23 5.7 0.0 0.0 0.9 6.3 10:10 305 13 11.5 16.4 14:52 8.2 03:15 6.8 0.0 0.0 0.8 6.7 14:34 251 14 10.3 14.5 13:03 6.8 05:31 8.0 0.0 0.4 0.1 2.2 12:20 202 15 10.5 15.6 12:56 5.8 07:16 7.8 0.0 0.2 0.2 1.8 00:59 284 16 10.4 14.4 11:35 7.2 07:39 8.0 0.0 0.2 0.2 2.7 11:45 234 17 10.8 13.5 12:43 8.2 08:38 7.6 0.0 0.0 0.2 2.2 12:45 95 18 10.3 14.4 13:14 5.8 08:07 8.1 0.0 0.0 0.2 2.7 10:07 233 19 10.0 14.3 13:05 6.2 08:24 8.3 0.0 0.0 0.8 6.7 15:47 250 20 9.7 17.0 14:47 4.5 08:16 8.7 0.0 0.0 0.7 7.2 14:50 287 21 10.3 14.8 12:49 5.1 03:53 8.0 0.0 0.0 0.7 4.9 11:16 93 22 11.1 11.8 13:57 10.1 07:30 7.2 0.0 0.0 0.1 2.2 07:35 55 23 12.5 14.7 16:27 11.1 01:06 5.8 0.0 0.0 0.9 6.7 13:49 288 24 13.9 16.3 13:09 11.7 00:00 4.4 0.0 0.0 1.0 7.2 12:19 268 25 14.4 18.9 15:38 10.8 08:07 3.9 0.0 0.2 1.2 9.4 14:22 272 26 12.1 15.5 14:13 9.0 08:48 6.2 0.0 0.0 0.2 2.7 13:06 297 27 15.3 20.3 11:37 11.6 00:00 3.0 0.0 0.0 1.8 13.0 10:56 301 28 17.1 21.0 13:32 14.5 08:28 1.3 0.0 0.0 2.6 12.5 11:38 319 29 15.6 18.9 14:06 12.6 23:55 2.7 0.0 0.0 0.7 6.3 02:42 344 30 13.7 20.2 15:19 9.8 08:21 4.6 0.0 0.0 0.2 3.1 13:27 312 31 12.7 17.3 11:45 8.9 05:19 5.6 0.0 0.0 0.2 2.2 23:16 332 --------------------------------------------------------------------------------------- 11.8 21.0 28 4.4 03 202.8 0.0 24.2 1.1 17.4 08 306