NOAA-Style Climate Reports

NOAA style reports
2022: Jan | Feb | Mar | Apr | May | Jun | Jul | Aug | Sep | Oct | Nov | Dec 
2021: Jan | Feb | Mar | Apr | May | Jun | Jul | Aug | Sep | Oct | Nov | Dec 
2020: Jan | Feb | Mar | Apr | May | Jun | Jul | Aug | Sep | Oct | Nov | Dec 
2019: Jan | Feb | Mar | Apr | May | Jun | Jul | Aug | Sep | Oct | Nov | Dec 
2018: Jan | Feb | Mar | Apr | May | Jun | Jul | Aug | Sep | Oct | Nov | Dec 
2017: Jan | Feb | Mar | Apr | May | Jun | Jul | Aug | Sep | Oct | Nov | Dec 
2016: Jan | Feb | Mar | Apr | May | Jun | Jul | Aug | Sep | Oct | Nov | Dec 
2015: Jan | Feb | Mar | Apr | May | Jun | Jul | Aug | Sep | Oct | Nov | Dec 
2014: Jan | Feb | Mar | Apr | May | Jun | Jul | Aug | Sep | Oct | Nov | Dec 
2013: Jan | Feb | Mar | Apr | May | Jun | Jul | Aug | Sep | Oct | Nov | Dec 
2012: Jan | Feb | Mar | Apr | May | Jun | Jul | Aug | Sep | Oct | Nov | Dec 
2011: Jan | Feb | Mar | Apr | May | Jun | Jul | Aug | Sep | Oct | Nov | Dec 
2010: Jan | Feb | Mar | Apr | May | Jun | Jul | Aug | Sep | Oct | Nov | Dec 
2009: Jan | Feb | Mar | Apr | May | Jun | Jul | Aug | Sep | Oct | Nov | Dec 
2008: Jan | Feb | Mar | Apr | May | Jun | Jul | Aug | Sep | Oct | Nov | Dec 
2007: Jan | Feb | Mar | Apr | May | Jun | Jul | Aug | Sep | Oct | Nov | Dec 
2006: Jan | Feb | Mar | Apr | May | Jun | Jul | Aug | Sep | Oct | Nov | Dec 
2005: Jan | Feb | Mar | Apr | May | Jun | Jul | Aug | Sep | Oct | Nov | Dec 

Report for 2021 10
MONTHLY CLIMATOLOGICAL SUMMARY for Oct 2021 NAME: Cabrera de Mar, Barcelona ELEV: 9 meters LAT: 41-30.33 N LONG: 002-24.07 E TEMPERATURE (C), RAIN (mm), WIND SPEED (m/s) HEAT COOL AVG MEAN DEG DEG WIND DOM DAY TEMP HIGH TIME LOW TIME DAYS DAYS RAIN SPEED HIGH TIME DIR --------------------------------------------------------------------------------------- 01 20.9 24.9 13:53 17.8 06:55 0.0 2.6 0.0 0.7 4.9 10:18 101 02 21.6 25.0 14:06 16.9 06:21 0.0 3.3 0.0 2.1 8.9 17:15 232 03 24.2 26.3 13:00 21.4 23:59 0.0 5.8 0.0 3.9 11.6 09:55 237 04 17.0 21.4 00:00 14.9 08:15 1.4 0.0 19.8 1.0 9.8 01:00 334 05 19.1 25.5 16:33 14.0 07:45 0.0 0.8 0.2 1.9 9.4 14:14 289 06 20.0 22.5 15:17 17.3 23:58 0.0 1.7 0.0 1.7 9.8 16:58 254 07 19.4 22.6 15:56 15.4 08:16 0.0 1.1 0.0 1.4 8.5 14:26 247 08 18.7 21.9 12:53 13.8 08:13 0.0 0.4 0.0 0.9 8.0 00:00 209 09 19.1 21.7 12:05 16.8 07:51 0.0 0.8 0.0 0.7 5.4 23:37 138 10 18.7 22.6 14:38 16.4 06:37 0.0 0.4 0.4 0.4 4.9 12:43 125 11 18.8 23.1 15:37 13.9 08:10 0.0 0.4 0.0 1.1 7.2 16:07 237 12 18.2 22.5 16:10 13.3 08:04 0.1 0.0 0.0 0.5 4.5 12:57 204 13 18.6 22.3 13:42 15.4 08:01 0.0 0.3 0.0 0.6 4.9 12:25 158 14 18.0 21.0 12:02 14.6 08:21 0.3 0.0 0.0 0.7 5.4 12:38 142 15 19.5 23.7 15:40 16.8 01:09 0.0 1.2 0.0 1.4 7.6 17:11 258 16 18.9 22.0 13:48 16.1 08:26 0.0 0.6 0.0 0.6 4.5 14:48 155 17 18.3 21.4 14:44 14.8 07:22 0.0 0.0 0.0 0.4 4.0 13:01 142 18 19.8 22.6 17:10 16.7 08:36 0.0 1.5 0.0 0.4 3.1 12:45 170 19 20.2 23.8 14:21 16.9 04:42 0.0 1.9 0.0 1.6 9.4 17:43 246 20 21.0 23.3 11:17 19.1 23:01 0.0 2.6 0.0 2.7 9.8 16:36 258 21 19.1 21.7 14:39 16.9 23:45 0.0 0.7 0.2 1.0 5.4 05:23 317 22 17.4 20.9 13:11 14.4 07:46 0.9 0.0 0.0 0.4 4.5 12:31 209 23 15.9 19.4 14:55 12.5 08:41 2.5 0.0 0.0 0.6 6.3 23:45 281 24 17.2 21.8 11:38 11.8 04:39 1.1 0.0 0.0 0.6 5.4 00:00 118 25 17.2 20.6 15:00 13.7 08:30 1.2 0.0 0.0 0.4 3.1 00:16 133 26 16.9 21.8 15:39 12.5 08:07 1.4 0.0 0.0 0.9 7.6 17:00 246 27 16.9 21.4 13:55 13.6 06:27 1.4 0.0 0.2 0.8 5.8 18:43 102 28 17.2 21.6 12:26 14.2 01:09 1.1 0.0 0.0 0.8 4.9 13:16 73 29 17.8 22.1 15:09 13.8 01:53 0.5 0.0 20.4 1.1 12.1 22:32 247 30 18.9 21.9 16:40 17.1 02:10 0.0 0.6 11.8 2.1 14.3 10:12 268 31 19.1 23.1 14:58 15.9 07:14 0.0 0.8 0.0 1.2 8.0 17:34 245 --------------------------------------------------------------------------------------- 18.8 26.3 03 11.8 24 12.0 27.3 53.0 1.1 14.3 30 239