NOAA-Style Climate Reports

NOAA style reports
2022: Jan | Feb | Mar | Apr | May | Jun | Jul | Aug | Sep | Oct | Nov | Dec 
2021: Jan | Feb | Mar | Apr | May | Jun | Jul | Aug | Sep | Oct | Nov | Dec 
2020: Jan | Feb | Mar | Apr | May | Jun | Jul | Aug | Sep | Oct | Nov | Dec 
2019: Jan | Feb | Mar | Apr | May | Jun | Jul | Aug | Sep | Oct | Nov | Dec 
2018: Jan | Feb | Mar | Apr | May | Jun | Jul | Aug | Sep | Oct | Nov | Dec 
2017: Jan | Feb | Mar | Apr | May | Jun | Jul | Aug | Sep | Oct | Nov | Dec 
2016: Jan | Feb | Mar | Apr | May | Jun | Jul | Aug | Sep | Oct | Nov | Dec 
2015: Jan | Feb | Mar | Apr | May | Jun | Jul | Aug | Sep | Oct | Nov | Dec 
2014: Jan | Feb | Mar | Apr | May | Jun | Jul | Aug | Sep | Oct | Nov | Dec 
2013: Jan | Feb | Mar | Apr | May | Jun | Jul | Aug | Sep | Oct | Nov | Dec 
2012: Jan | Feb | Mar | Apr | May | Jun | Jul | Aug | Sep | Oct | Nov | Dec 
2011: Jan | Feb | Mar | Apr | May | Jun | Jul | Aug | Sep | Oct | Nov | Dec 
2010: Jan | Feb | Mar | Apr | May | Jun | Jul | Aug | Sep | Oct | Nov | Dec 
2009: Jan | Feb | Mar | Apr | May | Jun | Jul | Aug | Sep | Oct | Nov | Dec 
2008: Jan | Feb | Mar | Apr | May | Jun | Jul | Aug | Sep | Oct | Nov | Dec 
2007: Jan | Feb | Mar | Apr | May | Jun | Jul | Aug | Sep | Oct | Nov | Dec 
2006: Jan | Feb | Mar | Apr | May | Jun | Jul | Aug | Sep | Oct | Nov | Dec 
2005: Jan | Feb | Mar | Apr | May | Jun | Jul | Aug | Sep | Oct | Nov | Dec 

Report for 2021 08
MONTHLY CLIMATOLOGICAL SUMMARY for Aug 2021 NAME: Cabrera de Mar, Barcelona ELEV: 9 meters LAT: 41-30.33 N LONG: 002-24.07 E TEMPERATURE (C), RAIN (mm), WIND SPEED (m/s) HEAT COOL AVG MEAN DEG DEG WIND DOM DAY TEMP HIGH TIME LOW TIME DAYS DAYS RAIN SPEED HIGH TIME DIR --------------------------------------------------------------------------------------- 01 21.9 25.9 14:34 18.6 00:00 0.0 3.5 0.0 2.3 9.4 15:05 256 02 23.2 26.6 14:59 20.1 04:27 0.0 4.9 0.0 1.7 6.3 12:57 128 03 25.0 28.1 15:24 21.3 06:45 0.0 6.6 0.0 2.4 9.8 16:23 232 04 23.3 27.6 14:23 20.3 23:13 0.0 4.9 1.4 1.4 11.6 18:28 134 05 24.2 27.9 15:11 19.5 05:20 0.0 5.9 0.0 2.0 8.5 14:38 224 06 24.9 27.7 15:34 23.2 06:13 0.0 6.5 0.0 1.5 6.3 14:44 104 07 24.9 28.1 13:40 22.0 05:34 0.0 6.5 0.0 1.6 8.0 15:42 149 08 23.5 25.2 15:17 21.8 06:53 0.0 5.2 0.0 1.3 6.3 19:06 126 09 23.2 26.6 14:40 18.9 07:05 0.0 4.8 0.0 0.7 5.4 16:02 226 10 24.1 28.3 17:03 19.9 06:58 0.0 5.8 0.0 0.8 7.2 15:05 124 11 25.4 30.2 11:46 20.8 07:01 0.0 7.1 0.0 0.9 7.2 14:00 79 12 26.3 29.7 11:56 22.9 23:52 0.0 8.0 0.0 1.0 5.4 12:07 113 13 26.0 31.4 12:35 22.1 07:05 0.0 7.6 0.0 0.7 4.5 11:41 151 14 26.5 30.3 15:37 22.3 07:37 0.0 8.2 0.0 1.5 7.2 18:01 226 15 26.5 28.9 12:28 24.1 07:48 0.0 8.2 0.0 1.0 5.4 18:30 126 16 26.1 29.5 10:19 24.4 04:03 0.0 7.8 0.0 1.6 7.2 15:06 151 17 25.2 27.1 14:16 22.6 07:42 0.0 6.8 0.0 1.8 7.2 14:56 221 18 24.2 26.6 16:21 21.2 07:34 0.0 5.8 0.0 1.6 7.2 13:28 179 19 23.5 26.0 12:26 20.5 07:13 0.0 5.2 0.0 1.1 6.7 12:45 207 20 24.4 27.4 12:02 20.5 07:13 0.0 6.1 0.0 1.3 5.8 12:54 174 21 25.9 29.3 13:43 23.3 03:25 0.0 7.6 0.0 2.2 8.5 15:41 245 22 25.3 28.8 12:19 21.9 05:41 0.0 6.9 0.0 0.9 5.4 14:34 200 23 24.5 27.4 15:24 21.2 07:26 0.0 6.2 0.0 1.2 6.7 15:08 211 24 24.7 27.8 14:05 22.3 08:35 0.0 6.4 0.4 1.5 8.0 15:07 206 25 24.0 26.4 10:59 21.6 23:42 0.0 5.7 0.0 1.2 5.8 13:25 129 26 24.4 28.1 12:51 19.9 04:44 0.0 6.0 0.0 2.3 8.9 14:33 238 27 25.9 28.9 14:01 22.9 04:55 0.0 7.5 0.0 1.3 6.7 21:55 145 28 25.0 27.6 14:43 22.7 06:56 0.0 6.6 0.0 1.4 5.8 13:10 140 29 24.3 27.1 10:16 22.5 23:50 0.0 5.9 0.0 2.1 8.5 15:24 224 30 22.9 26.4 12:57 19.8 07:25 0.0 4.6 0.0 0.9 7.2 11:00 103 31 23.6 27.3 13:22 20.6 02:31 0.0 5.3 0.0 1.2 6.3 11:39 127 --------------------------------------------------------------------------------------- 24.6 31.4 13 18.6 01 0.0 194.4 1.8 1.4 11.6 04 188