NOAA-Style Climate Reports

NOAA style reports
2022: Jan | Feb | Mar | Apr | May | Jun | Jul | Aug | Sep | Oct | Nov | Dec 
2021: Jan | Feb | Mar | Apr | May | Jun | Jul | Aug | Sep | Oct | Nov | Dec 
2020: Jan | Feb | Mar | Apr | May | Jun | Jul | Aug | Sep | Oct | Nov | Dec 
2019: Jan | Feb | Mar | Apr | May | Jun | Jul | Aug | Sep | Oct | Nov | Dec 
2018: Jan | Feb | Mar | Apr | May | Jun | Jul | Aug | Sep | Oct | Nov | Dec 
2017: Jan | Feb | Mar | Apr | May | Jun | Jul | Aug | Sep | Oct | Nov | Dec 
2016: Jan | Feb | Mar | Apr | May | Jun | Jul | Aug | Sep | Oct | Nov | Dec 
2015: Jan | Feb | Mar | Apr | May | Jun | Jul | Aug | Sep | Oct | Nov | Dec 
2014: Jan | Feb | Mar | Apr | May | Jun | Jul | Aug | Sep | Oct | Nov | Dec 
2013: Jan | Feb | Mar | Apr | May | Jun | Jul | Aug | Sep | Oct | Nov | Dec 
2012: Jan | Feb | Mar | Apr | May | Jun | Jul | Aug | Sep | Oct | Nov | Dec 
2011: Jan | Feb | Mar | Apr | May | Jun | Jul | Aug | Sep | Oct | Nov | Dec 
2010: Jan | Feb | Mar | Apr | May | Jun | Jul | Aug | Sep | Oct | Nov | Dec 
2009: Jan | Feb | Mar | Apr | May | Jun | Jul | Aug | Sep | Oct | Nov | Dec 
2008: Jan | Feb | Mar | Apr | May | Jun | Jul | Aug | Sep | Oct | Nov | Dec 
2007: Jan | Feb | Mar | Apr | May | Jun | Jul | Aug | Sep | Oct | Nov | Dec 
2006: Jan | Feb | Mar | Apr | May | Jun | Jul | Aug | Sep | Oct | Nov | Dec 
2005: Jan | Feb | Mar | Apr | May | Jun | Jul | Aug | Sep | Oct | Nov | Dec 

Report for 2021 06
MONTHLY CLIMATOLOGICAL SUMMARY for Jun 2021 NAME: Cabrera de Mar, Barcelona ELEV: 9 meters LAT: 41-30.33 N LONG: 002-24.07 E TEMPERATURE (C), RAIN (mm), WIND SPEED (m/s) HEAT COOL AVG MEAN DEG DEG WIND DOM DAY TEMP HIGH TIME LOW TIME DAYS DAYS RAIN SPEED HIGH TIME DIR --------------------------------------------------------------------------------------- 01 20.3 24.9 13:53 16.4 06:30 0.0 1.9 0.6 0.9 6.7 19:14 111 02 21.1 24.3 14:55 17.7 04:12 0.0 2.8 0.2 1.2 5.8 21:14 110 03 21.4 24.3 13:27 18.9 06:23 0.0 3.0 0.0 1.3 6.3 12:08 110 04 21.4 24.1 14:59 19.2 04:52 0.0 3.1 0.0 1.3 6.7 12:32 105 05 20.3 22.5 14:35 17.3 06:33 0.0 2.0 0.0 0.9 4.9 02:39 167 06 21.4 24.7 14:11 19.1 23:34 0.0 3.0 1.6 1.8 12.1 17:19 238 07 20.5 23.7 14:27 17.1 05:07 0.0 2.1 0.2 0.9 5.8 14:12 205 08 21.3 25.3 10:40 16.4 05:30 0.0 2.9 0.0 1.5 8.0 17:51 236 09 22.7 26.7 13:17 17.9 06:37 0.0 4.3 0.0 0.9 5.4 16:00 229 10 24.2 28.9 14:28 19.2 06:00 0.0 5.9 0.0 2.2 9.4 17:04 250 11 24.8 29.2 12:30 20.7 07:01 0.0 6.5 0.0 0.8 5.8 14:20 228 12 25.1 29.3 12:57 20.2 07:03 0.0 6.8 0.0 0.8 5.4 12:25 223 13 26.7 30.2 11:54 23.3 05:45 0.0 8.3 0.0 1.7 8.9 16:27 248 14 26.4 28.8 13:14 23.3 06:50 0.0 8.1 0.0 1.1 8.9 02:11 229 15 25.9 29.9 15:17 21.3 05:13 0.0 7.6 0.0 1.0 6.3 17:29 225 16 25.1 29.4 12:35 22.4 05:25 0.0 6.8 0.0 1.1 5.4 19:05 109 17 25.1 27.4 12:40 23.7 00:00 0.0 6.8 0.0 2.0 10.7 08:49 93 18 23.9 26.6 18:05 20.2 05:38 0.0 5.6 0.0 1.1 5.8 19:32 161 19 24.1 25.9 13:41 22.0 06:06 0.0 5.7 0.0 1.0 7.6 19:41 205 20 24.6 29.7 14:03 22.2 00:35 0.0 6.3 0.4 2.4 11.6 11:54 265 21 24.8 29.4 10:32 21.2 06:21 0.0 6.5 0.0 2.8 9.4 13:36 261 22 22.4 25.5 14:39 19.8 03:50 0.0 4.1 0.0 1.2 4.9 14:19 135 23 21.8 25.7 15:46 18.6 04:59 0.0 3.5 0.0 2.2 12.1 11:23 291 24 21.6 25.8 14:05 17.0 06:34 0.0 3.3 0.0 1.3 6.7 14:17 125 25 22.5 26.3 15:43 18.6 06:50 0.0 4.2 0.0 2.0 8.5 13:38 223 26 23.2 26.2 13:46 19.7 06:57 0.0 4.9 0.0 2.3 9.4 16:33 243 27 23.9 26.6 16:50 20.8 03:35 0.0 5.6 0.0 1.5 6.3 10:49 233 28 23.1 25.7 14:07 18.9 06:18 0.0 4.7 0.0 1.5 7.2 20:46 147 29 23.0 25.4 12:30 20.8 05:59 0.0 4.6 0.0 1.5 6.3 13:09 173 30 23.5 26.0 17:14 21.3 06:17 0.0 5.1 0.0 1.9 8.0 17:57 215 --------------------------------------------------------------------------------------- 23.2 30.2 13 16.4 01 0.0 146.1 3.0 1.5 12.1 06 210