NOAA-Style Climate Reports

NOAA style reports
2022: Jan | Feb | Mar | Apr | May | Jun | Jul | Aug | Sep | Oct | Nov | Dec 
2021: Jan | Feb | Mar | Apr | May | Jun | Jul | Aug | Sep | Oct | Nov | Dec 
2020: Jan | Feb | Mar | Apr | May | Jun | Jul | Aug | Sep | Oct | Nov | Dec 
2019: Jan | Feb | Mar | Apr | May | Jun | Jul | Aug | Sep | Oct | Nov | Dec 
2018: Jan | Feb | Mar | Apr | May | Jun | Jul | Aug | Sep | Oct | Nov | Dec 
2017: Jan | Feb | Mar | Apr | May | Jun | Jul | Aug | Sep | Oct | Nov | Dec 
2016: Jan | Feb | Mar | Apr | May | Jun | Jul | Aug | Sep | Oct | Nov | Dec 
2015: Jan | Feb | Mar | Apr | May | Jun | Jul | Aug | Sep | Oct | Nov | Dec 
2014: Jan | Feb | Mar | Apr | May | Jun | Jul | Aug | Sep | Oct | Nov | Dec 
2013: Jan | Feb | Mar | Apr | May | Jun | Jul | Aug | Sep | Oct | Nov | Dec 
2012: Jan | Feb | Mar | Apr | May | Jun | Jul | Aug | Sep | Oct | Nov | Dec 
2011: Jan | Feb | Mar | Apr | May | Jun | Jul | Aug | Sep | Oct | Nov | Dec 
2010: Jan | Feb | Mar | Apr | May | Jun | Jul | Aug | Sep | Oct | Nov | Dec 
2009: Jan | Feb | Mar | Apr | May | Jun | Jul | Aug | Sep | Oct | Nov | Dec 
2008: Jan | Feb | Mar | Apr | May | Jun | Jul | Aug | Sep | Oct | Nov | Dec 
2007: Jan | Feb | Mar | Apr | May | Jun | Jul | Aug | Sep | Oct | Nov | Dec 
2006: Jan | Feb | Mar | Apr | May | Jun | Jul | Aug | Sep | Oct | Nov | Dec 
2005: Jan | Feb | Mar | Apr | May | Jun | Jul | Aug | Sep | Oct | Nov | Dec 

Report for 2021 01
MONTHLY CLIMATOLOGICAL SUMMARY for Jan 2021 NAME: Cabrera de Mar, Barcelona ELEV: 9 meters LAT: 41-30.33 N LONG: 002-24.07 E TEMPERATURE (C), RAIN (mm), WIND SPEED (m/s) HEAT COOL AVG MEAN DEG DEG WIND DOM DAY TEMP HIGH TIME LOW TIME DAYS DAYS RAIN SPEED HIGH TIME DIR --------------------------------------------------------------------------------------- 01 8.5 10.6 14:27 5.7 06:17 9.8 0.0 0.2 0.9 7.6 11:11 32 02 7.5 11.6 13:16 4.9 08:11 10.8 0.0 0.0 0.8 7.6 05:36 340 03 6.7 11.7 15:28 3.9 09:12 11.6 0.0 0.0 0.9 6.7 04:49 327 04 6.1 11.4 14:57 2.9 02:53 12.2 0.0 0.0 1.4 8.5 13:02 306 05 5.5 10.1 14:03 2.1 04:24 12.8 0.0 0.2 0.5 6.3 18:20 256 06 5.7 10.4 13:59 1.4 08:25 12.6 0.0 2.2 0.6 5.4 23:14 57 07 6.4 8.2 12:09 5.1 08:50 11.9 0.0 0.2 0.5 5.8 00:01 49 08 5.6 8.7 14:27 1.9 08:17 12.7 0.0 0.0 0.4 7.2 23:55 49 09 6.5 7.3 21:47 4.9 03:56 11.8 0.0 5.4 5.6 17.4 20:17 58 10 7.8 9.6 11:40 6.6 23:23 10.6 0.0 0.4 3.2 16.5 04:03 53 11 6.7 10.7 15:07 4.2 23:33 11.6 0.0 0.0 0.8 5.8 14:40 320 12 6.5 11.6 14:28 2.3 07:57 11.8 0.0 0.0 1.1 9.4 09:11 324 13 8.1 15.6 14:51 2.9 08:22 10.3 0.0 0.0 0.6 6.7 17:51 314 14 7.3 13.7 13:39 2.7 07:34 11.0 0.0 0.0 0.7 8.9 18:30 325 15 7.6 12.8 12:30 2.1 07:00 10.8 0.0 0.0 0.4 4.9 16:40 84 16 9.0 14.9 14:58 4.1 07:46 9.4 0.0 0.0 0.8 7.6 13:35 311 17 10.2 15.6 14:10 5.3 07:02 8.2 0.0 0.0 0.6 4.5 01:41 295 18 10.0 13.2 14:56 7.4 08:21 8.3 0.0 0.0 0.4 4.9 05:03 280 19 11.1 16.1 13:21 7.2 09:01 7.2 0.0 0.0 1.9 8.9 14:37 273 20 12.1 14.0 13:38 10.2 00:09 6.3 0.0 0.0 1.7 8.5 18:16 266 21 13.2 17.3 14:03 8.5 07:15 5.1 0.0 0.0 2.4 11.6 15:43 284 22 13.1 16.2 13:34 9.6 23:53 5.2 0.0 4.4 4.1 24.6 09:38 299 23 11.4 15.3 14:04 5.9 06:21 6.9 0.0 0.0 3.4 14.8 16:33 295 24 12.9 16.1 16:38 11.1 09:24 5.5 0.0 0.0 3.6 17.9 05:45 297 25 12.3 16.1 14:05 10.2 23:59 6.1 0.0 0.0 3.3 16.5 04:29 326 26 10.1 12.5 17:26 7.4 23:56 8.2 0.0 0.2 0.5 6.7 17:29 236 27 10.1 13.7 11:49 6.7 00:51 8.2 0.0 0.0 0.3 4.5 01:40 119 28 12.3 16.9 12:30 8.9 01:50 6.0 0.0 0.0 0.3 5.4 08:18 80 29 14.2 22.6 13:41 9.9 01:12 4.2 0.0 0.2 0.6 8.0 13:51 355 30 14.3 20.2 14:36 9.9 23:55 4.0 0.0 1.2 2.2 13.4 10:00 303 31 13.8 19.1 16:17 8.5 01:24 4.5 0.0 0.0 4.3 18.3 07:58 331 --------------------------------------------------------------------------------------- 9.4 22.6 29 1.4 06 275.7 0.0 14.6 1.6 24.6 22 326