NOAA-Style Climate Reports

NOAA style reports
2022: Jan | Feb | Mar | Apr | May | Jun | Jul | Aug | Sep | Oct | Nov | Dec 
2021: Jan | Feb | Mar | Apr | May | Jun | Jul | Aug | Sep | Oct | Nov | Dec 
2020: Jan | Feb | Mar | Apr | May | Jun | Jul | Aug | Sep | Oct | Nov | Dec 
2019: Jan | Feb | Mar | Apr | May | Jun | Jul | Aug | Sep | Oct | Nov | Dec 
2018: Jan | Feb | Mar | Apr | May | Jun | Jul | Aug | Sep | Oct | Nov | Dec 
2017: Jan | Feb | Mar | Apr | May | Jun | Jul | Aug | Sep | Oct | Nov | Dec 
2016: Jan | Feb | Mar | Apr | May | Jun | Jul | Aug | Sep | Oct | Nov | Dec 
2015: Jan | Feb | Mar | Apr | May | Jun | Jul | Aug | Sep | Oct | Nov | Dec 
2014: Jan | Feb | Mar | Apr | May | Jun | Jul | Aug | Sep | Oct | Nov | Dec 
2013: Jan | Feb | Mar | Apr | May | Jun | Jul | Aug | Sep | Oct | Nov | Dec 
2012: Jan | Feb | Mar | Apr | May | Jun | Jul | Aug | Sep | Oct | Nov | Dec 
2011: Jan | Feb | Mar | Apr | May | Jun | Jul | Aug | Sep | Oct | Nov | Dec 
2010: Jan | Feb | Mar | Apr | May | Jun | Jul | Aug | Sep | Oct | Nov | Dec 
2009: Jan | Feb | Mar | Apr | May | Jun | Jul | Aug | Sep | Oct | Nov | Dec 
2008: Jan | Feb | Mar | Apr | May | Jun | Jul | Aug | Sep | Oct | Nov | Dec 
2007: Jan | Feb | Mar | Apr | May | Jun | Jul | Aug | Sep | Oct | Nov | Dec 
2006: Jan | Feb | Mar | Apr | May | Jun | Jul | Aug | Sep | Oct | Nov | Dec 
2005: Jan | Feb | Mar | Apr | May | Jun | Jul | Aug | Sep | Oct | Nov | Dec 

Report for 2020 11
MONTHLY CLIMATOLOGICAL SUMMARY for Nov 2020 NAME: Cabrera de Mar, Barcelona ELEV: 9 meters LAT: 41-30.33 N LONG: 002-24.07 E TEMPERATURE (C), RAIN (mm), WIND SPEED (m/s) HEAT COOL AVG MEAN DEG DEG WIND DOM DAY TEMP HIGH TIME LOW TIME DAYS DAYS RAIN SPEED HIGH TIME DIR --------------------------------------------------------------------------------------- 01 16.9 21.3 14:12 12.0 07:36 1.4 0.0 0.2 1.0 7.2 11:52 251 02 17.4 21.3 12:06 12.5 07:36 0.9 0.0 0.2 1.8 9.8 12:55 252 03 17.4 18.8 13:10 15.5 07:39 0.9 0.0 0.0 0.5 5.8 00:03 81 04 14.9 16.7 16:32 12.1 21:57 3.5 0.0 3.4 0.4 4.9 12:08 41 05 16.5 19.9 13:32 12.2 00:54 1.8 0.0 0.0 2.5 8.9 20:33 70 06 18.2 19.6 15:17 16.1 05:03 0.2 0.0 0.6 2.9 8.9 12:14 78 07 17.9 19.5 16:21 15.0 23:51 0.4 0.0 4.2 2.6 14.3 11:55 85 08 16.1 20.5 14:45 12.0 07:40 2.3 0.0 0.2 1.0 5.8 12:46 260 09 15.2 20.3 15:27 10.6 07:29 3.1 0.0 0.0 0.9 6.3 14:51 260 10 16.0 20.5 13:36 11.8 06:59 2.3 0.0 0.2 0.6 4.9 12:43 240 11 15.7 20.3 13:58 11.3 07:41 2.7 0.0 0.0 1.7 10.3 15:48 260 12 15.2 18.6 14:00 12.5 07:38 3.1 0.0 0.0 0.6 4.9 02:05 339 13 15.0 19.1 15:02 10.8 07:17 3.3 0.0 0.2 0.2 2.7 14:37 228 14 16.2 19.7 13:17 12.6 07:49 2.1 0.0 0.0 0.5 4.5 13:22 239 15 17.1 20.7 14:26 13.3 05:09 1.2 0.0 0.2 2.1 10.3 15:19 261 16 16.8 18.8 14:23 15.3 06:04 1.5 0.0 0.0 0.5 4.9 02:51 217 17 15.2 18.1 12:45 12.4 08:01 3.1 0.0 0.0 0.6 4.5 12:51 226 18 14.6 18.2 13:31 11.6 07:23 3.7 0.0 0.2 0.3 2.7 14:30 138 19 15.2 23.6 13:38 10.6 06:41 3.1 0.0 0.2 0.9 7.6 13:46 259 20 13.4 16.9 14:49 10.2 23:56 5.0 0.0 0.0 1.0 8.9 02:43 324 21 11.1 17.3 13:27 6.4 08:08 7.3 0.0 0.0 1.1 8.0 11:55 98 22 10.4 15.3 13:23 5.7 07:18 8.0 0.0 0.0 0.5 2.7 12:55 42 23 12.4 18.4 13:44 7.7 07:25 6.0 0.0 0.0 0.9 7.2 14:08 261 24 12.7 17.9 11:39 7.1 07:24 5.6 0.0 0.0 1.2 7.2 12:30 261 25 14.4 17.9 14:17 11.1 04:08 4.0 0.0 1.6 0.4 5.4 16:25 201 26 16.0 18.9 14:02 13.9 01:11 2.4 0.0 1.4 1.7 7.2 21:52 81 27 16.0 17.7 13:16 13.2 20:27 2.3 0.0 7.6 3.4 13.4 19:43 79 28 13.8 15.3 15:57 12.1 08:41 4.6 0.0 15.0 3.7 12.1 10:09 50 29 15.8 20.6 12:21 12.9 08:40 2.5 0.0 0.2 1.6 9.4 00:25 24 30 13.3 15.9 13:27 9.5 07:55 5.0 0.0 0.0 0.4 3.1 00:00 128 --------------------------------------------------------------------------------------- 15.2 23.6 19 5.7 22 93.1 0.0 35.6 1.2 14.3 07 55