NOAA-Style Climate Reports

NOAA style reports
2022: Jan | Feb | Mar | Apr | May | Jun | Jul | Aug | Sep | Oct | Nov | Dec 
2021: Jan | Feb | Mar | Apr | May | Jun | Jul | Aug | Sep | Oct | Nov | Dec 
2020: Jan | Feb | Mar | Apr | May | Jun | Jul | Aug | Sep | Oct | Nov | Dec 
2019: Jan | Feb | Mar | Apr | May | Jun | Jul | Aug | Sep | Oct | Nov | Dec 
2018: Jan | Feb | Mar | Apr | May | Jun | Jul | Aug | Sep | Oct | Nov | Dec 
2017: Jan | Feb | Mar | Apr | May | Jun | Jul | Aug | Sep | Oct | Nov | Dec 
2016: Jan | Feb | Mar | Apr | May | Jun | Jul | Aug | Sep | Oct | Nov | Dec 
2015: Jan | Feb | Mar | Apr | May | Jun | Jul | Aug | Sep | Oct | Nov | Dec 
2014: Jan | Feb | Mar | Apr | May | Jun | Jul | Aug | Sep | Oct | Nov | Dec 
2013: Jan | Feb | Mar | Apr | May | Jun | Jul | Aug | Sep | Oct | Nov | Dec 
2012: Jan | Feb | Mar | Apr | May | Jun | Jul | Aug | Sep | Oct | Nov | Dec 
2011: Jan | Feb | Mar | Apr | May | Jun | Jul | Aug | Sep | Oct | Nov | Dec 
2010: Jan | Feb | Mar | Apr | May | Jun | Jul | Aug | Sep | Oct | Nov | Dec 
2009: Jan | Feb | Mar | Apr | May | Jun | Jul | Aug | Sep | Oct | Nov | Dec 
2008: Jan | Feb | Mar | Apr | May | Jun | Jul | Aug | Sep | Oct | Nov | Dec 
2007: Jan | Feb | Mar | Apr | May | Jun | Jul | Aug | Sep | Oct | Nov | Dec 
2006: Jan | Feb | Mar | Apr | May | Jun | Jul | Aug | Sep | Oct | Nov | Dec 
2005: Jan | Feb | Mar | Apr | May | Jun | Jul | Aug | Sep | Oct | Nov | Dec 

Report for 2020 09
MONTHLY CLIMATOLOGICAL SUMMARY for Sep 2020 NAME: Cabrera de Mar, Barcelona ELEV: 9 meters LAT: 41-30.33 N LONG: 002-24.07 E TEMPERATURE (C), RAIN (mm), WIND SPEED (m/s) HEAT COOL AVG MEAN DEG DEG WIND DOM DAY TEMP HIGH TIME LOW TIME DAYS DAYS RAIN SPEED HIGH TIME DIR --------------------------------------------------------------------------------------- 01 22.2 25.4 11:57 17.5 07:24 0.0 3.9 17.8 1.4 8.9 23:14 116 02 22.6 26.7 14:20 18.1 07:22 0.0 4.3 0.0 2.1 11.2 16:00 246 03 23.7 26.8 13:13 19.9 05:51 0.0 5.3 0.0 1.4 6.7 14:16 188 04 24.2 27.2 15:35 20.5 06:04 0.0 5.9 0.0 1.0 4.9 06:40 154 05 24.5 27.6 14:38 21.0 05:56 0.0 6.2 0.0 1.2 5.4 11:37 229 06 24.4 27.9 14:27 20.8 06:27 0.0 6.1 3.8 1.9 8.0 17:37 173 07 20.2 24.4 12:08 17.2 08:13 0.0 1.9 15.4 1.8 8.5 18:41 251 08 21.1 28.0 13:57 15.7 05:12 0.0 2.7 0.0 2.0 10.7 16:44 58 09 21.7 24.9 14:45 19.2 07:17 0.0 3.4 6.4 1.4 6.7 02:58 80 10 21.8 27.7 12:14 17.6 07:10 0.0 3.5 2.0 1.0 7.6 13:54 250 11 24.2 28.8 16:05 20.3 05:23 0.0 5.9 0.0 0.9 7.6 01:17 225 12 24.3 30.3 14:51 19.1 07:37 0.0 6.0 0.0 0.7 4.9 14:51 243 13 24.7 29.2 12:52 21.0 06:10 0.0 6.4 0.0 0.8 4.5 10:36 211 14 23.5 27.3 13:15 19.6 07:55 0.0 5.1 0.0 0.9 4.5 16:28 219 15 24.2 28.2 14:49 19.8 07:38 0.0 5.8 0.0 1.5 6.3 13:07 246 16 24.3 27.4 16:28 20.7 07:47 0.0 6.0 0.0 1.0 6.3 17:42 224 17 24.4 28.3 15:53 20.3 06:40 0.0 6.1 0.0 1.1 6.3 18:46 245 18 23.8 27.7 16:35 20.6 06:08 0.0 5.5 0.6 0.8 9.4 14:11 7 19 24.2 27.8 15:16 21.3 07:07 0.0 5.9 0.6 1.4 8.0 18:28 246 20 23.6 27.4 14:21 18.9 07:42 0.0 5.2 0.0 2.0 8.0 13:40 257 21 21.6 22.9 16:00 19.2 23:50 0.0 3.2 5.2 0.5 4.9 11:33 62 22 21.7 25.1 14:14 18.7 05:55 0.0 3.4 0.6 1.1 11.2 16:36 217 23 22.5 27.1 15:34 18.5 04:23 0.0 4.2 0.0 1.9 10.3 18:38 251 24 23.0 27.1 13:48 19.1 07:22 0.0 4.7 0.0 2.3 11.6 16:54 263 25 21.1 24.6 14:28 15.9 23:53 0.0 2.7 0.0 4.6 16.1 14:49 299 26 17.6 21.1 18:57 13.0 08:15 0.7 0.0 0.2 3.0 13.9 23:36 300 27 16.7 21.0 12:17 10.1 07:59 1.6 0.0 2.2 1.4 9.4 00:00 342 28 18.3 21.9 16:38 14.8 06:37 0.0 0.0 0.0 1.1 5.8 08:12 287 29 19.7 24.1 13:56 16.1 07:04 0.0 1.4 0.0 1.0 6.3 17:09 110 30 19.7 24.1 15:31 14.6 07:13 0.0 1.4 0.0 1.5 8.0 15:59 248 --------------------------------------------------------------------------------------- 22.3 30.3 12 10.1 27 2.4 122.0 54.8 1.5 16.1 25 257