NOAA-Style Climate Reports

NOAA style reports
2022: Jan | Feb | Mar | Apr | May | Jun | Jul | Aug | Sep | Oct | Nov | Dec 
2021: Jan | Feb | Mar | Apr | May | Jun | Jul | Aug | Sep | Oct | Nov | Dec 
2020: Jan | Feb | Mar | Apr | May | Jun | Jul | Aug | Sep | Oct | Nov | Dec 
2019: Jan | Feb | Mar | Apr | May | Jun | Jul | Aug | Sep | Oct | Nov | Dec 
2018: Jan | Feb | Mar | Apr | May | Jun | Jul | Aug | Sep | Oct | Nov | Dec 
2017: Jan | Feb | Mar | Apr | May | Jun | Jul | Aug | Sep | Oct | Nov | Dec 
2016: Jan | Feb | Mar | Apr | May | Jun | Jul | Aug | Sep | Oct | Nov | Dec 
2015: Jan | Feb | Mar | Apr | May | Jun | Jul | Aug | Sep | Oct | Nov | Dec 
2014: Jan | Feb | Mar | Apr | May | Jun | Jul | Aug | Sep | Oct | Nov | Dec 
2013: Jan | Feb | Mar | Apr | May | Jun | Jul | Aug | Sep | Oct | Nov | Dec 
2012: Jan | Feb | Mar | Apr | May | Jun | Jul | Aug | Sep | Oct | Nov | Dec 
2011: Jan | Feb | Mar | Apr | May | Jun | Jul | Aug | Sep | Oct | Nov | Dec 
2010: Jan | Feb | Mar | Apr | May | Jun | Jul | Aug | Sep | Oct | Nov | Dec 
2009: Jan | Feb | Mar | Apr | May | Jun | Jul | Aug | Sep | Oct | Nov | Dec 
2008: Jan | Feb | Mar | Apr | May | Jun | Jul | Aug | Sep | Oct | Nov | Dec 
2007: Jan | Feb | Mar | Apr | May | Jun | Jul | Aug | Sep | Oct | Nov | Dec 
2006: Jan | Feb | Mar | Apr | May | Jun | Jul | Aug | Sep | Oct | Nov | Dec 
2005: Jan | Feb | Mar | Apr | May | Jun | Jul | Aug | Sep | Oct | Nov | Dec 

Report for 2020 08
MONTHLY CLIMATOLOGICAL SUMMARY for Aug 2020 NAME: Cabrera de Mar, Barcelona ELEV: 9 meters LAT: 41-30.33 N LONG: 002-24.07 E TEMPERATURE (C), RAIN (mm), WIND SPEED (m/s) HEAT COOL AVG MEAN DEG DEG WIND DOM DAY TEMP HIGH TIME LOW TIME DAYS DAYS RAIN SPEED HIGH TIME DIR --------------------------------------------------------------------------------------- 01 27.5 31.6 17:37 22.9 06:38 0.0 9.1 0.0 1.3 4.9 17:54 201 02 27.7 31.0 13:29 24.4 07:09 0.0 9.3 0.6 2.2 8.5 15:43 203 03 24.2 27.4 14:33 19.2 08:53 0.0 5.9 8.8 1.9 8.5 00:34 214 04 24.6 26.7 14:29 21.9 09:23 0.0 6.3 0.2 2.6 9.4 16:44 222 05 25.3 28.6 16:37 22.6 06:42 0.0 7.0 0.0 1.3 6.3 18:31 151 06 26.0 29.3 14:12 22.0 06:19 0.0 7.7 0.0 1.5 7.6 08:12 209 07 26.3 29.8 14:19 20.9 06:39 0.0 8.0 0.0 2.3 11.2 13:43 253 08 26.3 30.1 16:45 22.0 07:03 0.0 8.0 0.0 1.6 7.6 15:29 248 09 26.8 29.2 19:38 23.7 06:57 0.0 8.5 0.0 1.2 8.5 20:32 189 10 26.9 29.8 14:07 22.9 07:56 0.0 8.6 0.0 1.6 7.6 18:46 245 11 26.8 29.8 13:48 23.3 06:12 0.0 8.4 0.0 1.0 4.5 11:44 173 12 28.0 32.2 15:20 24.5 00:00 0.0 9.7 0.0 2.2 9.4 20:50 188 13 27.2 29.8 16:00 24.5 07:50 0.0 8.8 0.0 1.3 5.8 16:10 157 14 26.6 28.9 14:31 24.4 06:30 0.0 8.3 0.0 1.6 6.7 00:40 213 15 26.8 30.3 15:40 23.4 06:26 0.0 8.5 0.0 2.3 8.9 11:20 238 16 26.1 29.2 13:30 23.3 23:45 0.0 7.8 1.6 1.5 6.3 10:05 138 17 25.6 28.6 13:43 21.6 07:36 0.0 7.2 0.0 1.4 5.8 13:36 220 18 26.0 28.2 12:51 23.7 06:26 0.0 7.6 0.0 1.0 5.4 06:54 103 19 26.6 30.3 14:13 21.9 07:34 0.0 8.3 0.0 2.4 9.8 14:26 242 20 26.9 30.2 15:06 22.3 06:39 0.0 8.6 0.0 1.4 5.8 12:20 213 21 27.4 30.1 14:31 24.8 07:19 0.0 9.1 0.0 1.3 4.9 13:58 113 22 27.9 30.6 15:04 25.8 23:58 0.0 9.6 0.0 1.3 6.3 14:17 197 23 25.5 27.7 16:12 23.7 02:18 0.0 7.1 0.0 1.9 9.8 16:38 219 24 25.8 28.4 14:42 23.4 07:05 0.0 7.5 0.0 1.8 8.0 15:42 220 25 26.6 30.8 15:18 22.1 05:24 0.0 8.3 0.0 3.0 11.6 14:51 252 26 27.1 30.9 16:07 22.9 07:05 0.0 8.7 0.0 1.7 7.6 17:06 236 27 26.9 29.8 13:59 23.7 06:26 0.0 8.6 0.0 1.4 7.2 16:56 220 28 26.5 29.6 14:17 23.8 23:29 0.0 8.2 0.0 2.0 10.7 19:44 156 29 20.1 24.1 00:55 17.5 23:57 0.0 1.7 11.4 1.3 10.3 05:54 41 30 19.8 24.8 11:47 15.8 07:21 0.0 1.5 9.8 2.5 12.1 18:10 334 31 20.7 25.6 12:26 14.8 06:41 0.0 2.3 0.2 2.3 12.1 15:27 263 --------------------------------------------------------------------------------------- 25.9 32.2 12 14.8 31 0.0 234.1 32.6 1.7 12.1 30 219