NOAA-Style Climate Reports

NOAA style reports
2022: Jan | Feb | Mar | Apr | May | Jun | Jul | Aug | Sep | Oct | Nov | Dec 
2021: Jan | Feb | Mar | Apr | May | Jun | Jul | Aug | Sep | Oct | Nov | Dec 
2020: Jan | Feb | Mar | Apr | May | Jun | Jul | Aug | Sep | Oct | Nov | Dec 
2019: Jan | Feb | Mar | Apr | May | Jun | Jul | Aug | Sep | Oct | Nov | Dec 
2018: Jan | Feb | Mar | Apr | May | Jun | Jul | Aug | Sep | Oct | Nov | Dec 
2017: Jan | Feb | Mar | Apr | May | Jun | Jul | Aug | Sep | Oct | Nov | Dec 
2016: Jan | Feb | Mar | Apr | May | Jun | Jul | Aug | Sep | Oct | Nov | Dec 
2015: Jan | Feb | Mar | Apr | May | Jun | Jul | Aug | Sep | Oct | Nov | Dec 
2014: Jan | Feb | Mar | Apr | May | Jun | Jul | Aug | Sep | Oct | Nov | Dec 
2013: Jan | Feb | Mar | Apr | May | Jun | Jul | Aug | Sep | Oct | Nov | Dec 
2012: Jan | Feb | Mar | Apr | May | Jun | Jul | Aug | Sep | Oct | Nov | Dec 
2011: Jan | Feb | Mar | Apr | May | Jun | Jul | Aug | Sep | Oct | Nov | Dec 
2010: Jan | Feb | Mar | Apr | May | Jun | Jul | Aug | Sep | Oct | Nov | Dec 
2009: Jan | Feb | Mar | Apr | May | Jun | Jul | Aug | Sep | Oct | Nov | Dec 
2008: Jan | Feb | Mar | Apr | May | Jun | Jul | Aug | Sep | Oct | Nov | Dec 
2007: Jan | Feb | Mar | Apr | May | Jun | Jul | Aug | Sep | Oct | Nov | Dec 
2006: Jan | Feb | Mar | Apr | May | Jun | Jul | Aug | Sep | Oct | Nov | Dec 
2005: Jan | Feb | Mar | Apr | May | Jun | Jul | Aug | Sep | Oct | Nov | Dec 

Report for 2020 06
MONTHLY CLIMATOLOGICAL SUMMARY for Jun 2020 NAME: Cabrera de Mar, Barcelona ELEV: 9 meters LAT: 41-30.33 N LONG: 002-24.07 E TEMPERATURE (C), RAIN (mm), WIND SPEED (m/s) HEAT COOL AVG MEAN DEG DEG WIND DOM DAY TEMP HIGH TIME LOW TIME DAYS DAYS RAIN SPEED HIGH TIME DIR --------------------------------------------------------------------------------------- 01 21.3 24.4 15:02 18.7 07:00 0.0 3.0 2.2 0.8 4.9 16:23 162 02 20.7 24.1 14:44 16.4 06:21 0.0 2.4 0.0 1.0 5.4 16:38 205 03 22.1 25.5 14:42 19.5 23:57 0.0 3.8 6.2 2.4 8.5 16:00 246 04 19.2 21.7 14:39 15.3 23:56 0.0 0.9 1.6 1.9 11.6 19:50 258 05 18.5 22.1 18:10 13.8 06:10 0.0 0.2 0.2 1.1 5.8 08:30 136 06 20.7 24.2 15:00 16.4 05:53 0.0 2.4 0.0 1.2 6.3 12:20 115 07 19.9 22.9 15:51 16.7 22:51 0.0 1.6 2.6 1.7 8.9 23:33 81 08 17.9 21.6 15:32 16.4 22:35 0.4 0.0 0.0 1.6 8.9 00:02 252 09 17.8 22.1 13:52 14.2 06:39 0.5 0.0 5.4 1.3 10.7 16:47 108 10 18.3 21.9 15:13 13.5 06:29 0.0 0.0 0.0 1.0 5.4 13:59 185 11 19.9 23.6 16:53 16.6 06:16 0.0 1.6 0.0 0.6 4.5 16:49 112 12 22.5 26.9 12:13 19.9 06:02 0.0 4.2 0.0 2.8 11.2 15:04 246 13 21.2 28.8 16:35 16.4 07:30 0.0 2.9 0.4 2.6 11.2 15:11 236 14 21.0 24.1 14:32 16.7 06:41 0.0 2.6 0.0 1.5 7.6 17:50 234 15 21.2 24.9 13:18 17.0 05:59 0.0 2.9 0.0 1.7 8.5 13:04 227 16 20.0 21.9 13:35 18.4 08:37 0.0 1.6 3.4 1.4 8.5 14:51 304 17 20.1 23.3 16:03 16.6 05:28 0.0 1.7 0.0 1.3 5.4 11:02 136 18 19.3 21.6 12:46 16.3 10:36 0.0 0.9 6.8 1.4 7.6 10:13 97 19 20.3 23.3 17:28 16.4 06:24 0.0 1.9 0.0 1.3 6.3 18:36 227 20 21.7 24.9 17:36 17.9 06:26 0.0 3.4 0.2 1.6 8.0 18:20 229 21 22.6 25.5 16:48 18.6 06:17 0.0 4.3 0.0 1.3 7.6 16:17 220 22 23.1 26.2 14:20 20.6 03:45 0.0 4.8 0.0 1.0 5.8 14:35 202 23 23.8 26.8 16:28 21.0 04:27 0.0 5.5 0.0 2.1 9.8 15:36 242 24 23.5 27.4 16:12 19.1 06:37 0.0 5.2 0.0 1.5 6.7 11:01 233 25 24.3 27.2 17:39 20.8 07:10 0.0 6.0 0.0 0.9 4.9 20:27 172 26 24.6 28.2 15:36 20.8 06:51 0.0 6.3 0.0 0.8 4.0 12:30 171 27 24.7 27.3 14:41 22.2 02:06 0.0 6.4 0.0 1.0 4.5 13:43 159 28 25.1 28.1 15:41 21.6 06:59 0.0 6.7 0.0 1.5 7.6 16:38 224 29 25.0 28.3 14:16 21.8 06:07 0.0 6.7 0.0 1.6 5.8 16:48 192 30 25.1 27.4 16:40 23.8 06:45 0.0 6.8 0.0 1.7 6.7 14:41 225 --------------------------------------------------------------------------------------- 21.5 28.8 13 13.5 10 0.9 96.5 29.0 1.5 11.6 04 217