NOAA-Style Climate Reports

NOAA style reports
2022: Jan | Feb | Mar | Apr | May | Jun | Jul | Aug | Sep | Oct | Nov | Dec 
2021: Jan | Feb | Mar | Apr | May | Jun | Jul | Aug | Sep | Oct | Nov | Dec 
2020: Jan | Feb | Mar | Apr | May | Jun | Jul | Aug | Sep | Oct | Nov | Dec 
2019: Jan | Feb | Mar | Apr | May | Jun | Jul | Aug | Sep | Oct | Nov | Dec 
2018: Jan | Feb | Mar | Apr | May | Jun | Jul | Aug | Sep | Oct | Nov | Dec 
2017: Jan | Feb | Mar | Apr | May | Jun | Jul | Aug | Sep | Oct | Nov | Dec 
2016: Jan | Feb | Mar | Apr | May | Jun | Jul | Aug | Sep | Oct | Nov | Dec 
2015: Jan | Feb | Mar | Apr | May | Jun | Jul | Aug | Sep | Oct | Nov | Dec 
2014: Jan | Feb | Mar | Apr | May | Jun | Jul | Aug | Sep | Oct | Nov | Dec 
2013: Jan | Feb | Mar | Apr | May | Jun | Jul | Aug | Sep | Oct | Nov | Dec 
2012: Jan | Feb | Mar | Apr | May | Jun | Jul | Aug | Sep | Oct | Nov | Dec 
2011: Jan | Feb | Mar | Apr | May | Jun | Jul | Aug | Sep | Oct | Nov | Dec 
2010: Jan | Feb | Mar | Apr | May | Jun | Jul | Aug | Sep | Oct | Nov | Dec 
2009: Jan | Feb | Mar | Apr | May | Jun | Jul | Aug | Sep | Oct | Nov | Dec 
2008: Jan | Feb | Mar | Apr | May | Jun | Jul | Aug | Sep | Oct | Nov | Dec 
2007: Jan | Feb | Mar | Apr | May | Jun | Jul | Aug | Sep | Oct | Nov | Dec 
2006: Jan | Feb | Mar | Apr | May | Jun | Jul | Aug | Sep | Oct | Nov | Dec 
2005: Jan | Feb | Mar | Apr | May | Jun | Jul | Aug | Sep | Oct | Nov | Dec 

Report for 2020 05
MONTHLY CLIMATOLOGICAL SUMMARY for May 2020 NAME: Cabrera de Mar, Barcelona ELEV: 9 meters LAT: 41-33.89 N LONG: 002-24.07 E TEMPERATURE (C), RAIN (mm), WIND SPEED (m/s) HEAT COOL AVG MEAN DEG DEG WIND DOM DAY TEMP HIGH TIME LOW TIME DAYS DAYS RAIN SPEED HIGH TIME DIR --------------------------------------------------------------------------------------- 01 21.0 28.9 16:50 14.8 02:40 0.0 2.6 0.0 2.0 15.2 14:30 60 02 18.8 22.3 15:40 15.7 07:20 0.0 0.5 0.0 0.3 5.4 11:30 245 03 19.5 23.7 13:10 15.3 06:20 0.0 1.2 0.0 0.5 4.9 13:10 358 04 19.3 23.3 15:30 15.3 07:00 0.0 1.0 0.0 1.2 6.7 15:20 5 05 19.8 22.3 10:10 17.1 07:20 0.0 1.5 0.0 0.5 7.2 13:20 264 06 19.6 24.1 16:50 15.5 06:50 0.0 1.2 0.0 0.7 5.4 15:30 10 07 20.4 24.1 14:10 17.3 04:00 0.0 2.1 0.0 0.7 5.8 15:10 213 08 19.4 23.4 15:20 15.2 06:50 0.0 1.1 0.0 0.4 3.1 09:40 239 09 18.9 20.6 17:40 17.0 00:40 0.0 0.5 0.2 0.6 7.6 14:50 215 10 18.5 19.8 15:20 16.1 23:10 0.0 0.2 2.6 1.9 12.1 14:20 340 11 20.1 26.6 17:00 15.5 07:00 0.0 1.7 0.0 3.4 14.8 15:30 45 12 17.8 20.8 16:50 14.8 04:40 0.5 0.0 0.0 1.2 9.4 19:20 220 13 19.2 22.9 11:10 16.6 02:10 0.0 0.8 0.6 2.4 9.8 15:40 34 14 17.0 19.1 10:40 13.9 23:00 1.3 0.0 10.4 1.0 8.9 17:20 234 15 17.4 20.9 16:40 14.2 01:30 0.9 0.0 0.0 0.7 5.8 18:40 246 16 19.1 23.7 14:30 16.4 04:10 0.0 0.7 0.4 1.0 8.5 16:50 121 17 18.9 22.2 13:00 16.4 07:20 0.0 0.6 0.0 0.8 7.2 12:30 4 18 18.8 23.3 17:00 14.1 07:00 0.0 0.4 0.0 0.6 5.4 16:00 350 19 19.9 23.8 16:00 15.0 07:00 0.0 1.6 0.0 0.5 5.4 10:50 320 20 20.5 24.1 16:30 16.4 06:40 0.0 2.2 0.0 0.5 4.9 16:40 343 21 21.7 27.6 14:10 17.1 06:50 0.0 3.4 0.0 1.0 8.9 17:20 12 22 21.5 25.2 14:40 17.3 06:20 0.0 3.2 0.0 0.7 5.8 14:00 356 23 21.4 25.4 14:50 16.4 06:40 0.0 3.1 0.0 1.1 8.0 18:20 115 24 20.6 22.7 12:50 19.3 05:40 0.0 2.3 0.0 1.3 6.3 20:00 163 25 21.2 24.1 13:00 18.7 00:00 0.0 2.9 0.0 1.2 8.0 15:40 209 26 20.9 24.5 13:40 16.1 04:30 0.0 2.6 0.0 0.8 5.4 15:40 192 27 21.6 25.2 15:05 18.2 04:49 0.0 3.3 0.0 1.6 7.6 10:20 80 28 20.4 22.9 15:58 17.9 06:43 0.0 2.0 0.0 1.0 5.4 16:17 198 29 20.1 24.7 13:19 15.7 06:47 0.0 1.8 2.8 1.1 6.7 15:04 232 30 20.1 23.3 13:37 17.3 03:35 0.0 1.8 0.0 1.0 4.9 14:27 186 31 20.7 24.1 14:46 16.8 06:40 0.0 2.3 0.0 1.5 7.6 15:10 222 --------------------------------------------------------------------------------------- 19.8 28.9 01 13.9 14 2.7 48.7 17.0 1.1 15.2 01 17