NOAA-Style Climate Reports

NOAA style reports
2022: Jan | Feb | Mar | Apr | May | Jun | Jul | Aug | Sep | Oct | Nov | Dec 
2021: Jan | Feb | Mar | Apr | May | Jun | Jul | Aug | Sep | Oct | Nov | Dec 
2020: Jan | Feb | Mar | Apr | May | Jun | Jul | Aug | Sep | Oct | Nov | Dec 
2019: Jan | Feb | Mar | Apr | May | Jun | Jul | Aug | Sep | Oct | Nov | Dec 
2018: Jan | Feb | Mar | Apr | May | Jun | Jul | Aug | Sep | Oct | Nov | Dec 
2017: Jan | Feb | Mar | Apr | May | Jun | Jul | Aug | Sep | Oct | Nov | Dec 
2016: Jan | Feb | Mar | Apr | May | Jun | Jul | Aug | Sep | Oct | Nov | Dec 
2015: Jan | Feb | Mar | Apr | May | Jun | Jul | Aug | Sep | Oct | Nov | Dec 
2014: Jan | Feb | Mar | Apr | May | Jun | Jul | Aug | Sep | Oct | Nov | Dec 
2013: Jan | Feb | Mar | Apr | May | Jun | Jul | Aug | Sep | Oct | Nov | Dec 
2012: Jan | Feb | Mar | Apr | May | Jun | Jul | Aug | Sep | Oct | Nov | Dec 
2011: Jan | Feb | Mar | Apr | May | Jun | Jul | Aug | Sep | Oct | Nov | Dec 
2010: Jan | Feb | Mar | Apr | May | Jun | Jul | Aug | Sep | Oct | Nov | Dec 
2009: Jan | Feb | Mar | Apr | May | Jun | Jul | Aug | Sep | Oct | Nov | Dec 
2008: Jan | Feb | Mar | Apr | May | Jun | Jul | Aug | Sep | Oct | Nov | Dec 
2007: Jan | Feb | Mar | Apr | May | Jun | Jul | Aug | Sep | Oct | Nov | Dec 
2006: Jan | Feb | Mar | Apr | May | Jun | Jul | Aug | Sep | Oct | Nov | Dec 
2005: Jan | Feb | Mar | Apr | May | Jun | Jul | Aug | Sep | Oct | Nov | Dec 

Report for 2020 04
MONTHLY CLIMATOLOGICAL SUMMARY for Apr 2020 NAME: Cabrera de Mar, Barcelona ELEV: 9 meters LAT: 41-33.89 N LONG: 002-24.07 E TEMPERATURE (C), RAIN (mm), WIND SPEED (m/s) HEAT COOL AVG MEAN DEG DEG WIND DOM DAY TEMP HIGH TIME LOW TIME DAYS DAYS RAIN SPEED HIGH TIME DIR --------------------------------------------------------------------------------------- 01 11.7 13.1 01:20 10.4 20:40 6.6 0.0 4.2 0.0 0.0 00:10 90 02 12.6 15.8 13:10 10.4 03:00 5.7 0.0 0.0 0.0 0.0 00:10 90 03 12.7 17.1 13:50 7.4 07:00 5.6 0.0 0.0 0.0 0.0 00:10 90 04 12.9 16.6 15:20 8.6 07:40 5.4 0.0 0.0 0.0 0.0 00:10 90 05 12.9 16.9 15:50 7.7 08:00 5.5 0.0 0.0 0.0 0.0 00:10 90 06 13.3 17.4 15:20 9.2 04:20 5.0 0.0 0.0 0.0 0.0 00:10 90 07 14.5 17.9 16:20 11.6 06:20 3.9 0.0 0.0 0.0 0.0 00:10 90 08 15.5 17.9 15:40 12.3 08:00 2.8 0.0 0.0 0.0 0.0 00:10 90 09 14.9 18.2 13:40 11.4 06:30 3.5 0.0 0.0 0.0 0.0 00:10 90 10 14.8 19.1 14:10 9.9 06:40 3.5 0.0 0.0 0.0 0.0 00:10 90 11 15.1 20.1 15:10 10.6 07:40 3.2 0.0 0.0 0.0 0.0 00:10 90 12 15.0 18.9 18:00 10.1 07:00 3.4 0.0 0.0 0.0 0.0 00:10 90 13 14.5 15.8 16:20 13.4 22:30 3.8 0.0 21.6 0.0 0.0 00:10 90 14 15.1 17.3 11:20 12.8 07:40 3.2 0.0 0.0 0.0 0.0 00:10 90 15 15.3 19.1 14:50 10.9 06:30 3.0 0.0 0.2 0.0 0.0 00:10 90 16 16.6 19.4 15:10 14.6 08:00 1.8 0.0 0.0 0.0 0.0 00:10 90 17 16.4 18.8 12:00 13.7 07:50 1.9 0.0 0.0 0.0 0.0 00:10 90 18 17.2 20.9 14:50 15.3 00:20 1.1 0.0 6.0 0.0 0.0 00:10 90 19 16.2 17.0 12:00 15.7 05:00 2.1 0.0 13.6 0.0 0.0 00:10 90 20 16.2 18.9 13:50 14.9 07:10 2.1 0.0 6.0 0.0 0.0 00:10 90 21 15.1 15.9 00:10 14.0 00:00 3.2 0.0 43.0 0.0 0.9 20:10 90 22 13.4 16.9 12:10 -1.0 23:59 5.0 0.0 16.4 0.0 0.1 23:59 358 23 10.0 21.1 12:30 -1.1 00:30 8.3 0.0 5.1 2.5 5.4 22:30 34 24 8.2 21.1 23:17 -1.1 00:30 10.2 0.0 5.1 2.2 5.3 00:00 72 25 10.0 21.1 23:17 -1.1 11:17 8.3 0.0 5.1 3.6 5.4 09:17 43 26 9.7 21.1 23:27 -1.1 11:27 8.6 0.0 5.1 0.9 3.5 23:49 227 27 7.6 21.1 13:52 -1.1 01:52 10.7 0.0 5.1 1.1 4.4 17:19 142 28 9.4 21.1 12:33 -1.1 00:33 8.9 0.0 5.1 1.6 5.1 19:05 82 29 9.8 21.1 20:29 -1.1 08:29 8.5 0.0 5.1 1.3 4.5 00:00 169 30 8.6 21.1 20:29 -1.1 08:29 9.8 0.0 5.1 3.3 5.4 06:29 35 --------------------------------------------------------------------------------------- 13.2 21.1 23 -1.1 23 154.8 0.0 151.6 0.5 5.4 23 52