NOAA-Style Climate Reports

NOAA style reports
2022: Jan | Feb | Mar | Apr | May | Jun | Jul | Aug | Sep | Oct | Nov | Dec 
2021: Jan | Feb | Mar | Apr | May | Jun | Jul | Aug | Sep | Oct | Nov | Dec 
2020: Jan | Feb | Mar | Apr | May | Jun | Jul | Aug | Sep | Oct | Nov | Dec 
2019: Jan | Feb | Mar | Apr | May | Jun | Jul | Aug | Sep | Oct | Nov | Dec 
2018: Jan | Feb | Mar | Apr | May | Jun | Jul | Aug | Sep | Oct | Nov | Dec 
2017: Jan | Feb | Mar | Apr | May | Jun | Jul | Aug | Sep | Oct | Nov | Dec 
2016: Jan | Feb | Mar | Apr | May | Jun | Jul | Aug | Sep | Oct | Nov | Dec 
2015: Jan | Feb | Mar | Apr | May | Jun | Jul | Aug | Sep | Oct | Nov | Dec 
2014: Jan | Feb | Mar | Apr | May | Jun | Jul | Aug | Sep | Oct | Nov | Dec 
2013: Jan | Feb | Mar | Apr | May | Jun | Jul | Aug | Sep | Oct | Nov | Dec 
2012: Jan | Feb | Mar | Apr | May | Jun | Jul | Aug | Sep | Oct | Nov | Dec 
2011: Jan | Feb | Mar | Apr | May | Jun | Jul | Aug | Sep | Oct | Nov | Dec 
2010: Jan | Feb | Mar | Apr | May | Jun | Jul | Aug | Sep | Oct | Nov | Dec 
2009: Jan | Feb | Mar | Apr | May | Jun | Jul | Aug | Sep | Oct | Nov | Dec 
2008: Jan | Feb | Mar | Apr | May | Jun | Jul | Aug | Sep | Oct | Nov | Dec 
2007: Jan | Feb | Mar | Apr | May | Jun | Jul | Aug | Sep | Oct | Nov | Dec 
2006: Jan | Feb | Mar | Apr | May | Jun | Jul | Aug | Sep | Oct | Nov | Dec 
2005: Jan | Feb | Mar | Apr | May | Jun | Jul | Aug | Sep | Oct | Nov | Dec 

Report for 2020 03
MONTHLY CLIMATOLOGICAL SUMMARY for Mar 2020 NAME: Cabrera de Mar, Barcelona ELEV: 9 meters LAT: 41-33.89 N LONG: 002-24.07 E TEMPERATURE (C), RAIN (cm), WIND SPEED (km/h) HEAT COOL AVG MEAN DEG DEG WIND DOM DAY TEMP HIGH TIME LOW TIME DAYS DAYS RAIN SPEED HIGH TIME DIR --------------------------------------------------------------------------------------- 01 16.1 21.4 14:50 12.3 05:50 2.2 0.0 0.00 8.1 49.9 12:30 47 02 15.5 19.7 15:00 10.3 23:40 2.9 0.0 0.22 16.4 70.8 11:30 73 03 11.7 16.1 15:40 7.6 06:40 6.6 0.0 0.00 10.3 46.7 18:50 71 04 11.7 15.2 11:30 7.6 07:20 6.7 0.0 0.00 2.0 33.8 11:00 266 05 15.2 23.3 15:50 10.1 06:30 3.2 0.0 0.00 8.2 61.2 18:00 54 06 12.5 18.5 14:10 9.7 07:20 5.8 0.0 0.00 5.0 54.7 15:00 89 07 11.6 16.1 14:50 6.1 06:00 6.7 0.0 0.00 0.0 0.0 00:10 90 08 12.6 16.6 14:40 8.5 07:50 5.7 0.0 0.00 0.0 0.0 00:10 90 09 12.8 15.9 12:10 10.1 01:50 5.5 0.0 0.00 0.0 0.0 00:10 90 10 13.2 16.3 12:00 10.2 07:50 5.2 0.0 0.00 0.0 25.7 17:10 22 11 13.1 16.2 13:20 9.5 06:00 5.3 0.0 0.00 0.0 6.4 04:20 90 12 12.9 16.4 11:40 9.7 07:10 5.4 0.0 0.00 0.0 4.8 01:40 90 13 13.9 16.9 14:30 10.9 03:50 4.4 0.0 0.02 0.0 0.0 00:10 90 14 14.0 17.0 12:00 11.6 00:00 4.3 0.0 0.00 1.3 20.9 13:30 223 15 13.6 17.0 15:20 9.7 07:20 4.7 0.0 0.00 3.0 24.1 15:30 326 16 13.8 14.9 10:30 12.9 06:00 4.6 0.0 0.98 1.8 27.4 09:00 188 17 14.9 16.8 12:50 11.8 23:50 3.4 0.0 0.02 0.0 0.0 00:10 90 18 12.6 15.3 11:40 9.8 07:00 5.8 0.0 0.00 0.0 0.0 00:10 90 19 12.1 15.4 13:50 8.9 04:30 6.2 0.0 0.00 0.0 0.0 00:10 90 20 12.6 17.3 13:00 7.8 06:10 5.7 0.0 0.02 0.0 0.0 00:10 90 21 13.7 17.6 13:10 9.1 02:40 4.6 0.0 0.00 0.0 0.0 00:10 90 22 14.7 17.9 13:20 11.2 05:30 3.7 0.0 0.02 0.0 0.0 00:10 90 23 14.1 17.9 13:40 12.5 05:40 4.2 0.0 2.20 0.0 0.0 00:10 90 24 12.4 15.4 14:20 9.9 00:00 5.9 0.0 0.00 0.0 0.0 00:10 90 25 10.8 14.9 12:00 8.2 00:00 7.5 0.0 0.00 0.0 0.0 00:10 90 26 9.2 12.5 10:30 5.9 07:00 9.2 0.0 0.00 0.0 0.0 00:10 90 27 10.6 15.6 13:10 5.4 04:40 7.7 0.0 0.06 0.0 0.0 00:10 90 28 13.5 16.4 13:50 10.1 07:20 4.9 0.0 0.00 0.0 0.0 00:10 90 29 13.4 17.0 13:30 8.7 08:00 4.9 0.0 0.00 0.0 0.0 00:10 90 30 11.2 14.5 02:00 9.2 16:50 7.1 0.0 0.34 0.0 0.0 00:10 90 31 11.4 13.9 14:40 9.3 00:10 6.9 0.0 0.20 0.0 0.0 00:10 90 --------------------------------------------------------------------------------------- 13.0 23.3 05 5.4 27 166.8 0.0 4.08 1.8 70.8 02 65