NOAA-Style Climate Reports

NOAA style reports
2022: Jan | Feb | Mar | Apr | May | Jun | Jul | Aug | Sep | Oct | Nov | Dec 
2021: Jan | Feb | Mar | Apr | May | Jun | Jul | Aug | Sep | Oct | Nov | Dec 
2020: Jan | Feb | Mar | Apr | May | Jun | Jul | Aug | Sep | Oct | Nov | Dec 
2019: Jan | Feb | Mar | Apr | May | Jun | Jul | Aug | Sep | Oct | Nov | Dec 
2018: Jan | Feb | Mar | Apr | May | Jun | Jul | Aug | Sep | Oct | Nov | Dec 
2017: Jan | Feb | Mar | Apr | May | Jun | Jul | Aug | Sep | Oct | Nov | Dec 
2016: Jan | Feb | Mar | Apr | May | Jun | Jul | Aug | Sep | Oct | Nov | Dec 
2015: Jan | Feb | Mar | Apr | May | Jun | Jul | Aug | Sep | Oct | Nov | Dec 
2014: Jan | Feb | Mar | Apr | May | Jun | Jul | Aug | Sep | Oct | Nov | Dec 
2013: Jan | Feb | Mar | Apr | May | Jun | Jul | Aug | Sep | Oct | Nov | Dec 
2012: Jan | Feb | Mar | Apr | May | Jun | Jul | Aug | Sep | Oct | Nov | Dec 
2011: Jan | Feb | Mar | Apr | May | Jun | Jul | Aug | Sep | Oct | Nov | Dec 
2010: Jan | Feb | Mar | Apr | May | Jun | Jul | Aug | Sep | Oct | Nov | Dec 
2009: Jan | Feb | Mar | Apr | May | Jun | Jul | Aug | Sep | Oct | Nov | Dec 
2008: Jan | Feb | Mar | Apr | May | Jun | Jul | Aug | Sep | Oct | Nov | Dec 
2007: Jan | Feb | Mar | Apr | May | Jun | Jul | Aug | Sep | Oct | Nov | Dec 
2006: Jan | Feb | Mar | Apr | May | Jun | Jul | Aug | Sep | Oct | Nov | Dec 
2005: Jan | Feb | Mar | Apr | May | Jun | Jul | Aug | Sep | Oct | Nov | Dec 

Report for 2020 02
MONTHLY CLIMATOLOGICAL SUMMARY for Feb 2020 NAME: Cabrera de Mar, Barcelona ELEV: 9 meters LAT: 41-33.89 N LONG: 002-24.07 E TEMPERATURE (C), RAIN (cm), WIND SPEED (km/h) HEAT COOL AVG MEAN DEG DEG WIND DOM DAY TEMP HIGH TIME LOW TIME DAYS DAYS RAIN SPEED HIGH TIME DIR --------------------------------------------------------------------------------------- 01 14.6 21.6 13:40 11.8 23:50 3.8 0.0 0.00 1.8 24.1 14:00 43 02 16.0 23.3 16:30 9.9 06:50 2.4 0.0 0.00 2.8 27.4 14:20 9 03 15.8 19.8 12:20 11.9 08:20 2.5 0.0 0.00 0.8 16.1 21:50 2 04 16.2 19.8 11:50 13.5 00:00 2.1 0.0 0.00 3.2 27.4 12:20 356 05 11.2 16.7 13:40 7.3 07:50 7.1 0.0 0.00 2.4 22.5 14:30 332 06 10.8 15.0 14:40 6.8 04:10 7.5 0.0 0.00 4.6 30.6 17:00 335 07 11.1 14.5 12:50 6.8 07:40 7.2 0.0 0.00 2.5 17.7 12:50 318 08 11.4 14.8 16:20 7.1 07:10 7.0 0.0 0.00 1.4 17.7 15:30 316 09 11.7 15.6 14:00 6.8 06:40 6.6 0.0 0.00 7.2 40.2 16:30 340 10 16.4 22.6 14:20 13.0 04:00 2.0 0.0 0.00 6.0 30.6 14:40 14 11 14.0 17.5 15:40 10.8 07:00 4.3 0.0 0.00 1.1 22.5 16:20 177 12 12.7 14.3 00:10 11.7 18:30 5.6 0.0 0.00 1.7 25.7 07:10 193 13 13.7 17.0 13:20 11.2 08:10 4.6 0.0 0.00 6.3 38.6 14:30 348 14 13.3 16.7 13:40 10.1 05:40 5.1 0.0 0.00 1.4 17.7 15:10 333 15 13.1 16.1 14:10 9.8 08:20 5.3 0.0 0.00 2.9 22.5 17:10 337 16 13.6 15.6 12:20 11.1 01:20 4.7 0.0 0.00 9.5 35.4 11:30 355 17 14.1 16.4 11:50 11.1 07:40 4.2 0.0 0.00 4.6 37.0 12:30 0 18 12.4 14.6 12:20 9.4 00:00 5.9 0.0 0.08 1.9 20.9 01:50 345 19 11.1 14.4 13:10 7.8 08:00 7.3 0.0 0.00 0.9 14.5 09:00 328 20 11.0 15.8 14:20 5.8 06:30 7.3 0.0 0.00 4.6 32.2 14:10 352 21 12.3 16.9 13:20 7.1 08:00 6.0 0.0 0.00 4.0 30.6 17:10 5 22 12.5 17.0 13:10 8.0 06:10 5.9 0.0 0.00 1.7 22.5 11:50 174 23 12.7 17.9 12:40 7.3 08:10 5.6 0.0 0.02 3.4 30.6 15:30 0 24 12.9 17.4 13:30 8.2 06:40 5.5 0.0 0.02 2.5 27.4 13:50 353 25 11.9 15.6 13:00 8.6 07:00 6.4 0.0 0.00 1.6 27.4 13:10 208 26 13.5 20.5 15:20 8.2 07:30 4.8 0.0 0.00 6.8 38.6 17:40 136 27 15.0 20.4 17:00 10.4 09:00 3.3 0.0 0.10 7.6 33.8 05:00 360 28 13.7 17.0 10:20 11.4 07:10 4.6 0.0 0.00 3.8 24.1 14:10 353 29 14.8 17.3 13:00 12.5 02:30 3.5 0.0 0.00 5.4 32.2 14:00 2 --------------------------------------------------------------------------------------- 13.2 23.3 02 5.8 20 148.2 0.0 0.22 3.6 40.2 09 352