NOAA-Style Climate Reports

NOAA style reports
2022: Jan | Feb | Mar | Apr | May | Jun | Jul | Aug | Sep | Oct | Nov | Dec 
2021: Jan | Feb | Mar | Apr | May | Jun | Jul | Aug | Sep | Oct | Nov | Dec 
2020: Jan | Feb | Mar | Apr | May | Jun | Jul | Aug | Sep | Oct | Nov | Dec 
2019: Jan | Feb | Mar | Apr | May | Jun | Jul | Aug | Sep | Oct | Nov | Dec 
2018: Jan | Feb | Mar | Apr | May | Jun | Jul | Aug | Sep | Oct | Nov | Dec 
2017: Jan | Feb | Mar | Apr | May | Jun | Jul | Aug | Sep | Oct | Nov | Dec 
2016: Jan | Feb | Mar | Apr | May | Jun | Jul | Aug | Sep | Oct | Nov | Dec 
2015: Jan | Feb | Mar | Apr | May | Jun | Jul | Aug | Sep | Oct | Nov | Dec 
2014: Jan | Feb | Mar | Apr | May | Jun | Jul | Aug | Sep | Oct | Nov | Dec 
2013: Jan | Feb | Mar | Apr | May | Jun | Jul | Aug | Sep | Oct | Nov | Dec 
2012: Jan | Feb | Mar | Apr | May | Jun | Jul | Aug | Sep | Oct | Nov | Dec 
2011: Jan | Feb | Mar | Apr | May | Jun | Jul | Aug | Sep | Oct | Nov | Dec 
2010: Jan | Feb | Mar | Apr | May | Jun | Jul | Aug | Sep | Oct | Nov | Dec 
2009: Jan | Feb | Mar | Apr | May | Jun | Jul | Aug | Sep | Oct | Nov | Dec 
2008: Jan | Feb | Mar | Apr | May | Jun | Jul | Aug | Sep | Oct | Nov | Dec 
2007: Jan | Feb | Mar | Apr | May | Jun | Jul | Aug | Sep | Oct | Nov | Dec 
2006: Jan | Feb | Mar | Apr | May | Jun | Jul | Aug | Sep | Oct | Nov | Dec 
2005: Jan | Feb | Mar | Apr | May | Jun | Jul | Aug | Sep | Oct | Nov | Dec 

Report for 2019 12
MONTHLY CLIMATOLOGICAL SUMMARY for Dec 2019 NAME: Cabrera de Mar, Barcelona ELEV: 9 meters LAT: 41-33.89 N LONG: 002-24.07 E TEMPERATURE (C), RAIN (cm), WIND SPEED (km/h) HEAT COOL AVG MEAN DEG DEG WIND DOM DAY TEMP HIGH TIME LOW TIME DAYS DAYS RAIN SPEED HIGH TIME DIR --------------------------------------------------------------------------------------- 01 13.8 16.4 12:40 11.1 00:00 4.5 0.0 0.02 1.7 17.7 13:30 313 02 11.4 15.5 16:50 8.2 06:20 7.0 0.0 0.00 0.5 14.5 06:40 5 03 11.1 14.3 14:00 6.8 08:40 7.2 0.0 0.00 5.8 40.2 18:00 162 04 12.6 14.0 00:10 11.4 21:20 5.8 0.0 6.14 19.4 64.4 16:20 152 05 12.0 13.7 11:30 11.2 15:10 6.4 0.0 1.60 14.6 64.4 11:00 122 06 12.8 16.8 14:50 9.9 23:00 5.5 0.0 0.02 0.1 11.3 00:20 112 07 11.8 15.8 13:40 7.8 08:30 6.5 0.0 0.00 0.0 0.0 00:10 90 08 11.1 15.8 14:40 7.1 08:10 7.3 0.0 0.00 0.0 0.0 00:10 90 09 12.6 17.2 15:20 7.8 05:00 5.7 0.0 0.00 2.8 37.0 13:40 68 10 10.0 14.7 13:50 6.3 06:50 8.3 0.0 0.00 1.4 14.5 01:50 7 11 11.4 16.2 12:00 7.3 01:20 7.0 0.0 0.22 3.8 25.7 12:00 42 12 10.6 13.1 14:10 7.9 04:30 7.7 0.0 0.02 7.5 40.2 19:20 19 13 16.1 20.4 13:50 11.7 00:10 2.2 0.0 0.00 15.7 69.2 07:40 80 14 16.2 19.1 14:10 13.7 00:00 2.2 0.0 0.00 11.0 62.8 06:30 92 15 14.2 18.9 13:10 11.1 08:10 4.2 0.0 0.00 5.4 27.4 05:00 23 16 12.6 15.7 14:20 9.2 06:10 5.7 0.0 0.00 0.4 11.3 14:30 169 17 14.9 18.1 12:10 12.8 23:50 3.5 0.0 0.00 1.4 17.7 10:40 181 18 14.6 18.1 12:50 11.4 07:10 3.7 0.0 0.00 0.9 16.1 09:20 166 19 13.3 16.2 14:50 10.1 08:30 5.0 0.0 0.00 2.6 25.7 19:50 3 20 15.4 17.2 13:50 14.0 21:20 2.9 0.0 0.56 7.9 35.4 01:10 19 21 15.6 19.3 12:30 13.4 08:10 2.7 0.0 0.04 8.8 72.4 21:50 42 22 16.4 19.1 13:40 14.2 00:00 2.0 0.0 0.00 18.7 72.4 00:20 76 23 12.9 17.9 14:50 9.7 23:50 5.4 0.0 0.00 4.8 53.1 08:40 89 24 12.4 18.7 15:00 7.6 08:20 5.9 0.0 0.00 0.9 19.3 08:50 75 25 12.7 19.4 14:30 8.4 07:10 5.6 0.0 0.00 0.8 16.1 16:10 8 26 12.2 16.8 12:30 9.1 06:40 6.1 0.0 0.00 0.9 11.3 10:10 1 27 11.2 16.4 14:00 7.3 07:40 7.1 0.0 0.02 0.9 16.1 13:00 41 28 11.5 16.1 13:50 7.3 08:00 6.8 0.0 0.02 0.8 17.7 13:50 225 29 11.7 14.1 13:10 8.6 07:40 6.6 0.0 0.00 0.7 11.3 03:10 338 30 11.1 15.0 15:10 7.7 00:00 7.2 0.0 0.00 1.6 19.3 15:10 7 31 11.0 15.3 14:00 7.1 00:00 7.4 0.0 0.00 2.8 32.2 12:00 71 --------------------------------------------------------------------------------------- 12.8 20.4 13 6.3 10 171.2 0.0 8.66 4.7 72.4 21 83