NOAA-Style Climate Reports

NOAA style reports
2022: Jan | Feb | Mar | Apr | May | Jun | Jul | Aug | Sep | Oct | Nov | Dec 
2021: Jan | Feb | Mar | Apr | May | Jun | Jul | Aug | Sep | Oct | Nov | Dec 
2020: Jan | Feb | Mar | Apr | May | Jun | Jul | Aug | Sep | Oct | Nov | Dec 
2019: Jan | Feb | Mar | Apr | May | Jun | Jul | Aug | Sep | Oct | Nov | Dec 
2018: Jan | Feb | Mar | Apr | May | Jun | Jul | Aug | Sep | Oct | Nov | Dec 
2017: Jan | Feb | Mar | Apr | May | Jun | Jul | Aug | Sep | Oct | Nov | Dec 
2016: Jan | Feb | Mar | Apr | May | Jun | Jul | Aug | Sep | Oct | Nov | Dec 
2015: Jan | Feb | Mar | Apr | May | Jun | Jul | Aug | Sep | Oct | Nov | Dec 
2014: Jan | Feb | Mar | Apr | May | Jun | Jul | Aug | Sep | Oct | Nov | Dec 
2013: Jan | Feb | Mar | Apr | May | Jun | Jul | Aug | Sep | Oct | Nov | Dec 
2012: Jan | Feb | Mar | Apr | May | Jun | Jul | Aug | Sep | Oct | Nov | Dec 
2011: Jan | Feb | Mar | Apr | May | Jun | Jul | Aug | Sep | Oct | Nov | Dec 
2010: Jan | Feb | Mar | Apr | May | Jun | Jul | Aug | Sep | Oct | Nov | Dec 
2009: Jan | Feb | Mar | Apr | May | Jun | Jul | Aug | Sep | Oct | Nov | Dec 
2008: Jan | Feb | Mar | Apr | May | Jun | Jul | Aug | Sep | Oct | Nov | Dec 
2007: Jan | Feb | Mar | Apr | May | Jun | Jul | Aug | Sep | Oct | Nov | Dec 
2006: Jan | Feb | Mar | Apr | May | Jun | Jul | Aug | Sep | Oct | Nov | Dec 
2005: Jan | Feb | Mar | Apr | May | Jun | Jul | Aug | Sep | Oct | Nov | Dec 

Report for 2019 10
MONTHLY CLIMATOLOGICAL SUMMARY for Oct 2019 NAME: Cabrera de Mar, Barcelona ELEV: 9 meters LAT: 41-33.89 N LONG: 002-24.07 E TEMPERATURE (C), RAIN (cm), WIND SPEED (km/h) HEAT COOL AVG MEAN DEG DEG WIND DOM DAY TEMP HIGH TIME LOW TIME DAYS DAYS RAIN SPEED HIGH TIME DIR --------------------------------------------------------------------------------------- 01 22.5 26.2 14:40 17.9 08:00 0.0 4.2 0.00 3.9 29.0 00:00 351 02 21.7 24.5 14:20 17.8 06:40 0.0 3.4 0.00 4.3 35.4 00:10 305 03 20.5 23.7 14:50 17.5 06:00 0.0 2.2 0.00 3.9 29.0 08:40 357 04 20.7 25.2 13:50 16.4 05:30 0.0 2.3 0.00 3.2 22.5 11:10 240 05 20.9 23.3 13:30 19.2 02:00 0.0 2.6 0.00 2.4 25.7 07:30 274 06 20.4 22.2 15:50 18.1 03:30 0.0 2.0 0.00 1.5 16.1 19:10 272 07 20.8 27.3 13:50 16.9 07:50 0.0 2.4 0.00 3.4 29.0 15:00 360 08 21.6 24.7 13:50 17.9 07:50 0.0 3.3 0.00 7.3 41.8 16:50 348 09 20.8 24.3 13:20 18.9 22:00 0.0 2.5 0.00 3.3 35.4 17:20 322 10 19.7 21.9 16:20 18.5 04:40 0.0 1.4 0.02 2.2 19.3 15:50 351 11 21.1 23.7 13:10 19.4 06:00 0.0 2.8 0.00 3.0 27.4 17:10 354 12 21.3 24.5 13:50 18.6 07:30 0.0 3.0 0.00 1.4 14.5 13:00 304 13 22.5 25.7 14:30 20.5 08:50 0.0 4.2 0.00 2.5 22.5 15:20 187 14 21.9 25.7 14:30 19.1 23:10 0.0 3.6 0.16 2.7 25.7 13:50 188 15 18.8 23.6 17:00 15.2 04:30 0.0 0.4 0.16 7.9 49.9 06:30 86 16 18.5 24.1 12:30 13.3 05:30 0.0 0.2 0.00 7.6 37.0 15:00 21 17 19.2 24.3 12:20 13.3 08:10 0.0 0.9 0.00 2.3 20.9 16:20 1 18 19.9 23.3 14:50 16.4 04:10 0.0 1.6 0.00 1.8 19.3 13:00 23 19 20.4 24.6 14:30 16.7 03:50 0.0 2.1 0.00 2.5 24.1 15:10 355 20 21.5 24.6 13:20 19.1 02:20 0.0 3.1 0.24 9.3 38.6 06:30 356 21 17.0 20.3 00:10 15.0 23:50 1.3 0.0 0.30 2.2 27.4 14:30 330 22 18.7 22.8 13:40 14.9 00:40 0.0 0.4 3.30 13.0 54.7 21:20 158 23 18.1 21.0 14:10 16.3 03:10 0.2 0.0 3.36 7.2 38.6 01:50 345 24 17.4 22.4 15:10 12.8 08:40 0.9 0.0 0.00 3.3 32.2 18:10 45 25 16.6 20.5 13:50 12.3 08:30 1.7 0.0 0.00 1.9 17.7 17:10 310 26 16.9 21.8 14:00 11.8 07:50 1.5 0.0 0.02 0.0 6.4 02:20 101 27 17.3 21.1 11:30 13.6 07:10 1.0 0.0 0.00 0.3 11.3 17:00 6 28 17.4 20.5 13:40 13.5 03:40 1.0 0.0 0.02 0.8 24.1 16:50 353 29 17.8 20.5 12:30 14.6 07:40 0.5 0.0 0.00 0.1 9.7 02:20 41 30 17.8 23.2 14:10 13.3 07:30 0.5 0.0 0.02 0.0 6.4 23:50 45 31 18.6 21.3 09:50 16.3 00:10 0.0 0.2 0.00 1.0 17.7 16:50 15 --------------------------------------------------------------------------------------- 19.6 27.3 07 11.8 26 8.6 48.8 7.60 3.4 54.7 22 8