NOAA-Style Climate Reports

NOAA style reports
2022: Jan | Feb | Mar | Apr | May | Jun | Jul | Aug | Sep | Oct | Nov | Dec 
2021: Jan | Feb | Mar | Apr | May | Jun | Jul | Aug | Sep | Oct | Nov | Dec 
2020: Jan | Feb | Mar | Apr | May | Jun | Jul | Aug | Sep | Oct | Nov | Dec 
2019: Jan | Feb | Mar | Apr | May | Jun | Jul | Aug | Sep | Oct | Nov | Dec 
2018: Jan | Feb | Mar | Apr | May | Jun | Jul | Aug | Sep | Oct | Nov | Dec 
2017: Jan | Feb | Mar | Apr | May | Jun | Jul | Aug | Sep | Oct | Nov | Dec 
2016: Jan | Feb | Mar | Apr | May | Jun | Jul | Aug | Sep | Oct | Nov | Dec 
2015: Jan | Feb | Mar | Apr | May | Jun | Jul | Aug | Sep | Oct | Nov | Dec 
2014: Jan | Feb | Mar | Apr | May | Jun | Jul | Aug | Sep | Oct | Nov | Dec 
2013: Jan | Feb | Mar | Apr | May | Jun | Jul | Aug | Sep | Oct | Nov | Dec 
2012: Jan | Feb | Mar | Apr | May | Jun | Jul | Aug | Sep | Oct | Nov | Dec 
2011: Jan | Feb | Mar | Apr | May | Jun | Jul | Aug | Sep | Oct | Nov | Dec 
2010: Jan | Feb | Mar | Apr | May | Jun | Jul | Aug | Sep | Oct | Nov | Dec 
2009: Jan | Feb | Mar | Apr | May | Jun | Jul | Aug | Sep | Oct | Nov | Dec 
2008: Jan | Feb | Mar | Apr | May | Jun | Jul | Aug | Sep | Oct | Nov | Dec 
2007: Jan | Feb | Mar | Apr | May | Jun | Jul | Aug | Sep | Oct | Nov | Dec 
2006: Jan | Feb | Mar | Apr | May | Jun | Jul | Aug | Sep | Oct | Nov | Dec 
2005: Jan | Feb | Mar | Apr | May | Jun | Jul | Aug | Sep | Oct | Nov | Dec 

Report for 2019 07
MONTHLY CLIMATOLOGICAL SUMMARY for Jul 2019 NAME: Cabrera de Mar, Barcelona ELEV: 9 meters LAT: 41-33.89 N LONG: 002-24.07 E TEMPERATURE (C), RAIN (cm), WIND SPEED (km/h) HEAT COOL AVG MEAN DEG DEG WIND DOM DAY TEMP HIGH TIME LOW TIME DAYS DAYS RAIN SPEED HIGH TIME DIR --------------------------------------------------------------------------------------- 01 25.1 28.4 16:10 22.8 06:30 0.0 6.8 0.00 2.7 19.3 12:30 233 02 25.3 28.4 14:40 22.6 05:20 0.0 7.0 0.00 3.3 19.3 13:20 333 03 25.9 28.8 15:00 22.6 06:10 0.0 7.5 0.00 2.7 16.1 19:50 305 04 25.9 29.2 14:00 22.2 06:50 0.0 7.6 0.00 2.5 19.3 14:10 258 05 26.2 29.5 16:50 22.5 05:30 0.0 7.9 0.00 5.0 24.1 20:40 344 06 26.5 29.1 15:10 23.8 01:10 0.0 8.1 0.00 6.4 29.0 16:40 343 07 26.5 29.4 12:30 22.9 06:50 0.0 8.1 0.12 2.2 38.6 21:20 229 08 26.2 30.9 14:00 23.3 23:50 0.0 7.9 0.28 5.5 45.1 10:50 102 09 25.1 28.7 11:10 21.9 06:20 0.0 6.8 0.08 5.2 48.3 08:50 117 10 25.3 28.6 13:40 21.3 07:10 0.0 7.0 0.00 4.5 27.4 15:50 339 11 25.1 28.8 14:10 21.1 06:50 0.0 6.8 0.00 4.6 35.4 16:10 347 12 25.4 29.3 14:00 21.6 07:10 0.0 7.1 0.00 2.9 19.3 13:40 331 13 25.9 29.6 15:10 22.2 07:10 0.0 7.5 0.00 3.9 22.5 15:30 331 14 24.4 28.1 11:10 21.9 17:40 0.0 6.0 0.72 3.4 24.1 08:20 185 15 25.1 28.7 13:40 21.8 06:10 0.0 6.8 0.00 3.8 24.1 15:00 349 16 25.4 28.8 14:40 22.2 07:30 0.0 7.1 0.00 7.0 30.6 15:10 5 17 24.8 28.7 14:50 20.7 23:20 0.0 6.5 0.76 4.2 43.5 20:00 14 18 24.3 27.6 17:30 20.3 07:00 0.0 5.9 0.02 3.3 20.9 20:10 261 19 25.3 28.1 14:30 22.1 07:00 0.0 6.9 0.00 4.0 19.3 15:30 307 20 25.9 28.4 15:10 22.9 06:30 0.0 7.5 0.00 3.4 22.5 16:20 323 21 25.6 27.7 16:50 22.3 07:30 0.0 7.3 0.00 2.5 20.9 11:20 265 22 26.1 29.4 14:50 22.9 06:30 0.0 7.8 0.00 2.1 14.5 15:00 331 23 26.4 30.2 13:30 21.7 07:10 0.0 8.1 0.00 2.7 19.3 15:20 332 24 26.5 29.3 17:00 22.9 07:10 0.0 8.1 0.00 2.6 17.7 12:20 278 25 26.5 29.3 14:40 23.2 05:40 0.0 8.2 0.00 2.1 16.1 15:00 324 26 27.0 30.7 16:50 22.5 06:50 0.0 8.6 0.00 3.4 29.0 22:40 299 27 24.6 26.4 11:00 20.3 00:00 0.0 6.2 1.62 2.2 29.0 12:30 211 28 22.5 26.1 18:10 16.8 07:10 0.0 4.2 0.02 0.7 22.5 09:00 102 29 24.8 28.9 16:40 20.1 07:30 0.0 6.5 0.00 0.1 9.7 07:50 151 30 25.8 28.9 13:20 23.7 04:50 0.0 7.4 0.00 0.0 8.0 03:40 180 31 24.7 26.6 13:50 22.9 07:20 0.0 6.3 0.00 1.0 22.5 12:20 236 --------------------------------------------------------------------------------------- 25.5 30.9 08 16.8 28 0.0 221.6 3.62 3.2 48.3 09 330