NOAA-Style Climate Reports

NOAA style reports
2022: Jan | Feb | Mar | Apr | May | Jun | Jul | Aug | Sep | Oct | Nov | Dec 
2021: Jan | Feb | Mar | Apr | May | Jun | Jul | Aug | Sep | Oct | Nov | Dec 
2020: Jan | Feb | Mar | Apr | May | Jun | Jul | Aug | Sep | Oct | Nov | Dec 
2019: Jan | Feb | Mar | Apr | May | Jun | Jul | Aug | Sep | Oct | Nov | Dec 
2018: Jan | Feb | Mar | Apr | May | Jun | Jul | Aug | Sep | Oct | Nov | Dec 
2017: Jan | Feb | Mar | Apr | May | Jun | Jul | Aug | Sep | Oct | Nov | Dec 
2016: Jan | Feb | Mar | Apr | May | Jun | Jul | Aug | Sep | Oct | Nov | Dec 
2015: Jan | Feb | Mar | Apr | May | Jun | Jul | Aug | Sep | Oct | Nov | Dec 
2014: Jan | Feb | Mar | Apr | May | Jun | Jul | Aug | Sep | Oct | Nov | Dec 
2013: Jan | Feb | Mar | Apr | May | Jun | Jul | Aug | Sep | Oct | Nov | Dec 
2012: Jan | Feb | Mar | Apr | May | Jun | Jul | Aug | Sep | Oct | Nov | Dec 
2011: Jan | Feb | Mar | Apr | May | Jun | Jul | Aug | Sep | Oct | Nov | Dec 
2010: Jan | Feb | Mar | Apr | May | Jun | Jul | Aug | Sep | Oct | Nov | Dec 
2009: Jan | Feb | Mar | Apr | May | Jun | Jul | Aug | Sep | Oct | Nov | Dec 
2008: Jan | Feb | Mar | Apr | May | Jun | Jul | Aug | Sep | Oct | Nov | Dec 
2007: Jan | Feb | Mar | Apr | May | Jun | Jul | Aug | Sep | Oct | Nov | Dec 
2006: Jan | Feb | Mar | Apr | May | Jun | Jul | Aug | Sep | Oct | Nov | Dec 
2005: Jan | Feb | Mar | Apr | May | Jun | Jul | Aug | Sep | Oct | Nov | Dec 

Report for 2019 06
MONTHLY CLIMATOLOGICAL SUMMARY for Jun 2019 NAME: Cabrera de Mar, Barcelona ELEV: 9 meters LAT: 41-33.89 N LONG: 002-24.07 E TEMPERATURE (C), RAIN (cm), WIND SPEED (km/h) HEAT COOL AVG MEAN DEG DEG WIND DOM DAY TEMP HIGH TIME LOW TIME DAYS DAYS RAIN SPEED HIGH TIME DIR --------------------------------------------------------------------------------------- 01 20.0 23.7 15:40 15.8 07:10 0.0 1.7 0.00 6.7 30.6 13:40 352 02 19.7 23.4 15:50 15.3 03:10 0.0 1.4 0.00 9.3 32.2 14:00 5 03 20.3 23.6 12:50 16.7 06:50 0.0 2.0 0.00 9.1 37.0 14:10 7 04 20.2 23.3 14:00 16.3 07:00 0.0 1.9 0.00 4.7 24.1 10:30 349 05 20.7 27.3 17:10 16.4 02:40 0.0 2.3 0.00 6.5 45.1 17:00 143 06 18.6 20.8 13:00 15.9 05:50 0.0 0.3 0.00 6.0 24.1 13:30 318 07 20.3 23.7 16:10 17.5 00:10 0.0 2.0 0.00 6.6 51.5 20:40 344 08 19.6 23.7 15:10 14.7 06:30 0.0 1.3 0.00 4.5 29.0 16:10 205 09 21.2 25.4 11:50 18.8 02:50 0.0 2.9 0.00 4.1 25.7 10:30 164 10 21.5 26.7 12:00 16.7 07:00 0.0 3.1 0.00 5.2 29.0 15:20 318 11 16.1 18.9 01:20 12.8 00:00 2.3 0.0 1.84 0.9 19.3 11:20 142 12 16.6 20.4 16:40 11.8 02:10 1.8 0.0 0.02 7.9 30.6 14:30 346 13 17.9 21.8 14:50 13.4 06:40 0.4 0.0 0.00 4.0 25.7 21:10 205 14 21.9 25.9 12:00 17.9 00:10 0.0 3.6 0.00 11.4 45.1 18:20 57 15 19.9 23.2 15:00 16.7 06:40 0.0 1.5 0.00 3.2 24.1 14:00 244 16 20.1 23.2 14:20 16.8 04:00 0.0 1.7 0.00 4.2 25.7 18:10 345 17 20.8 25.1 13:40 16.3 06:10 0.0 2.5 0.00 4.1 25.7 15:20 357 18 21.4 25.4 14:00 16.7 05:20 0.0 3.0 0.00 6.4 30.6 13:30 17 19 21.1 24.3 15:30 16.8 06:40 0.0 2.8 0.00 4.6 24.1 14:20 358 20 21.5 25.4 16:10 19.1 06:00 0.0 3.2 0.00 3.2 25.7 10:20 223 21 22.2 25.2 12:30 19.5 04:00 0.0 3.9 0.00 2.7 19.3 13:00 342 22 22.4 26.0 15:40 19.1 07:00 0.0 4.1 0.00 6.9 32.2 16:50 358 23 22.1 25.7 14:50 18.6 04:30 0.0 3.8 0.00 6.0 32.2 16:10 10 24 22.8 27.3 15:50 18.2 06:30 0.0 4.5 0.00 6.3 37.0 20:20 207 25 24.8 29.2 12:00 21.4 06:10 0.0 6.4 0.00 8.1 30.6 16:30 206 26 26.4 30.7 09:10 23.1 03:20 0.0 8.1 0.00 6.4 29.0 08:50 187 27 24.4 27.4 18:20 20.6 06:20 0.0 6.1 0.00 1.9 16.1 12:30 255 28 26.0 31.1 15:30 20.4 06:20 0.0 7.6 0.00 4.9 32.2 16:10 354 29 27.6 32.2 15:20 22.7 06:50 0.0 9.2 0.00 2.4 27.4 11:20 223 30 25.4 28.1 13:30 23.3 08:20 0.0 7.1 0.00 2.6 17.7 11:30 338 --------------------------------------------------------------------------------------- 21.5 32.2 29 11.8 12 4.4 98.0 1.86 5.4 51.5 07 337