NOAA-Style Climate Reports

NOAA style reports
2022: Jan | Feb | Mar | Apr | May | Jun | Jul | Aug | Sep | Oct | Nov | Dec 
2021: Jan | Feb | Mar | Apr | May | Jun | Jul | Aug | Sep | Oct | Nov | Dec 
2020: Jan | Feb | Mar | Apr | May | Jun | Jul | Aug | Sep | Oct | Nov | Dec 
2019: Jan | Feb | Mar | Apr | May | Jun | Jul | Aug | Sep | Oct | Nov | Dec 
2018: Jan | Feb | Mar | Apr | May | Jun | Jul | Aug | Sep | Oct | Nov | Dec 
2017: Jan | Feb | Mar | Apr | May | Jun | Jul | Aug | Sep | Oct | Nov | Dec 
2016: Jan | Feb | Mar | Apr | May | Jun | Jul | Aug | Sep | Oct | Nov | Dec 
2015: Jan | Feb | Mar | Apr | May | Jun | Jul | Aug | Sep | Oct | Nov | Dec 
2014: Jan | Feb | Mar | Apr | May | Jun | Jul | Aug | Sep | Oct | Nov | Dec 
2013: Jan | Feb | Mar | Apr | May | Jun | Jul | Aug | Sep | Oct | Nov | Dec 
2012: Jan | Feb | Mar | Apr | May | Jun | Jul | Aug | Sep | Oct | Nov | Dec 
2011: Jan | Feb | Mar | Apr | May | Jun | Jul | Aug | Sep | Oct | Nov | Dec 
2010: Jan | Feb | Mar | Apr | May | Jun | Jul | Aug | Sep | Oct | Nov | Dec 
2009: Jan | Feb | Mar | Apr | May | Jun | Jul | Aug | Sep | Oct | Nov | Dec 
2008: Jan | Feb | Mar | Apr | May | Jun | Jul | Aug | Sep | Oct | Nov | Dec 
2007: Jan | Feb | Mar | Apr | May | Jun | Jul | Aug | Sep | Oct | Nov | Dec 
2006: Jan | Feb | Mar | Apr | May | Jun | Jul | Aug | Sep | Oct | Nov | Dec 
2005: Jan | Feb | Mar | Apr | May | Jun | Jul | Aug | Sep | Oct | Nov | Dec 

Report for 2019 05
MONTHLY CLIMATOLOGICAL SUMMARY for May 2019 NAME: Cabrera de Mar, Barcelona ELEV: 9 meters LAT: 41-33.89 N LONG: 002-24.07 E TEMPERATURE (C), RAIN (cm), WIND SPEED (km/h) HEAT COOL AVG MEAN DEG DEG WIND DOM DAY TEMP HIGH TIME LOW TIME DAYS DAYS RAIN SPEED HIGH TIME DIR --------------------------------------------------------------------------------------- 01 16.5 19.7 13:00 13.7 07:30 1.8 0.0 0.00 7.1 33.8 15:40 343 02 15.7 18.1 13:30 13.2 04:50 2.7 0.0 0.00 2.4 19.3 12:20 268 03 13.6 15.6 08:20 12.7 17:00 4.7 0.0 0.40 2.3 14.5 16:10 184 04 15.6 17.7 16:50 9.2 07:50 2.7 0.0 0.02 4.2 19.3 18:50 257 05 15.9 18.1 18:30 9.9 07:50 2.4 0.0 0.00 7.9 30.6 20:20 237 06 15.8 17.4 14:50 10.9 07:30 2.5 0.0 0.00 9.6 32.2 15:00 324 07 16.1 17.7 12:50 11.4 07:30 2.2 0.0 0.00 7.3 27.4 16:30 350 08 17.9 19.3 15:50 16.4 08:40 0.4 0.0 0.00 13.9 37.0 16:00 355 09 17.5 18.7 18:10 13.3 07:50 0.9 0.0 0.00 4.7 17.7 14:20 311 10 18.4 19.9 14:50 15.3 07:50 0.0 0.1 0.00 2.3 11.3 14:30 242 11 18.9 20.3 14:10 15.5 07:50 0.0 0.6 0.00 9.7 25.7 15:00 344 12 18.0 19.2 17:00 14.1 07:50 0.3 0.0 0.00 5.8 19.3 19:20 308 13 18.4 21.1 14:00 14.2 08:00 0.0 0.1 0.00 8.7 32.2 14:20 353 14 16.2 19.4 16:50 11.6 06:50 2.1 0.0 0.00 4.3 27.4 13:50 338 15 15.7 19.2 12:00 12.4 05:00 2.7 0.0 0.00 5.8 48.3 12:20 206 16 15.5 19.7 16:20 10.2 07:00 2.9 0.0 0.00 6.5 30.6 16:00 322 17 15.6 17.5 14:50 13.8 12:00 2.7 0.0 0.24 5.1 33.8 14:20 147 18 15.4 18.2 17:50 12.8 06:40 3.0 0.0 0.18 4.3 29.0 19:00 251 19 13.9 16.9 15:20 10.4 07:00 4.4 0.0 0.08 2.6 20.9 13:30 245 20 15.6 18.9 13:20 11.3 07:20 2.7 0.0 0.00 2.5 16.1 15:30 309 21 16.4 20.2 14:10 11.4 06:30 2.0 0.0 0.00 2.7 22.5 14:00 305 22 17.5 20.6 13:50 13.1 06:40 0.8 0.0 0.00 3.8 22.5 13:20 335 23 17.8 21.0 13:30 12.8 06:30 0.6 0.0 0.00 4.0 20.9 12:50 334 24 16.2 18.1 09:40 14.3 22:40 2.1 0.0 0.68 1.6 19.3 13:10 331 25 17.2 21.6 15:00 14.7 04:00 1.2 0.0 0.32 1.8 25.7 11:20 30 26 18.3 22.5 17:20 14.4 04:10 0.0 0.0 0.02 2.9 25.7 17:00 7 27 18.8 21.7 11:30 14.2 06:40 0.0 0.4 0.00 3.2 19.3 02:20 316 28 17.7 19.9 14:20 15.8 04:00 0.6 0.0 0.00 2.3 20.9 09:50 235 29 18.0 21.0 14:30 14.3 07:00 0.4 0.0 0.00 4.7 25.7 13:20 334 30 17.8 20.9 16:40 12.8 06:40 0.6 0.0 0.00 3.7 19.3 16:40 331 31 19.3 23.3 13:40 14.5 06:40 0.0 0.9 0.00 4.9 29.0 15:30 342 --------------------------------------------------------------------------------------- 16.8 23.3 31 9.2 04 49.3 2.1 1.94 4.6 48.3 15 321