NOAA-Style Climate Reports

NOAA style reports
2022: Jan | Feb | Mar | Apr | May | Jun | Jul | Aug | Sep | Oct | Nov | Dec 
2021: Jan | Feb | Mar | Apr | May | Jun | Jul | Aug | Sep | Oct | Nov | Dec 
2020: Jan | Feb | Mar | Apr | May | Jun | Jul | Aug | Sep | Oct | Nov | Dec 
2019: Jan | Feb | Mar | Apr | May | Jun | Jul | Aug | Sep | Oct | Nov | Dec 
2018: Jan | Feb | Mar | Apr | May | Jun | Jul | Aug | Sep | Oct | Nov | Dec 
2017: Jan | Feb | Mar | Apr | May | Jun | Jul | Aug | Sep | Oct | Nov | Dec 
2016: Jan | Feb | Mar | Apr | May | Jun | Jul | Aug | Sep | Oct | Nov | Dec 
2015: Jan | Feb | Mar | Apr | May | Jun | Jul | Aug | Sep | Oct | Nov | Dec 
2014: Jan | Feb | Mar | Apr | May | Jun | Jul | Aug | Sep | Oct | Nov | Dec 
2013: Jan | Feb | Mar | Apr | May | Jun | Jul | Aug | Sep | Oct | Nov | Dec 
2012: Jan | Feb | Mar | Apr | May | Jun | Jul | Aug | Sep | Oct | Nov | Dec 
2011: Jan | Feb | Mar | Apr | May | Jun | Jul | Aug | Sep | Oct | Nov | Dec 
2010: Jan | Feb | Mar | Apr | May | Jun | Jul | Aug | Sep | Oct | Nov | Dec 
2009: Jan | Feb | Mar | Apr | May | Jun | Jul | Aug | Sep | Oct | Nov | Dec 
2008: Jan | Feb | Mar | Apr | May | Jun | Jul | Aug | Sep | Oct | Nov | Dec 
2007: Jan | Feb | Mar | Apr | May | Jun | Jul | Aug | Sep | Oct | Nov | Dec 
2006: Jan | Feb | Mar | Apr | May | Jun | Jul | Aug | Sep | Oct | Nov | Dec 
2005: Jan | Feb | Mar | Apr | May | Jun | Jul | Aug | Sep | Oct | Nov | Dec 

Report for 2019 03
MONTHLY CLIMATOLOGICAL SUMMARY for Mar 2019 NAME: Cabrera de Mar, Barcelona ELEV: 9 meters LAT: 41-33.89 N LONG: 002-24.07 E TEMPERATURE (C), RAIN (cm), WIND SPEED (km/h) HEAT COOL AVG MEAN DEG DEG WIND DOM DAY TEMP HIGH TIME LOW TIME DAYS DAYS RAIN SPEED HIGH TIME DIR --------------------------------------------------------------------------------------- 01 12.1 16.3 12:30 7.7 07:30 6.2 0.0 0.00 2.3 24.1 14:30 353 02 13.4 16.7 14:40 11.2 23:40 4.9 0.0 0.00 0.0 9.7 06:00 68 03 13.2 17.1 14:00 7.8 07:50 5.2 0.0 0.02 1.7 33.8 17:10 354 04 15.9 24.2 13:10 12.2 00:00 2.5 0.0 0.00 2.0 35.4 15:30 207 05 13.3 16.2 15:40 10.8 07:40 5.1 0.0 0.00 3.1 16.1 16:20 359 06 13.6 16.4 16:20 11.1 07:20 4.7 0.0 0.04 0.7 27.4 23:40 37 07 14.3 19.2 12:30 9.7 00:00 4.1 0.0 0.00 6.2 29.0 01:10 24 08 12.2 15.8 10:00 7.0 07:40 6.1 0.0 0.00 1.1 17.7 04:40 49 09 12.5 18.1 13:40 7.4 07:40 5.9 0.0 0.00 0.2 14.5 18:20 34 10 14.2 19.2 13:50 9.3 07:30 4.2 0.0 0.00 1.2 19.3 11:30 207 11 14.4 16.8 11:10 11.8 01:40 3.9 0.0 0.00 6.5 33.8 16:30 358 12 13.8 16.9 13:20 11.4 05:40 4.6 0.0 0.00 6.6 41.8 14:10 13 13 12.0 12.8 15:20 10.7 04:40 6.3 0.0 0.06 5.3 25.7 16:10 346 14 12.8 16.3 11:20 8.7 06:40 5.5 0.0 0.00 5.8 38.6 13:00 49 15 12.6 16.2 13:40 8.3 04:20 5.7 0.0 0.00 1.1 25.7 07:50 189 16 13.3 18.1 13:00 9.4 06:30 5.0 0.0 0.00 5.6 32.2 13:40 16 17 13.0 16.8 14:10 7.7 07:10 5.3 0.0 0.00 3.7 48.3 11:20 235 18 12.6 15.2 11:40 9.5 07:00 5.8 0.0 0.02 2.2 20.9 03:00 287 19 12.0 15.3 12:40 10.1 23:10 6.3 0.0 0.00 3.4 24.1 17:00 4 20 11.9 16.1 14:00 7.7 06:50 6.5 0.0 0.00 5.4 35.4 14:40 222 21 12.6 17.2 11:40 7.0 03:30 5.8 0.0 0.00 6.4 35.4 10:40 191 22 15.2 20.1 12:00 9.3 00:30 3.1 0.0 0.00 7.0 29.0 12:40 165 23 14.4 20.8 15:10 7.6 06:00 4.0 0.0 0.00 2.8 24.1 13:30 351 24 15.7 20.2 11:50 10.7 07:10 2.6 0.0 0.00 1.8 14.5 13:50 326 25 14.6 18.2 16:10 10.9 05:40 3.7 0.0 0.00 2.4 30.6 16:30 259 26 14.3 19.2 15:10 10.1 05:30 4.0 0.0 0.00 6.3 37.0 13:00 354 27 12.3 16.7 11:30 6.9 07:00 6.0 0.0 0.00 2.7 22.5 11:50 291 28 13.1 16.9 10:10 8.2 05:20 5.2 0.0 0.00 3.6 25.7 03:20 188 29 13.1 17.9 12:50 8.3 06:20 5.2 0.0 0.00 2.8 19.3 01:10 209 30 12.8 16.9 12:30 8.5 06:00 5.5 0.0 0.00 3.5 20.9 16:10 220 31 13.8 17.0 14:00 10.4 04:00 4.5 0.0 0.00 6.3 35.4 15:10 191 --------------------------------------------------------------------------------------- 13.4 24.2 04 6.9 27 153.5 0.0 0.14 3.5 48.3 17 336