NOAA-Style Climate Reports

NOAA style reports
2022: Jan | Feb | Mar | Apr | May | Jun | Jul | Aug | Sep | Oct | Nov | Dec 
2021: Jan | Feb | Mar | Apr | May | Jun | Jul | Aug | Sep | Oct | Nov | Dec 
2020: Jan | Feb | Mar | Apr | May | Jun | Jul | Aug | Sep | Oct | Nov | Dec 
2019: Jan | Feb | Mar | Apr | May | Jun | Jul | Aug | Sep | Oct | Nov | Dec 
2018: Jan | Feb | Mar | Apr | May | Jun | Jul | Aug | Sep | Oct | Nov | Dec 
2017: Jan | Feb | Mar | Apr | May | Jun | Jul | Aug | Sep | Oct | Nov | Dec 
2016: Jan | Feb | Mar | Apr | May | Jun | Jul | Aug | Sep | Oct | Nov | Dec 
2015: Jan | Feb | Mar | Apr | May | Jun | Jul | Aug | Sep | Oct | Nov | Dec 
2014: Jan | Feb | Mar | Apr | May | Jun | Jul | Aug | Sep | Oct | Nov | Dec 
2013: Jan | Feb | Mar | Apr | May | Jun | Jul | Aug | Sep | Oct | Nov | Dec 
2012: Jan | Feb | Mar | Apr | May | Jun | Jul | Aug | Sep | Oct | Nov | Dec 
2011: Jan | Feb | Mar | Apr | May | Jun | Jul | Aug | Sep | Oct | Nov | Dec 
2010: Jan | Feb | Mar | Apr | May | Jun | Jul | Aug | Sep | Oct | Nov | Dec 
2009: Jan | Feb | Mar | Apr | May | Jun | Jul | Aug | Sep | Oct | Nov | Dec 
2008: Jan | Feb | Mar | Apr | May | Jun | Jul | Aug | Sep | Oct | Nov | Dec 
2007: Jan | Feb | Mar | Apr | May | Jun | Jul | Aug | Sep | Oct | Nov | Dec 
2006: Jan | Feb | Mar | Apr | May | Jun | Jul | Aug | Sep | Oct | Nov | Dec 
2005: Jan | Feb | Mar | Apr | May | Jun | Jul | Aug | Sep | Oct | Nov | Dec 

Report for 2019 01
MONTHLY CLIMATOLOGICAL SUMMARY for Jan 2019 NAME: Cabrera de Mar, Barcelona ELEV: 9 meters LAT: 41-33.89 N LONG: 002-24.07 E TEMPERATURE (C), RAIN (cm), WIND SPEED (km/h) HEAT COOL AVG MEAN DEG DEG WIND DOM DAY TEMP HIGH TIME LOW TIME DAYS DAYS RAIN SPEED HIGH TIME DIR --------------------------------------------------------------------------------------- 01 11.4 15.7 12:50 7.0 03:00 6.9 0.0 0.00 1.5 14.5 13:10 324 02 9.6 16.3 15:50 5.3 05:30 8.8 0.0 0.00 0.9 16.1 14:50 19 03 8.6 14.2 13:50 4.8 08:30 9.7 0.0 0.00 1.0 19.3 14:00 360 04 8.1 12.8 13:10 4.7 05:50 10.2 0.0 0.00 0.9 17.7 12:40 182 05 9.8 15.7 16:50 6.1 08:50 8.5 0.0 0.00 1.5 19.3 07:50 44 06 12.2 18.4 16:40 6.8 05:50 6.1 0.0 0.00 1.9 27.4 21:10 157 07 11.2 15.7 14:30 6.9 07:30 7.1 0.0 0.00 3.2 27.4 12:40 37 08 9.5 14.5 15:50 5.1 08:40 8.9 0.0 0.00 2.8 27.4 06:10 63 09 9.5 13.8 15:50 4.8 08:00 8.8 0.0 0.00 2.6 33.8 23:30 164 10 8.3 12.4 14:20 4.1 23:50 10.0 0.0 0.00 5.1 43.5 03:40 131 11 5.5 10.6 17:20 2.1 08:50 12.8 0.0 0.00 1.3 20.9 04:40 56 12 7.6 14.3 15:10 2.3 05:20 10.7 0.0 0.00 2.2 22.5 12:40 66 13 9.8 15.8 14:10 4.3 03:00 8.5 0.0 0.00 1.8 20.9 14:50 56 14 12.1 16.4 13:20 8.8 03:10 6.2 0.0 0.00 1.5 29.0 05:50 107 15 9.6 14.3 16:10 4.4 08:00 8.7 0.0 0.00 1.1 16.1 16:50 347 16 10.6 15.1 14:40 5.3 03:30 7.7 0.0 0.00 3.7 30.6 16:10 14 17 12.0 15.0 11:40 9.7 08:50 6.3 0.0 0.00 1.6 20.9 23:40 86 18 9.2 11.4 10:10 6.4 23:30 9.1 0.0 0.06 1.9 22.5 13:30 62 19 8.9 12.9 14:20 6.2 08:50 9.4 0.0 0.00 1.7 14.5 05:10 36 20 9.0 10.4 14:40 7.3 00:10 9.3 0.0 1.04 4.4 38.6 20:50 159 21 8.3 11.9 17:00 4.4 08:30 10.0 0.0 0.00 1.2 17.7 00:40 40 22 7.9 11.6 13:30 3.4 08:40 10.5 0.0 0.00 1.8 19.3 00:40 52 23 8.4 12.9 14:20 5.6 06:20 10.0 0.0 0.00 6.5 37.0 22:30 90 24 9.4 14.9 14:30 4.6 04:00 9.0 0.0 0.00 15.7 69.2 08:20 95 25 8.7 13.7 17:00 3.1 08:20 9.6 0.0 0.00 1.5 25.7 05:10 25 26 10.6 17.3 13:50 5.6 03:10 7.8 0.0 0.00 3.3 32.2 14:40 29 27 11.0 17.0 15:50 6.7 07:40 7.3 0.0 0.00 4.2 41.8 13:30 86 28 9.9 15.2 15:10 5.3 05:20 8.4 0.0 0.00 9.6 64.4 14:10 87 29 8.4 10.6 14:00 5.3 06:10 9.9 0.0 0.02 2.9 25.7 20:40 66 30 10.2 15.2 15:10 6.4 08:10 8.1 0.0 0.00 8.9 49.9 02:50 81 31 13.0 17.9 16:00 9.2 05:40 5.4 0.0 0.00 10.9 43.5 16:30 67 --------------------------------------------------------------------------------------- 9.6 18.4 06 2.1 11 270.0 0.0 1.12 3.5 69.2 24 80