NOAA-Style Climate Reports

NOAA style reports
2022: Jan | Feb | Mar | Apr | May | Jun | Jul | Aug | Sep | Oct | Nov | Dec 
2021: Jan | Feb | Mar | Apr | May | Jun | Jul | Aug | Sep | Oct | Nov | Dec 
2020: Jan | Feb | Mar | Apr | May | Jun | Jul | Aug | Sep | Oct | Nov | Dec 
2019: Jan | Feb | Mar | Apr | May | Jun | Jul | Aug | Sep | Oct | Nov | Dec 
2018: Jan | Feb | Mar | Apr | May | Jun | Jul | Aug | Sep | Oct | Nov | Dec 
2017: Jan | Feb | Mar | Apr | May | Jun | Jul | Aug | Sep | Oct | Nov | Dec 
2016: Jan | Feb | Mar | Apr | May | Jun | Jul | Aug | Sep | Oct | Nov | Dec 
2015: Jan | Feb | Mar | Apr | May | Jun | Jul | Aug | Sep | Oct | Nov | Dec 
2014: Jan | Feb | Mar | Apr | May | Jun | Jul | Aug | Sep | Oct | Nov | Dec 
2013: Jan | Feb | Mar | Apr | May | Jun | Jul | Aug | Sep | Oct | Nov | Dec 
2012: Jan | Feb | Mar | Apr | May | Jun | Jul | Aug | Sep | Oct | Nov | Dec 
2011: Jan | Feb | Mar | Apr | May | Jun | Jul | Aug | Sep | Oct | Nov | Dec 
2010: Jan | Feb | Mar | Apr | May | Jun | Jul | Aug | Sep | Oct | Nov | Dec 
2009: Jan | Feb | Mar | Apr | May | Jun | Jul | Aug | Sep | Oct | Nov | Dec 
2008: Jan | Feb | Mar | Apr | May | Jun | Jul | Aug | Sep | Oct | Nov | Dec 
2007: Jan | Feb | Mar | Apr | May | Jun | Jul | Aug | Sep | Oct | Nov | Dec 
2006: Jan | Feb | Mar | Apr | May | Jun | Jul | Aug | Sep | Oct | Nov | Dec 
2005: Jan | Feb | Mar | Apr | May | Jun | Jul | Aug | Sep | Oct | Nov | Dec 

Report for 2018 08
MONTHLY CLIMATOLOGICAL SUMMARY for Aug 2018 NAME: Cabrera de Mar, Barcelona ELEV: 9 meters LAT: 41-33.89 N LONG: 002-24.07 E TEMPERATURE (C), RAIN (cm), WIND SPEED (km/h) HEAT COOL AVG MEAN DEG DEG WIND DOM DAY TEMP HIGH TIME LOW TIME DAYS DAYS RAIN SPEED HIGH TIME DIR --------------------------------------------------------------------------------------- 01 28.1 32.1 13:50 23.2 06:00 0.0 9.7 0.00 0.0 0.0 00:10 90 02 28.7 31.6 15:40 25.4 06:00 0.0 10.4 0.00 0.0 0.0 00:10 90 03 29.7 33.8 12:20 26.2 05:20 0.0 11.4 0.00 0.0 0.0 00:10 90 04 29.7 32.9 09:40 26.9 04:40 0.0 11.3 0.00 0.0 0.0 00:10 90 05 29.5 34.1 12:50 26.2 07:30 0.0 11.2 0.00 0.0 0.0 00:10 90 06 28.1 31.1 15:00 24.8 07:10 0.0 9.8 0.00 0.0 0.0 00:10 90 07 28.6 31.3 17:50 25.3 07:10 0.0 10.2 0.00 0.0 0.0 00:10 90 08 28.0 30.8 14:20 25.5 07:10 0.0 9.6 0.06 0.0 0.0 00:10 90 09 25.9 30.1 13:50 22.0 21:00 0.0 7.6 0.98 1.3 70.8 17:10 151 10 24.4 27.1 14:20 21.2 07:20 0.0 6.0 0.00 3.4 22.5 14:30 288 11 24.7 27.9 14:30 21.0 07:20 0.0 6.4 0.00 2.3 17.7 06:50 317 12 26.8 30.2 14:20 23.9 04:30 0.0 8.4 0.00 6.7 32.2 17:20 27 13 26.3 28.8 13:50 24.1 07:10 0.0 8.0 0.00 0.9 20.9 02:00 89 14 25.0 27.6 16:20 21.9 05:30 0.0 6.6 0.24 4.2 27.4 15:30 356 15 25.3 27.9 14:40 22.2 07:20 0.0 7.0 0.00 0.4 17.7 07:10 129 16 26.4 29.6 15:50 23.2 08:00 0.0 8.0 0.00 4.0 27.4 17:50 355 17 23.9 28.9 13:20 19.9 17:00 0.0 5.5 1.70 3.4 37.0 15:50 167 18 23.8 27.4 17:00 19.7 07:20 0.0 5.5 0.00 3.9 20.9 15:20 10 19 25.1 29.5 16:20 20.2 07:00 0.0 6.8 0.00 2.6 22.5 16:50 339 20 25.9 29.9 15:30 22.1 07:50 0.0 7.6 0.00 0.1 14.5 03:30 82 21 26.3 30.8 12:50 21.4 07:30 0.0 7.9 0.00 0.0 0.0 00:10 90 22 25.8 29.7 14:50 21.8 07:20 0.0 7.5 0.00 0.0 0.0 00:10 90 23 25.8 28.9 15:40 21.2 07:40 0.0 7.4 0.00 0.0 0.0 00:10 90 24 25.6 28.9 14:40 22.4 07:00 0.0 7.2 0.58 0.0 0.0 00:10 90 25 23.3 25.3 14:50 20.7 08:40 0.0 5.0 0.04 0.0 0.0 00:10 90 26 23.2 25.8 16:40 20.6 09:40 0.0 4.8 0.00 0.0 0.0 00:10 90 27 24.7 27.9 15:40 21.2 07:40 0.0 6.4 0.00 0.0 0.0 00:10 90 28 26.1 29.4 11:10 23.1 07:10 0.0 7.8 0.00 0.0 1.6 16:20 90 29 26.2 29.4 12:40 23.3 07:10 0.0 7.9 0.00 0.0 1.6 02:30 90 30 25.1 28.2 12:40 22.6 03:40 0.0 6.8 0.00 0.0 0.0 00:10 90 31 24.0 24.8 00:10 22.6 07:20 0.0 5.7 0.04 0.0 0.0 00:10 90 --------------------------------------------------------------------------------------- 26.1 34.1 05 19.7 18 0.0 241.6 3.64 1.1 70.8 09 360