NOAA-Style Climate Reports

NOAA style reports
2022: Jan | Feb | Mar | Apr | May | Jun | Jul | Aug | Sep | Oct | Nov | Dec 
2021: Jan | Feb | Mar | Apr | May | Jun | Jul | Aug | Sep | Oct | Nov | Dec 
2020: Jan | Feb | Mar | Apr | May | Jun | Jul | Aug | Sep | Oct | Nov | Dec 
2019: Jan | Feb | Mar | Apr | May | Jun | Jul | Aug | Sep | Oct | Nov | Dec 
2018: Jan | Feb | Mar | Apr | May | Jun | Jul | Aug | Sep | Oct | Nov | Dec 
2017: Jan | Feb | Mar | Apr | May | Jun | Jul | Aug | Sep | Oct | Nov | Dec 
2016: Jan | Feb | Mar | Apr | May | Jun | Jul | Aug | Sep | Oct | Nov | Dec 
2015: Jan | Feb | Mar | Apr | May | Jun | Jul | Aug | Sep | Oct | Nov | Dec 
2014: Jan | Feb | Mar | Apr | May | Jun | Jul | Aug | Sep | Oct | Nov | Dec 
2013: Jan | Feb | Mar | Apr | May | Jun | Jul | Aug | Sep | Oct | Nov | Dec 
2012: Jan | Feb | Mar | Apr | May | Jun | Jul | Aug | Sep | Oct | Nov | Dec 
2011: Jan | Feb | Mar | Apr | May | Jun | Jul | Aug | Sep | Oct | Nov | Dec 
2010: Jan | Feb | Mar | Apr | May | Jun | Jul | Aug | Sep | Oct | Nov | Dec 
2009: Jan | Feb | Mar | Apr | May | Jun | Jul | Aug | Sep | Oct | Nov | Dec 
2008: Jan | Feb | Mar | Apr | May | Jun | Jul | Aug | Sep | Oct | Nov | Dec 
2007: Jan | Feb | Mar | Apr | May | Jun | Jul | Aug | Sep | Oct | Nov | Dec 
2006: Jan | Feb | Mar | Apr | May | Jun | Jul | Aug | Sep | Oct | Nov | Dec 
2005: Jan | Feb | Mar | Apr | May | Jun | Jul | Aug | Sep | Oct | Nov | Dec 

Report for 2018 07
MONTHLY CLIMATOLOGICAL SUMMARY for Jul 2018 NAME: Cabrera de Mar, Barcelona ELEV: 9 meters LAT: 41-33.89 N LONG: 002-24.07 E TEMPERATURE (C), RAIN (cm), WIND SPEED (km/h) HEAT COOL AVG MEAN DEG DEG WIND DOM DAY TEMP HIGH TIME LOW TIME DAYS DAYS RAIN SPEED HIGH TIME DIR --------------------------------------------------------------------------------------- 01 24.0 26.9 13:30 20.6 06:00 0.0 5.7 0.00 4.6 20.9 12:00 262 02 24.2 26.6 14:50 21.3 06:20 0.0 5.9 0.00 3.3 17.7 14:20 277 03 25.7 28.3 15:40 22.4 06:40 0.0 7.3 0.00 4.9 20.9 19:10 14 04 24.9 28.0 13:30 21.2 07:00 0.0 6.6 0.00 3.7 17.7 14:00 293 05 25.0 29.2 10:50 22.8 06:20 0.0 6.7 0.00 7.3 33.8 14:40 12 06 24.3 26.0 14:50 22.0 06:50 0.0 5.9 0.00 3.4 20.9 11:20 337 07 25.0 28.6 14:10 21.6 06:40 0.0 6.7 0.00 4.1 22.5 13:50 3 08 26.0 30.3 14:10 21.1 06:40 0.0 7.7 0.00 3.1 20.9 14:00 15 09 25.8 29.1 15:20 21.8 05:50 0.0 7.5 0.06 4.3 27.4 14:30 340 10 25.7 29.2 15:10 22.3 07:20 0.0 7.4 0.00 4.1 22.5 15:30 9 11 25.7 28.6 15:00 22.6 06:30 0.0 7.3 0.00 4.3 22.5 15:40 331 12 25.8 28.9 14:10 22.2 06:20 0.0 7.4 0.00 5.3 29.0 11:40 241 13 24.9 29.5 12:50 21.0 06:20 0.0 6.5 0.00 2.3 30.6 15:10 253 14 25.8 29.5 16:50 21.7 06:50 0.0 7.5 0.00 3.4 19.3 17:40 12 15 25.5 28.7 16:40 20.8 06:40 0.0 7.1 0.00 3.2 16.1 10:10 332 16 24.6 26.1 00:10 19.9 11:30 0.0 6.2 2.52 5.9 49.9 12:00 60 17 25.9 28.9 13:00 22.0 06:40 0.0 7.6 0.00 4.8 25.7 12:20 31 18 25.1 28.0 15:30 20.9 06:40 0.0 6.8 0.00 2.9 17.7 20:20 342 19 25.4 28.8 17:10 21.2 07:20 0.0 7.0 0.00 4.3 19.3 15:20 355 20 25.4 28.9 16:10 20.7 06:50 0.0 7.0 0.00 3.1 17.7 12:00 277 21 25.7 29.5 11:50 22.9 06:20 0.0 7.4 0.30 7.8 33.8 12:40 29 22 23.1 25.8 18:10 20.9 08:00 0.0 4.7 0.00 3.2 29.0 07:10 347 23 24.7 28.2 14:20 20.3 06:00 0.0 6.4 0.00 5.7 27.4 20:40 15 24 26.0 29.5 15:30 23.3 06:50 0.0 7.7 0.00 3.5 27.4 13:10 12 25 26.5 30.8 18:00 21.3 07:00 0.0 8.2 0.00 0.0 1.6 07:00 90 26 27.4 30.2 13:30 24.2 02:00 0.0 9.0 0.00 0.0 0.0 00:10 90 27 26.4 29.7 15:40 22.0 06:40 0.0 8.0 0.00 0.0 0.0 00:10 90 28 26.5 29.7 14:50 22.9 07:10 0.0 8.2 0.00 0.0 1.6 23:20 90 29 26.3 29.8 15:30 22.5 07:00 0.0 7.9 0.00 0.0 0.0 00:10 90 30 26.8 29.8 14:10 23.3 07:10 0.0 8.5 0.00 0.0 0.0 00:10 90 31 27.1 30.2 14:00 23.7 07:00 0.0 8.8 0.00 0.0 0.0 00:10 90 --------------------------------------------------------------------------------------- 25.5 30.8 25 19.9 16 0.0 222.6 2.88 3.3 49.9 16 347