NOAA-Style Climate Reports

NOAA style reports
2022: Jan | Feb | Mar | Apr | May | Jun | Jul | Aug | Sep | Oct | Nov | Dec 
2021: Jan | Feb | Mar | Apr | May | Jun | Jul | Aug | Sep | Oct | Nov | Dec 
2020: Jan | Feb | Mar | Apr | May | Jun | Jul | Aug | Sep | Oct | Nov | Dec 
2019: Jan | Feb | Mar | Apr | May | Jun | Jul | Aug | Sep | Oct | Nov | Dec 
2018: Jan | Feb | Mar | Apr | May | Jun | Jul | Aug | Sep | Oct | Nov | Dec 
2017: Jan | Feb | Mar | Apr | May | Jun | Jul | Aug | Sep | Oct | Nov | Dec 
2016: Jan | Feb | Mar | Apr | May | Jun | Jul | Aug | Sep | Oct | Nov | Dec 
2015: Jan | Feb | Mar | Apr | May | Jun | Jul | Aug | Sep | Oct | Nov | Dec 
2014: Jan | Feb | Mar | Apr | May | Jun | Jul | Aug | Sep | Oct | Nov | Dec 
2013: Jan | Feb | Mar | Apr | May | Jun | Jul | Aug | Sep | Oct | Nov | Dec 
2012: Jan | Feb | Mar | Apr | May | Jun | Jul | Aug | Sep | Oct | Nov | Dec 
2011: Jan | Feb | Mar | Apr | May | Jun | Jul | Aug | Sep | Oct | Nov | Dec 
2010: Jan | Feb | Mar | Apr | May | Jun | Jul | Aug | Sep | Oct | Nov | Dec 
2009: Jan | Feb | Mar | Apr | May | Jun | Jul | Aug | Sep | Oct | Nov | Dec 
2008: Jan | Feb | Mar | Apr | May | Jun | Jul | Aug | Sep | Oct | Nov | Dec 
2007: Jan | Feb | Mar | Apr | May | Jun | Jul | Aug | Sep | Oct | Nov | Dec 
2006: Jan | Feb | Mar | Apr | May | Jun | Jul | Aug | Sep | Oct | Nov | Dec 
2005: Jan | Feb | Mar | Apr | May | Jun | Jul | Aug | Sep | Oct | Nov | Dec 

Report for 2018 06
MONTHLY CLIMATOLOGICAL SUMMARY for Jun 2018 NAME: Cabrera de Mar, Barcelona ELEV: 9 meters LAT: 41-33.89 N LONG: 002-24.07 E TEMPERATURE (C), RAIN (cm), WIND SPEED (km/h) HEAT COOL AVG MEAN DEG DEG WIND DOM DAY TEMP HIGH TIME LOW TIME DAYS DAYS RAIN SPEED HIGH TIME DIR --------------------------------------------------------------------------------------- 01 20.5 23.3 16:10 17.1 06:40 0.0 2.2 0.00 3.1 16.1 11:10 343 02 20.4 23.2 16:10 17.9 06:30 0.0 2.0 0.00 2.3 16.1 16:30 309 03 19.5 22.0 14:20 16.7 00:00 0.0 1.1 0.46 4.9 35.4 13:40 230 04 19.4 22.9 16:50 15.3 06:10 0.0 1.0 0.02 4.3 19.3 12:30 3 05 20.4 23.8 14:40 17.2 06:30 0.0 2.0 0.00 3.3 22.5 20:00 278 06 19.8 23.3 17:30 17.5 03:00 0.0 1.5 1.10 3.1 29.0 15:30 247 07 19.7 21.8 12:30 17.7 07:50 0.0 1.3 0.84 1.8 20.9 07:20 67 08 20.6 23.8 15:40 16.3 06:00 0.0 2.2 0.00 5.8 27.4 17:50 28 09 21.7 26.7 15:00 17.0 05:50 0.0 3.4 0.00 4.5 24.1 13:00 25 10 22.8 28.7 14:10 19.8 06:20 0.0 4.4 0.08 4.4 27.4 16:10 251 11 23.0 26.3 15:20 20.2 03:10 0.0 4.7 0.00 8.0 32.2 12:00 25 12 23.0 28.0 17:40 19.1 08:10 0.0 4.7 0.00 7.6 45.1 16:30 80 13 21.9 25.5 16:40 18.2 05:40 0.0 3.6 0.00 3.6 20.9 10:00 15 14 21.5 24.7 13:50 17.0 06:40 0.0 3.2 0.00 5.1 24.1 16:00 0 15 21.4 24.1 15:10 17.2 06:20 0.0 3.0 0.00 2.6 19.3 08:40 294 16 22.1 24.8 14:20 18.4 07:00 0.0 3.8 0.00 3.0 19.3 13:10 2 17 22.2 24.2 12:30 20.2 06:50 0.0 3.9 0.00 4.5 20.9 14:30 306 18 22.9 26.1 10:40 19.5 06:30 0.0 4.6 0.02 4.9 22.5 12:00 14 19 22.8 26.6 14:30 18.7 05:50 0.0 4.5 0.00 3.6 20.9 15:40 5 20 23.2 26.4 13:40 18.9 06:40 0.0 4.8 0.00 2.0 14.5 15:20 308 21 23.4 27.3 16:30 18.9 06:40 0.0 5.0 0.00 3.5 19.3 16:00 334 22 24.4 27.7 15:30 21.3 06:30 0.0 6.1 0.00 3.7 20.9 14:10 323 23 23.7 25.2 13:50 21.3 06:20 0.0 5.4 0.00 4.5 24.1 13:40 272 24 23.5 25.5 14:30 21.3 07:40 0.0 5.2 0.00 2.9 16.1 04:40 337 25 23.8 26.0 11:40 21.8 05:50 0.0 5.4 0.00 4.2 30.6 09:20 271 26 23.6 25.8 12:50 21.3 05:20 0.0 5.3 0.00 2.9 16.1 07:00 282 27 24.4 27.8 16:30 20.2 07:10 0.0 6.1 0.00 6.2 30.6 16:40 26 28 24.3 26.6 12:30 22.3 23:40 0.0 6.0 0.02 3.4 22.5 20:20 341 29 24.1 26.7 10:10 21.3 07:00 0.0 5.8 0.00 3.7 24.1 14:10 321 30 24.2 27.7 16:10 19.9 07:00 0.0 5.8 0.00 4.0 22.5 14:00 243 --------------------------------------------------------------------------------------- 22.3 28.7 10 15.3 04 0.0 117.9 2.54 4.0 45.1 12 336