NOAA-Style Climate Reports

NOAA style reports
2022: Jan | Feb | Mar | Apr | May | Jun | Jul | Aug | Sep | Oct | Nov | Dec 
2021: Jan | Feb | Mar | Apr | May | Jun | Jul | Aug | Sep | Oct | Nov | Dec 
2020: Jan | Feb | Mar | Apr | May | Jun | Jul | Aug | Sep | Oct | Nov | Dec 
2019: Jan | Feb | Mar | Apr | May | Jun | Jul | Aug | Sep | Oct | Nov | Dec 
2018: Jan | Feb | Mar | Apr | May | Jun | Jul | Aug | Sep | Oct | Nov | Dec 
2017: Jan | Feb | Mar | Apr | May | Jun | Jul | Aug | Sep | Oct | Nov | Dec 
2016: Jan | Feb | Mar | Apr | May | Jun | Jul | Aug | Sep | Oct | Nov | Dec 
2015: Jan | Feb | Mar | Apr | May | Jun | Jul | Aug | Sep | Oct | Nov | Dec 
2014: Jan | Feb | Mar | Apr | May | Jun | Jul | Aug | Sep | Oct | Nov | Dec 
2013: Jan | Feb | Mar | Apr | May | Jun | Jul | Aug | Sep | Oct | Nov | Dec 
2012: Jan | Feb | Mar | Apr | May | Jun | Jul | Aug | Sep | Oct | Nov | Dec 
2011: Jan | Feb | Mar | Apr | May | Jun | Jul | Aug | Sep | Oct | Nov | Dec 
2010: Jan | Feb | Mar | Apr | May | Jun | Jul | Aug | Sep | Oct | Nov | Dec 
2009: Jan | Feb | Mar | Apr | May | Jun | Jul | Aug | Sep | Oct | Nov | Dec 
2008: Jan | Feb | Mar | Apr | May | Jun | Jul | Aug | Sep | Oct | Nov | Dec 
2007: Jan | Feb | Mar | Apr | May | Jun | Jul | Aug | Sep | Oct | Nov | Dec 
2006: Jan | Feb | Mar | Apr | May | Jun | Jul | Aug | Sep | Oct | Nov | Dec 
2005: Jan | Feb | Mar | Apr | May | Jun | Jul | Aug | Sep | Oct | Nov | Dec 

Report for 2018 02
MONTHLY CLIMATOLOGICAL SUMMARY for Feb 2018 NAME: Cabrera de Mar, Barcelona ELEV: 9 meters LAT: 41-33.89 N LONG: 002-24.07 E TEMPERATURE (C), RAIN (cm), WIND SPEED (km/h) HEAT COOL AVG MEAN DEG DEG WIND DOM DAY TEMP HIGH TIME LOW TIME DAYS DAYS RAIN SPEED HIGH TIME DIR --------------------------------------------------------------------------------------- 01 9.2 12.2 13:20 6.6 20:40 9.1 0.0 0.36 4.8 32.2 23:40 49 02 8.5 11.9 16:30 6.1 08:30 9.8 0.0 0.00 5.2 40.2 00:10 32 03 8.5 14.8 14:20 2.3 08:20 9.9 0.0 0.00 5.1 45.1 15:10 14 04 8.9 10.9 11:40 6.4 02:20 9.4 0.0 0.52 10.2 45.1 16:10 107 05 9.4 12.8 15:40 7.1 00:10 8.9 0.0 1.94 4.7 29.0 16:00 107 06 9.4 12.4 14:40 7.4 04:30 9.0 0.0 0.68 5.7 33.8 13:40 125 07 8.1 10.7 17:40 5.7 00:00 10.3 0.0 0.00 2.5 20.9 05:40 32 08 4.9 7.0 12:00 3.3 00:00 13.4 0.0 0.18 2.6 25.7 09:10 109 09 6.0 10.8 14:40 1.3 04:30 12.3 0.0 0.00 4.1 30.6 15:00 301 10 7.8 12.3 12:50 4.3 23:40 10.5 0.0 0.00 4.2 38.6 07:00 35 11 9.0 14.7 13:50 2.6 07:20 9.3 0.0 0.00 5.3 30.6 13:20 303 12 8.3 12.3 02:20 3.6 23:50 10.1 0.0 1.48 3.4 32.2 12:30 126 13 5.9 10.9 15:10 1.1 08:00 12.4 0.0 0.00 8.3 46.7 18:00 353 14 8.1 11.6 16:50 3.7 06:00 10.3 0.0 0.00 1.5 20.9 02:50 349 15 11.0 14.5 17:00 6.8 08:10 7.3 0.0 0.00 1.6 16.1 04:40 275 16 12.2 15.2 14:10 9.2 04:10 6.1 0.0 0.00 0.9 17.7 14:00 162 17 11.9 13.7 15:40 9.0 08:10 6.4 0.0 0.18 1.2 22.5 13:30 148 18 11.8 14.6 12:00 9.7 05:00 6.5 0.0 0.04 2.7 19.3 12:40 303 19 10.9 12.8 15:40 8.7 06:40 7.5 0.0 0.00 1.7 17.7 20:00 285 20 11.7 14.4 14:30 9.7 23:10 6.6 0.0 0.00 1.2 14.5 06:40 256 21 10.4 16.3 13:20 4.9 00:00 7.9 0.0 0.00 7.8 41.8 14:20 121 22 6.8 10.3 14:00 2.5 06:10 11.5 0.0 0.00 3.0 32.2 19:40 244 23 7.5 10.8 13:40 4.2 08:10 10.8 0.0 0.00 5.0 24.1 13:40 297 24 8.2 12.8 15:40 2.9 08:10 10.1 0.0 0.00 4.0 25.7 16:40 291 25 10.2 14.9 13:20 6.8 00:30 8.2 0.0 0.00 3.0 22.5 12:00 179 26 6.9 10.9 14:00 2.5 22:00 11.4 0.0 0.08 6.3 38.6 20:10 152 27 3.1 5.2 15:30 0.7 04:40 15.3 0.0 0.02 3.9 24.1 02:50 106 28 5.6 9.1 23:10 2.2 08:00 12.7 0.0 0.48 6.7 32.2 12:40 107 --------------------------------------------------------------------------------------- 8.6 16.3 21 0.7 27 273.1 0.0 5.96 4.2 46.7 13 77