NOAA-Style Climate Reports

NOAA style reports
2022: Jan | Feb | Mar | Apr | May | Jun | Jul | Aug | Sep | Oct | Nov | Dec 
2021: Jan | Feb | Mar | Apr | May | Jun | Jul | Aug | Sep | Oct | Nov | Dec 
2020: Jan | Feb | Mar | Apr | May | Jun | Jul | Aug | Sep | Oct | Nov | Dec 
2019: Jan | Feb | Mar | Apr | May | Jun | Jul | Aug | Sep | Oct | Nov | Dec 
2018: Jan | Feb | Mar | Apr | May | Jun | Jul | Aug | Sep | Oct | Nov | Dec 
2017: Jan | Feb | Mar | Apr | May | Jun | Jul | Aug | Sep | Oct | Nov | Dec 
2016: Jan | Feb | Mar | Apr | May | Jun | Jul | Aug | Sep | Oct | Nov | Dec 
2015: Jan | Feb | Mar | Apr | May | Jun | Jul | Aug | Sep | Oct | Nov | Dec 
2014: Jan | Feb | Mar | Apr | May | Jun | Jul | Aug | Sep | Oct | Nov | Dec 
2013: Jan | Feb | Mar | Apr | May | Jun | Jul | Aug | Sep | Oct | Nov | Dec 
2012: Jan | Feb | Mar | Apr | May | Jun | Jul | Aug | Sep | Oct | Nov | Dec 
2011: Jan | Feb | Mar | Apr | May | Jun | Jul | Aug | Sep | Oct | Nov | Dec 
2010: Jan | Feb | Mar | Apr | May | Jun | Jul | Aug | Sep | Oct | Nov | Dec 
2009: Jan | Feb | Mar | Apr | May | Jun | Jul | Aug | Sep | Oct | Nov | Dec 
2008: Jan | Feb | Mar | Apr | May | Jun | Jul | Aug | Sep | Oct | Nov | Dec 
2007: Jan | Feb | Mar | Apr | May | Jun | Jul | Aug | Sep | Oct | Nov | Dec 
2006: Jan | Feb | Mar | Apr | May | Jun | Jul | Aug | Sep | Oct | Nov | Dec 
2005: Jan | Feb | Mar | Apr | May | Jun | Jul | Aug | Sep | Oct | Nov | Dec 

Report for 2018 01
MONTHLY CLIMATOLOGICAL SUMMARY for Jan 2018 NAME: Cabrera de Mar, Barcelona ELEV: 9 meters LAT: 41-33.89 N LONG: 002-24.07 E TEMPERATURE (C), RAIN (cm), WIND SPEED (km/h) HEAT COOL AVG MEAN DEG DEG WIND DOM DAY TEMP HIGH TIME LOW TIME DAYS DAYS RAIN SPEED HIGH TIME DIR --------------------------------------------------------------------------------------- 01 14.1 16.1 14:10 11.1 09:30 4.3 0.0 0.00 20.0 54.7 11:30 41 02 15.6 18.4 15:00 10.4 10:10 2.7 0.0 0.00 5.1 24.1 15:20 28 03 19.9 22.7 15:20 15.4 10:20 0.0 1.6 0.00 12.2 53.1 13:00 46 04 18.6 23.4 14:00 13.9 22:20 0.0 0.3 0.00 4.2 25.7 11:30 47 05 15.4 20.2 15:00 11.6 00:00 2.9 0.0 0.00 8.2 46.7 12:30 29 06 12.7 15.8 11:20 8.9 04:50 5.6 0.0 0.00 2.5 40.2 17:30 165 07 11.6 14.7 00:10 7.5 00:00 6.7 0.0 1.44 3.1 37.0 10:20 30 08 9.1 14.2 14:30 4.8 07:10 9.2 0.0 0.00 3.1 25.7 20:20 17 09 10.2 15.6 14:00 6.1 08:40 8.1 0.0 0.00 6.9 32.2 05:50 345 10 11.3 16.1 14:30 7.3 08:50 7.1 0.0 0.00 5.8 30.6 03:20 3 11 10.5 13.7 12:30 6.8 00:00 7.8 0.0 0.10 5.0 40.2 04:10 40 12 8.9 13.7 16:00 4.6 06:00 9.4 0.0 0.00 2.7 22.5 02:00 8 13 10.5 13.9 11:40 5.8 03:10 7.9 0.0 0.42 4.6 35.4 20:20 300 14 10.6 13.8 13:40 7.8 08:40 7.7 0.0 0.36 1.7 32.2 00:50 355 15 9.4 14.5 13:30 4.9 07:50 9.0 0.0 0.00 5.3 30.6 22:40 345 16 12.5 17.7 16:20 8.4 07:30 5.9 0.0 0.00 7.3 32.2 12:20 353 17 13.8 17.0 12:30 10.3 08:50 4.5 0.0 0.00 3.6 24.1 00:10 339 18 12.2 15.7 13:50 9.2 23:40 6.1 0.0 0.00 4.9 29.0 13:00 322 19 9.9 13.5 17:20 6.3 08:10 8.4 0.0 0.00 0.4 8.0 02:00 77 20 11.8 17.6 15:50 6.3 08:10 6.6 0.0 0.00 4.4 30.6 13:30 330 21 16.5 22.6 15:40 12.4 00:10 1.9 0.0 0.00 10.0 54.7 10:40 58 22 13.9 19.8 12:30 10.4 07:50 4.4 0.0 0.00 2.6 29.0 09:20 84 23 12.3 16.2 11:30 8.9 08:20 6.0 0.0 0.00 1.5 25.7 06:00 149 24 11.7 15.8 15:10 7.4 06:50 6.6 0.0 0.02 2.6 20.9 17:00 337 25 12.8 14.5 12:30 10.1 00:10 5.5 0.0 0.00 4.5 25.7 14:00 354 26 9.5 13.1 00:10 7.2 12:00 8.8 0.0 4.30 5.6 56.3 06:30 98 27 10.4 14.0 16:00 6.6 08:30 8.0 0.0 0.00 5.9 38.6 20:20 94 28 13.0 16.1 13:30 9.1 00:00 5.3 0.0 0.00 4.4 37.0 00:50 106 29 10.5 15.7 14:40 6.4 08:00 7.8 0.0 0.00 1.9 20.9 15:20 274 30 9.9 14.0 17:30 5.9 07:20 8.4 0.0 0.02 1.2 16.1 09:50 166 31 10.5 15.1 14:10 5.9 08:20 7.9 0.0 0.02 5.9 35.4 15:10 298 --------------------------------------------------------------------------------------- 11.8 23.4 04 4.6 12 190.4 1.9 6.68 4.6 56.3 26 15