NOAA-Style Climate Reports

NOAA style reports
2022: Jan | Feb | Mar | Apr | May | Jun | Jul | Aug | Sep | Oct | Nov | Dec 
2021: Jan | Feb | Mar | Apr | May | Jun | Jul | Aug | Sep | Oct | Nov | Dec 
2020: Jan | Feb | Mar | Apr | May | Jun | Jul | Aug | Sep | Oct | Nov | Dec 
2019: Jan | Feb | Mar | Apr | May | Jun | Jul | Aug | Sep | Oct | Nov | Dec 
2018: Jan | Feb | Mar | Apr | May | Jun | Jul | Aug | Sep | Oct | Nov | Dec 
2017: Jan | Feb | Mar | Apr | May | Jun | Jul | Aug | Sep | Oct | Nov | Dec 
2016: Jan | Feb | Mar | Apr | May | Jun | Jul | Aug | Sep | Oct | Nov | Dec 
2015: Jan | Feb | Mar | Apr | May | Jun | Jul | Aug | Sep | Oct | Nov | Dec 
2014: Jan | Feb | Mar | Apr | May | Jun | Jul | Aug | Sep | Oct | Nov | Dec 
2013: Jan | Feb | Mar | Apr | May | Jun | Jul | Aug | Sep | Oct | Nov | Dec 
2012: Jan | Feb | Mar | Apr | May | Jun | Jul | Aug | Sep | Oct | Nov | Dec 
2011: Jan | Feb | Mar | Apr | May | Jun | Jul | Aug | Sep | Oct | Nov | Dec 
2010: Jan | Feb | Mar | Apr | May | Jun | Jul | Aug | Sep | Oct | Nov | Dec 
2009: Jan | Feb | Mar | Apr | May | Jun | Jul | Aug | Sep | Oct | Nov | Dec 
2008: Jan | Feb | Mar | Apr | May | Jun | Jul | Aug | Sep | Oct | Nov | Dec 
2007: Jan | Feb | Mar | Apr | May | Jun | Jul | Aug | Sep | Oct | Nov | Dec 
2006: Jan | Feb | Mar | Apr | May | Jun | Jul | Aug | Sep | Oct | Nov | Dec 
2005: Jan | Feb | Mar | Apr | May | Jun | Jul | Aug | Sep | Oct | Nov | Dec 

Report for 2017 10
MONTHLY CLIMATOLOGICAL SUMMARY for Oct 2017 NAME: Cabrera de Mar, Barcelona ELEV: 9 meters LAT: 41-33.89 N LONG: 002-24.07 E TEMPERATURE (C), RAIN (cm), WIND SPEED (km/h) HEAT COOL AVG MEAN DEG DEG WIND DOM DAY TEMP HIGH TIME LOW TIME DAYS DAYS RAIN SPEED HIGH TIME DIR --------------------------------------------------------------------------------------- 01 19.7 21.3 16:30 18.8 13:30 0.0 1.4 1.38 0.0 0.0 00:10 90 02 20.8 23.7 15:30 18.4 08:00 0.0 2.5 0.00 0.0 0.0 00:10 90 03 22.2 24.8 16:20 20.1 00:00 0.0 3.8 0.00 0.0 0.0 00:10 90 04 21.0 23.1 16:20 19.1 07:40 0.0 2.7 0.00 0.0 0.0 00:10 90 05 22.2 26.0 14:10 18.7 07:30 0.0 3.9 0.00 0.0 0.0 00:10 90 06 21.6 23.9 16:30 18.4 07:50 0.0 3.2 0.10 0.0 0.0 00:10 90 07 19.3 23.3 13:50 16.4 08:30 0.0 1.0 0.02 0.0 0.0 00:10 90 08 19.4 23.7 15:00 15.0 08:30 0.0 1.1 0.00 0.0 0.0 00:10 90 09 19.8 23.8 15:20 15.2 05:20 0.0 1.4 0.00 0.0 0.0 00:10 90 10 21.0 23.7 14:20 17.4 07:00 0.0 2.6 0.02 0.0 0.0 00:10 90 11 21.6 24.5 12:40 18.2 08:00 0.0 3.3 0.00 0.0 0.0 00:10 90 12 21.1 24.6 15:40 17.1 08:30 0.0 2.8 0.00 0.0 0.0 00:10 90 13 21.2 24.4 16:00 18.1 08:30 0.0 2.9 0.02 0.0 0.0 00:10 90 14 20.8 24.8 13:40 17.7 03:40 0.0 2.5 0.00 0.0 0.0 00:10 90 15 21.0 24.7 16:00 16.4 08:20 0.0 2.7 0.02 0.0 0.0 00:10 90 16 21.3 25.1 14:10 17.9 06:00 0.0 3.0 0.00 0.0 0.0 00:10 90 17 20.5 24.5 15:10 16.6 07:40 0.0 2.2 0.00 0.0 0.0 00:10 90 18 20.2 24.1 12:40 17.6 21:10 0.0 1.9 0.34 0.0 0.0 00:10 90 19 17.6 19.2 12:30 15.3 08:20 0.8 0.0 4.08 4.7 46.7 17:30 114 20 19.6 22.8 15:50 16.7 08:00 0.0 1.2 0.36 0.2 19.3 10:50 109 21 20.3 24.3 14:10 15.5 08:40 0.0 2.0 0.02 5.1 29.0 15:10 291 22 19.0 22.5 14:50 15.4 00:00 0.0 0.7 0.02 4.5 29.0 00:10 320 23 17.2 21.3 15:30 13.3 08:40 1.1 0.0 0.00 3.6 25.7 14:30 302 24 17.5 22.3 16:20 13.2 07:10 0.8 0.0 0.00 0.2 9.7 10:00 47 25 18.5 22.9 13:50 14.1 06:50 0.0 0.2 0.00 0.3 14.5 00:50 60 26 18.8 22.9 14:40 14.3 07:10 0.0 0.5 0.02 0.0 3.2 03:50 90 27 19.0 23.3 14:20 14.9 09:00 0.0 0.7 0.02 0.4 17.7 22:50 30 28 18.8 22.9 14:00 15.5 06:30 0.0 0.5 0.00 2.1 22.5 01:40 3 29 18.7 25.7 14:00 13.9 05:10 0.0 0.4 0.00 2.5 27.4 19:10 31 30 16.8 20.2 15:20 13.5 08:10 1.5 0.0 0.00 1.6 19.3 09:10 195 31 16.2 19.1 14:40 13.1 07:30 2.1 0.0 0.08 1.4 17.7 11:00 206 --------------------------------------------------------------------------------------- 19.8 26.0 05 13.1 31 6.4 50.9 6.50 0.9 46.7 19 342