NOAA-Style Climate Reports

NOAA style reports
2022: Jan | Feb | Mar | Apr | May | Jun | Jul | Aug | Sep | Oct | Nov | Dec 
2021: Jan | Feb | Mar | Apr | May | Jun | Jul | Aug | Sep | Oct | Nov | Dec 
2020: Jan | Feb | Mar | Apr | May | Jun | Jul | Aug | Sep | Oct | Nov | Dec 
2019: Jan | Feb | Mar | Apr | May | Jun | Jul | Aug | Sep | Oct | Nov | Dec 
2018: Jan | Feb | Mar | Apr | May | Jun | Jul | Aug | Sep | Oct | Nov | Dec 
2017: Jan | Feb | Mar | Apr | May | Jun | Jul | Aug | Sep | Oct | Nov | Dec 
2016: Jan | Feb | Mar | Apr | May | Jun | Jul | Aug | Sep | Oct | Nov | Dec 
2015: Jan | Feb | Mar | Apr | May | Jun | Jul | Aug | Sep | Oct | Nov | Dec 
2014: Jan | Feb | Mar | Apr | May | Jun | Jul | Aug | Sep | Oct | Nov | Dec 
2013: Jan | Feb | Mar | Apr | May | Jun | Jul | Aug | Sep | Oct | Nov | Dec 
2012: Jan | Feb | Mar | Apr | May | Jun | Jul | Aug | Sep | Oct | Nov | Dec 
2011: Jan | Feb | Mar | Apr | May | Jun | Jul | Aug | Sep | Oct | Nov | Dec 
2010: Jan | Feb | Mar | Apr | May | Jun | Jul | Aug | Sep | Oct | Nov | Dec 
2009: Jan | Feb | Mar | Apr | May | Jun | Jul | Aug | Sep | Oct | Nov | Dec 
2008: Jan | Feb | Mar | Apr | May | Jun | Jul | Aug | Sep | Oct | Nov | Dec 
2007: Jan | Feb | Mar | Apr | May | Jun | Jul | Aug | Sep | Oct | Nov | Dec 
2006: Jan | Feb | Mar | Apr | May | Jun | Jul | Aug | Sep | Oct | Nov | Dec 
2005: Jan | Feb | Mar | Apr | May | Jun | Jul | Aug | Sep | Oct | Nov | Dec 

Report for 2017 05
MONTHLY CLIMATOLOGICAL SUMMARY for May 2017 NAME: Cabrera de Mar, Barcelona ELEV: 9 meters LAT: 41-33.89 N LONG: 002-24.07 E TEMPERATURE (C), RAIN (cm), WIND SPEED (km/h) HEAT COOL AVG MEAN DEG DEG WIND DOM DAY TEMP HIGH TIME LOW TIME DAYS DAYS RAIN SPEED HIGH TIME DIR --------------------------------------------------------------------------------------- 01 14.4 17.2 16:30 10.4 07:40 3.9 0.0 0.00 0.0 0.0 00:10 90 02 14.8 18.3 14:20 10.6 06:40 3.5 0.0 0.00 0.0 0.0 00:10 90 03 14.8 16.3 12:00 12.8 07:00 3.6 0.0 0.12 0.0 0.0 00:10 90 04 15.4 18.8 15:00 10.9 06:40 2.9 0.0 0.02 0.0 0.0 00:10 90 05 16.9 20.6 14:00 12.9 06:20 1.4 0.0 0.00 0.0 0.0 00:10 90 06 19.3 26.6 13:10 15.7 06:00 0.0 1.0 0.00 0.0 0.0 00:10 90 07 17.0 20.5 15:20 12.9 07:40 1.3 0.0 0.00 0.0 0.0 00:10 90 08 16.7 19.8 15:40 12.8 07:20 1.6 0.0 0.00 0.0 1.6 17:40 90 09 16.5 18.9 13:00 12.8 07:00 1.8 0.0 0.00 0.0 0.0 00:10 90 10 18.0 21.3 15:10 14.1 07:20 0.3 0.0 0.00 0.0 0.0 00:10 90 11 18.1 21.4 18:20 15.8 11:20 0.2 0.0 0.64 0.0 0.0 00:10 90 12 19.7 25.9 12:30 13.6 06:40 0.0 1.3 0.00 0.0 0.0 00:10 90 13 19.7 26.0 16:40 16.1 04:00 0.0 1.4 0.00 0.0 0.0 00:10 90 14 19.3 22.1 16:10 16.3 02:50 0.0 1.0 0.00 0.0 0.0 00:10 90 15 19.7 23.8 13:20 15.2 06:30 0.0 1.4 0.00 0.0 0.0 00:10 90 16 20.2 24.5 13:10 16.7 06:50 0.0 1.8 0.00 0.0 0.0 00:10 90 17 19.9 23.6 13:20 15.3 06:50 0.0 1.6 0.00 0.0 0.0 00:10 90 18 19.2 22.2 16:00 15.8 07:10 0.0 0.9 0.02 0.0 0.0 00:10 90 19 17.4 20.3 17:00 13.2 07:00 0.9 0.0 0.28 0.0 0.0 00:10 90 20 17.8 21.2 18:30 13.7 07:00 0.5 0.0 0.00 0.0 0.0 00:10 90 21 18.4 22.3 16:20 13.4 06:50 0.0 0.1 0.00 0.0 0.0 00:10 90 22 19.7 22.7 14:20 15.4 06:50 0.0 1.4 0.00 0.0 0.0 00:10 90 23 20.2 23.4 14:10 16.4 06:20 0.0 1.9 0.00 0.0 0.0 00:10 90 24 21.6 24.8 12:20 17.9 07:00 0.0 3.3 0.00 0.0 0.0 00:10 90 25 22.2 26.0 13:40 18.3 06:40 0.0 3.8 0.00 0.0 0.0 00:10 90 26 20.3 22.9 12:50 17.8 06:00 0.0 2.0 0.00 0.0 0.0 00:10 90 27 20.7 23.7 14:10 18.7 04:30 0.0 2.4 0.00 0.0 0.0 00:10 90 28 19.7 23.3 16:40 16.3 06:20 0.0 1.3 0.00 0.0 0.0 00:10 90 29 20.8 24.4 12:20 15.9 06:40 0.0 2.5 0.00 0.0 0.0 00:10 90 30 20.5 23.3 16:10 17.4 10:30 0.0 2.2 0.28 0.0 0.0 00:10 90 31 20.3 24.7 14:20 15.8 06:20 0.0 2.0 0.00 0.0 0.0 00:10 90 --------------------------------------------------------------------------------------- 18.7 26.6 06 10.4 01 22.2 33.2 1.36 0.0 1.6 08 90