NOAA-Style Climate Reports

NOAA style reports
2022: Jan | Feb | Mar | Apr | May | Jun | Jul | Aug | Sep | Oct | Nov | Dec 
2021: Jan | Feb | Mar | Apr | May | Jun | Jul | Aug | Sep | Oct | Nov | Dec 
2020: Jan | Feb | Mar | Apr | May | Jun | Jul | Aug | Sep | Oct | Nov | Dec 
2019: Jan | Feb | Mar | Apr | May | Jun | Jul | Aug | Sep | Oct | Nov | Dec 
2018: Jan | Feb | Mar | Apr | May | Jun | Jul | Aug | Sep | Oct | Nov | Dec 
2017: Jan | Feb | Mar | Apr | May | Jun | Jul | Aug | Sep | Oct | Nov | Dec 
2016: Jan | Feb | Mar | Apr | May | Jun | Jul | Aug | Sep | Oct | Nov | Dec 
2015: Jan | Feb | Mar | Apr | May | Jun | Jul | Aug | Sep | Oct | Nov | Dec 
2014: Jan | Feb | Mar | Apr | May | Jun | Jul | Aug | Sep | Oct | Nov | Dec 
2013: Jan | Feb | Mar | Apr | May | Jun | Jul | Aug | Sep | Oct | Nov | Dec 
2012: Jan | Feb | Mar | Apr | May | Jun | Jul | Aug | Sep | Oct | Nov | Dec 
2011: Jan | Feb | Mar | Apr | May | Jun | Jul | Aug | Sep | Oct | Nov | Dec 
2010: Jan | Feb | Mar | Apr | May | Jun | Jul | Aug | Sep | Oct | Nov | Dec 
2009: Jan | Feb | Mar | Apr | May | Jun | Jul | Aug | Sep | Oct | Nov | Dec 
2008: Jan | Feb | Mar | Apr | May | Jun | Jul | Aug | Sep | Oct | Nov | Dec 
2007: Jan | Feb | Mar | Apr | May | Jun | Jul | Aug | Sep | Oct | Nov | Dec 
2006: Jan | Feb | Mar | Apr | May | Jun | Jul | Aug | Sep | Oct | Nov | Dec 
2005: Jan | Feb | Mar | Apr | May | Jun | Jul | Aug | Sep | Oct | Nov | Dec 

Report for 2017 03
MONTHLY CLIMATOLOGICAL SUMMARY for Mar 2017 NAME: Cabrera de Mar, Barcelona ELEV: 9 meters LAT: 41-33.89 N LONG: 002-24.07 E TEMPERATURE (C), RAIN (cm), WIND SPEED (km/h) HEAT COOL AVG MEAN DEG DEG WIND DOM DAY TEMP HIGH TIME LOW TIME DAYS DAYS RAIN SPEED HIGH TIME DIR --------------------------------------------------------------------------------------- 01 12.2 15.1 16:10 8.4 07:00 6.1 0.0 0.00 0.0 0.0 00:10 90 02 12.9 17.1 12:20 8.3 07:20 5.4 0.0 0.00 0.0 0.0 00:10 90 03 13.7 15.3 15:30 12.4 05:50 4.7 0.0 0.12 0.0 0.0 00:10 90 04 11.3 15.6 14:40 6.8 07:10 7.0 0.0 1.22 13.7 70.8 02:00 307 05 12.5 18.7 16:30 7.1 08:00 5.8 0.0 0.00 7.1 46.7 14:00 331 06 17.4 24.5 16:40 11.6 06:30 0.9 0.0 0.00 5.1 41.8 15:20 350 07 13.7 17.2 14:50 10.1 07:20 4.7 0.0 0.00 0.0 0.0 00:10 90 08 13.6 17.2 12:50 10.8 02:20 4.7 0.0 0.00 0.0 0.0 00:10 90 09 13.6 17.1 13:10 9.7 07:30 4.7 0.0 0.00 0.0 0.0 00:10 90 10 14.5 21.6 12:50 9.6 07:50 3.8 0.0 0.02 0.0 0.0 00:10 90 11 14.5 19.1 13:30 10.6 07:30 3.8 0.0 0.00 0.0 0.0 00:10 90 12 14.0 17.3 12:40 11.1 07:10 4.4 0.0 0.00 0.0 4.8 08:40 90 13 15.9 21.3 15:10 11.1 04:50 2.5 0.0 0.00 0.0 11.3 16:30 90 14 17.1 18.8 14:00 15.7 09:00 1.2 0.0 0.00 0.0 0.0 00:10 90 15 16.7 18.5 12:50 14.4 09:00 1.6 0.0 0.00 2.2 17.7 16:00 193 16 15.7 16.9 15:00 13.4 09:00 2.6 0.0 0.00 4.9 20.9 15:10 252 17 16.4 18.7 13:50 8.1 07:50 2.0 0.0 0.00 10.0 38.6 14:50 293 18 16.0 17.9 13:10 9.8 07:50 2.3 0.0 0.00 3.4 20.9 13:00 145 19 16.1 17.9 14:20 10.8 07:50 2.2 0.0 0.00 0.0 0.0 00:10 90 20 15.5 17.9 14:10 10.7 07:50 2.8 0.0 0.00 0.0 0.0 00:10 90 21 14.1 16.7 11:30 10.7 03:00 4.3 0.0 0.00 0.0 0.0 00:10 90 22 15.0 20.2 11:40 10.7 07:00 3.3 0.0 0.00 0.0 0.0 00:10 90 23 14.4 19.1 13:00 10.7 00:00 3.9 0.0 0.00 0.0 0.0 00:10 90 24 11.4 14.1 22:30 9.8 02:50 6.9 0.0 2.46 0.0 4.8 21:40 90 25 11.1 15.3 16:20 5.4 06:50 7.3 0.0 2.18 0.0 6.4 00:50 90 26 12.7 17.1 15:00 8.0 07:10 5.7 0.0 0.00 0.0 0.0 00:10 90 27 13.0 17.1 13:50 9.4 05:50 5.3 0.0 0.04 0.0 0.0 00:10 90 28 12.5 15.9 18:00 7.8 08:00 5.9 0.0 0.00 0.0 0.0 00:10 90 29 15.3 20.2 14:10 10.4 08:10 3.1 0.0 0.00 0.0 0.0 00:10 90 30 14.7 19.1 15:00 10.2 07:50 3.6 0.0 0.00 0.0 0.0 00:10 90 31 14.0 17.3 17:40 10.9 07:20 4.3 0.0 0.00 0.0 0.0 00:10 90 --------------------------------------------------------------------------------------- 13.9 24.5 06 5.4 25 126.8 0.0 6.04 1.3 70.8 04 312