NOAA-Style Climate Reports

NOAA style reports
2022: Jan | Feb | Mar | Apr | May | Jun | Jul | Aug | Sep | Oct | Nov | Dec 
2021: Jan | Feb | Mar | Apr | May | Jun | Jul | Aug | Sep | Oct | Nov | Dec 
2020: Jan | Feb | Mar | Apr | May | Jun | Jul | Aug | Sep | Oct | Nov | Dec 
2019: Jan | Feb | Mar | Apr | May | Jun | Jul | Aug | Sep | Oct | Nov | Dec 
2018: Jan | Feb | Mar | Apr | May | Jun | Jul | Aug | Sep | Oct | Nov | Dec 
2017: Jan | Feb | Mar | Apr | May | Jun | Jul | Aug | Sep | Oct | Nov | Dec 
2016: Jan | Feb | Mar | Apr | May | Jun | Jul | Aug | Sep | Oct | Nov | Dec 
2015: Jan | Feb | Mar | Apr | May | Jun | Jul | Aug | Sep | Oct | Nov | Dec 
2014: Jan | Feb | Mar | Apr | May | Jun | Jul | Aug | Sep | Oct | Nov | Dec 
2013: Jan | Feb | Mar | Apr | May | Jun | Jul | Aug | Sep | Oct | Nov | Dec 
2012: Jan | Feb | Mar | Apr | May | Jun | Jul | Aug | Sep | Oct | Nov | Dec 
2011: Jan | Feb | Mar | Apr | May | Jun | Jul | Aug | Sep | Oct | Nov | Dec 
2010: Jan | Feb | Mar | Apr | May | Jun | Jul | Aug | Sep | Oct | Nov | Dec 
2009: Jan | Feb | Mar | Apr | May | Jun | Jul | Aug | Sep | Oct | Nov | Dec 
2008: Jan | Feb | Mar | Apr | May | Jun | Jul | Aug | Sep | Oct | Nov | Dec 
2007: Jan | Feb | Mar | Apr | May | Jun | Jul | Aug | Sep | Oct | Nov | Dec 
2006: Jan | Feb | Mar | Apr | May | Jun | Jul | Aug | Sep | Oct | Nov | Dec 
2005: Jan | Feb | Mar | Apr | May | Jun | Jul | Aug | Sep | Oct | Nov | Dec 

Report for 2017 02
MONTHLY CLIMATOLOGICAL SUMMARY for Feb 2017 NAME: Cabrera de Mar, Barcelona ELEV: 9 meters LAT: 41-33.89 N LONG: 002-24.07 E TEMPERATURE (C), RAIN (cm), WIND SPEED (km/h) HEAT COOL AVG MEAN DEG DEG WIND DOM DAY TEMP HIGH TIME LOW TIME DAYS DAYS RAIN SPEED HIGH TIME DIR --------------------------------------------------------------------------------------- 01 11.8 15.2 11:30 6.9 08:00 6.5 0.0 0.02 0.0 0.0 00:10 90 02 12.6 15.2 12:00 11.3 06:50 5.8 0.0 0.00 0.0 9.7 19:10 90 03 12.9 17.3 15:10 9.7 07:00 5.4 0.0 0.00 0.0 0.0 00:10 90 04 15.7 21.0 14:20 11.6 01:20 2.6 0.0 0.00 0.0 29.0 10:10 270 05 14.1 17.3 11:20 9.7 23:10 4.3 0.0 0.00 0.0 0.0 00:10 90 06 13.1 18.2 14:10 8.7 02:10 5.3 0.0 0.00 0.0 0.0 00:10 90 07 12.9 15.8 11:10 10.4 08:40 5.4 0.0 0.06 0.0 0.0 00:10 90 08 10.9 14.3 15:00 8.4 23:50 7.4 0.0 0.28 0.0 0.0 00:10 90 09 9.2 13.3 14:30 4.0 07:20 9.2 0.0 0.00 0.0 0.0 00:10 90 10 10.0 13.5 14:20 7.1 08:10 8.3 0.0 0.00 0.0 0.0 00:10 90 11 11.7 15.0 13:50 7.3 01:40 6.6 0.0 0.00 0.0 0.0 00:10 90 12 13.6 14.8 14:10 12.8 04:30 4.7 0.0 0.00 0.0 0.0 00:10 90 13 14.0 14.9 11:40 13.1 22:50 4.4 0.0 0.98 0.0 0.0 00:10 90 14 14.0 16.4 14:40 11.9 08:00 4.4 0.0 0.42 0.0 0.0 00:10 90 15 14.2 17.6 12:30 11.2 08:10 4.2 0.0 0.00 0.0 0.0 00:10 90 16 13.0 14.9 12:20 10.4 00:00 5.3 0.0 0.00 0.0 0.0 00:10 90 17 11.3 15.3 14:20 7.2 08:00 7.1 0.0 0.02 0.0 0.0 00:10 90 18 11.7 16.2 12:20 7.2 06:30 6.7 0.0 0.02 0.0 0.0 00:10 90 19 13.1 17.7 12:00 9.7 02:10 5.2 0.0 0.00 0.0 0.0 00:10 90 20 12.3 17.7 14:20 9.3 04:40 6.0 0.0 0.00 0.0 0.0 00:10 90 21 11.4 15.5 15:10 7.2 07:20 7.0 0.0 0.00 0.0 0.0 00:10 90 22 11.9 16.3 16:00 7.4 06:00 6.4 0.0 0.00 0.0 0.0 00:10 90 23 13.5 17.9 15:00 9.6 05:00 4.9 0.0 0.00 0.0 0.0 00:10 90 24 12.6 14.5 01:00 10.6 23:50 5.8 0.0 0.72 0.0 0.0 00:10 90 25 10.9 14.4 15:40 6.8 07:30 7.4 0.0 0.00 0.0 0.0 00:10 90 26 12.0 15.3 14:30 7.8 08:10 6.4 0.0 0.00 0.0 0.0 00:10 90 27 13.6 16.7 14:30 11.1 02:20 4.7 0.0 0.00 0.0 0.0 00:10 90 28 14.9 18.8 16:10 11.8 00:00 3.4 0.0 0.00 0.0 0.0 00:10 90 --------------------------------------------------------------------------------------- 12.6 21.0 04 4.0 09 160.5 0.0 2.52 0.0 29.0 04 270