NOAA-Style Climate Reports

NOAA style reports
2022: Jan | Feb | Mar | Apr | May | Jun | Jul | Aug | Sep | Oct | Nov | Dec 
2021: Jan | Feb | Mar | Apr | May | Jun | Jul | Aug | Sep | Oct | Nov | Dec 
2020: Jan | Feb | Mar | Apr | May | Jun | Jul | Aug | Sep | Oct | Nov | Dec 
2019: Jan | Feb | Mar | Apr | May | Jun | Jul | Aug | Sep | Oct | Nov | Dec 
2018: Jan | Feb | Mar | Apr | May | Jun | Jul | Aug | Sep | Oct | Nov | Dec 
2017: Jan | Feb | Mar | Apr | May | Jun | Jul | Aug | Sep | Oct | Nov | Dec 
2016: Jan | Feb | Mar | Apr | May | Jun | Jul | Aug | Sep | Oct | Nov | Dec 
2015: Jan | Feb | Mar | Apr | May | Jun | Jul | Aug | Sep | Oct | Nov | Dec 
2014: Jan | Feb | Mar | Apr | May | Jun | Jul | Aug | Sep | Oct | Nov | Dec 
2013: Jan | Feb | Mar | Apr | May | Jun | Jul | Aug | Sep | Oct | Nov | Dec 
2012: Jan | Feb | Mar | Apr | May | Jun | Jul | Aug | Sep | Oct | Nov | Dec 
2011: Jan | Feb | Mar | Apr | May | Jun | Jul | Aug | Sep | Oct | Nov | Dec 
2010: Jan | Feb | Mar | Apr | May | Jun | Jul | Aug | Sep | Oct | Nov | Dec 
2009: Jan | Feb | Mar | Apr | May | Jun | Jul | Aug | Sep | Oct | Nov | Dec 
2008: Jan | Feb | Mar | Apr | May | Jun | Jul | Aug | Sep | Oct | Nov | Dec 
2007: Jan | Feb | Mar | Apr | May | Jun | Jul | Aug | Sep | Oct | Nov | Dec 
2006: Jan | Feb | Mar | Apr | May | Jun | Jul | Aug | Sep | Oct | Nov | Dec 
2005: Jan | Feb | Mar | Apr | May | Jun | Jul | Aug | Sep | Oct | Nov | Dec 

Report for 2017 01
MONTHLY CLIMATOLOGICAL SUMMARY for Jan 2017 NAME: Cabrera de Mar, Barcelona ELEV: 9 meters LAT: 41-33.89 N LONG: 002-24.07 E TEMPERATURE (C), RAIN (cm), WIND SPEED (km/h) HEAT COOL AVG MEAN DEG DEG WIND DOM DAY TEMP HIGH TIME LOW TIME DAYS DAYS RAIN SPEED HIGH TIME DIR --------------------------------------------------------------------------------------- 01 10.1 14.7 14:00 7.6 22:50 8.2 0.0 0.00 0.0 0.0 00:10 90 02 11.0 15.5 12:40 7.9 00:10 7.3 0.0 0.00 2.3 32.2 15:50 280 03 9.7 13.7 13:50 6.8 08:30 8.6 0.0 0.00 0.2 9.7 03:10 51 04 10.9 15.5 14:20 6.8 00:00 7.5 0.0 0.00 2.4 27.4 13:10 275 05 9.2 12.7 15:30 6.2 07:10 9.2 0.0 0.00 1.7 20.9 03:30 86 06 8.3 12.6 13:10 3.9 05:30 10.0 0.0 0.00 2.2 20.9 01:30 8 07 8.1 12.6 14:50 3.8 05:30 10.3 0.0 0.00 1.3 19.3 13:10 278 08 8.7 16.1 13:00 3.3 07:20 9.6 0.0 0.00 0.6 24.1 20:10 91 09 10.1 14.4 14:40 7.6 01:30 8.3 0.0 0.00 2.2 29.0 04:30 345 10 8.6 13.0 15:00 5.3 03:20 9.7 0.0 0.00 0.0 3.2 04:20 90 11 9.7 13.6 14:40 4.9 05:30 8.7 0.0 0.00 3.6 33.8 16:20 291 12 13.2 17.8 14:10 9.5 06:50 5.2 0.0 0.00 1.2 22.5 17:40 340 13 10.7 13.8 13:20 6.0 23:50 7.7 0.0 0.00 0.0 16.1 05:30 338 14 7.5 12.3 13:50 3.3 07:10 10.8 0.0 0.00 0.0 22.5 13:30 90 15 8.6 14.3 14:30 5.7 07:40 9.7 0.0 0.00 0.0 0.0 00:10 90 16 8.9 12.8 13:20 6.4 00:10 9.4 0.0 0.00 0.0 0.0 00:10 90 17 5.6 9.0 14:20 0.8 23:50 12.7 0.0 0.00 0.0 1.6 14:50 90 18 4.3 9.3 15:10 0.1 08:10 14.1 0.0 0.00 0.0 0.0 00:10 90 19 8.2 12.1 14:20 2.6 03:00 10.2 0.0 0.04 0.0 0.0 00:10 90 20 9.1 10.6 14:40 8.0 02:00 9.3 0.0 0.92 0.0 0.0 00:10 90 21 10.4 11.9 14:30 8.7 01:10 8.0 0.0 0.24 0.0 0.0 00:10 90 22 9.2 10.4 13:10 8.2 06:20 9.2 0.0 0.54 0.0 0.0 00:10 90 23 10.1 11.4 16:20 8.3 05:40 8.3 0.0 0.32 0.0 0.0 00:10 90 24 9.5 14.7 15:40 5.3 08:30 8.9 0.0 0.02 0.0 0.0 00:10 90 25 7.0 8.3 11:20 5.7 23:30 11.4 0.0 0.00 0.0 0.0 00:10 90 26 8.5 12.4 13:20 5.9 06:10 9.8 0.0 0.04 0.0 0.0 00:10 90 27 11.0 13.7 13:30 8.2 00:20 7.3 0.0 0.36 0.0 0.0 00:10 90 28 11.9 14.3 12:10 10.1 04:00 6.5 0.0 0.88 0.0 0.0 00:10 90 29 10.5 14.2 12:20 6.0 08:20 7.9 0.0 0.00 0.0 0.0 00:10 90 30 10.9 15.2 13:10 6.4 08:30 7.4 0.0 0.00 0.0 0.0 00:10 90 31 11.8 15.6 13:00 7.4 08:30 6.6 0.0 0.00 0.0 0.0 00:10 90 --------------------------------------------------------------------------------------- 9.4 17.8 12 0.1 18 277.3 0.0 3.36 0.6 33.8 11 314