NOAA-Style Climate Reports

NOAA style reports
2022: Jan | Feb | Mar | Apr | May | Jun | Jul | Aug | Sep | Oct | Nov | Dec 
2021: Jan | Feb | Mar | Apr | May | Jun | Jul | Aug | Sep | Oct | Nov | Dec 
2020: Jan | Feb | Mar | Apr | May | Jun | Jul | Aug | Sep | Oct | Nov | Dec 
2019: Jan | Feb | Mar | Apr | May | Jun | Jul | Aug | Sep | Oct | Nov | Dec 
2018: Jan | Feb | Mar | Apr | May | Jun | Jul | Aug | Sep | Oct | Nov | Dec 
2017: Jan | Feb | Mar | Apr | May | Jun | Jul | Aug | Sep | Oct | Nov | Dec 
2016: Jan | Feb | Mar | Apr | May | Jun | Jul | Aug | Sep | Oct | Nov | Dec 
2015: Jan | Feb | Mar | Apr | May | Jun | Jul | Aug | Sep | Oct | Nov | Dec 
2014: Jan | Feb | Mar | Apr | May | Jun | Jul | Aug | Sep | Oct | Nov | Dec 
2013: Jan | Feb | Mar | Apr | May | Jun | Jul | Aug | Sep | Oct | Nov | Dec 
2012: Jan | Feb | Mar | Apr | May | Jun | Jul | Aug | Sep | Oct | Nov | Dec 
2011: Jan | Feb | Mar | Apr | May | Jun | Jul | Aug | Sep | Oct | Nov | Dec 
2010: Jan | Feb | Mar | Apr | May | Jun | Jul | Aug | Sep | Oct | Nov | Dec 
2009: Jan | Feb | Mar | Apr | May | Jun | Jul | Aug | Sep | Oct | Nov | Dec 
2008: Jan | Feb | Mar | Apr | May | Jun | Jul | Aug | Sep | Oct | Nov | Dec 
2007: Jan | Feb | Mar | Apr | May | Jun | Jul | Aug | Sep | Oct | Nov | Dec 
2006: Jan | Feb | Mar | Apr | May | Jun | Jul | Aug | Sep | Oct | Nov | Dec 
2005: Jan | Feb | Mar | Apr | May | Jun | Jul | Aug | Sep | Oct | Nov | Dec 

Report for 2016 12
MONTHLY CLIMATOLOGICAL SUMMARY for Dec 2016 NAME: Cabrera de Mar, Barcelona ELEV: 9 meters LAT: 41-33.89 N LONG: 002-24.07 E TEMPERATURE (C), RAIN (cm), WIND SPEED (km/h) HEAT COOL AVG MEAN DEG DEG WIND DOM DAY TEMP HIGH TIME LOW TIME DAYS DAYS RAIN SPEED HIGH TIME DIR --------------------------------------------------------------------------------------- 01 10.6 15.9 13:30 6.4 07:20 7.8 0.0 0.00 0.0 0.0 00:10 90 02 9.4 17.1 15:30 3.8 08:20 9.0 0.0 0.00 0.0 0.0 00:10 90 03 10.3 14.8 13:50 5.4 01:10 8.0 0.0 0.00 0.0 4.8 11:40 90 04 14.5 17.8 12:50 11.6 05:00 3.8 0.0 0.00 0.1 29.0 17:50 87 05 15.8 17.9 12:40 14.4 00:50 2.6 0.0 0.00 0.0 9.7 15:10 90 06 14.6 18.1 12:10 11.2 23:30 3.7 0.0 0.00 0.0 6.4 08:10 90 07 13.1 17.9 14:40 8.8 05:10 5.2 0.0 0.00 0.0 8.0 07:10 90 08 12.6 16.7 13:30 8.7 08:10 5.8 0.0 0.00 0.0 0.0 00:10 90 09 12.8 17.9 12:20 7.8 08:00 5.5 0.0 0.00 1.1 33.8 21:50 322 10 13.8 18.9 12:50 9.9 08:10 4.5 0.0 0.00 1.4 29.0 01:00 326 11 11.9 15.8 15:00 8.6 08:10 6.5 0.0 0.00 0.0 0.0 00:10 90 12 10.9 16.3 15:50 6.4 08:20 7.4 0.0 0.00 0.0 0.0 00:10 90 13 11.6 15.2 12:30 8.7 06:10 6.7 0.0 0.02 0.0 0.0 00:10 90 14 11.5 16.3 13:00 7.2 06:40 6.9 0.0 0.02 0.0 3.2 10:00 90 15 12.3 15.8 11:40 8.7 08:00 6.0 0.0 0.00 0.0 0.0 00:10 90 16 12.3 15.6 11:10 8.7 06:50 6.0 0.0 0.24 0.0 0.0 00:10 90 17 12.8 15.5 12:50 10.1 20:50 5.5 0.0 0.50 0.0 1.6 14:30 90 18 11.3 15.0 14:50 9.1 03:00 7.0 0.0 0.00 0.0 0.0 00:10 90 19 10.2 11.8 20:30 9.0 08:30 8.1 0.0 0.86 0.0 6.4 11:40 90 20 12.8 15.3 13:00 10.1 23:00 5.6 0.0 0.50 0.0 0.0 00:10 90 21 13.9 17.9 13:00 10.2 04:20 4.4 0.0 0.02 0.0 0.0 00:10 90 22 11.9 16.4 13:20 7.9 07:10 6.4 0.0 0.00 0.0 0.0 00:10 90 23 10.8 16.1 13:30 7.3 04:20 7.5 0.0 0.00 0.0 0.0 00:10 90 24 10.5 15.5 12:20 6.2 07:10 7.8 0.0 0.00 0.0 0.0 00:10 90 25 10.9 16.7 15:20 6.8 08:40 7.4 0.0 0.00 0.0 0.0 00:10 90 26 11.7 16.9 13:00 6.6 08:00 6.6 0.0 0.00 0.0 0.0 00:10 90 27 11.3 16.6 13:20 7.5 08:20 7.0 0.0 0.02 0.0 0.0 00:10 90 28 10.1 15.8 12:40 5.7 07:40 8.2 0.0 0.00 0.0 0.0 00:10 90 29 9.1 15.2 14:20 3.3 08:40 9.3 0.0 0.00 0.0 4.8 15:40 90 30 11.8 16.1 13:10 8.2 00:10 6.5 0.0 0.02 0.0 0.0 00:10 90 31 10.3 15.3 13:30 6.2 08:40 8.0 0.0 0.00 0.0 0.0 00:10 90 --------------------------------------------------------------------------------------- 11.9 18.9 10 3.3 29 200.7 0.0 2.20 0.1 33.8 09 326