NOAA-Style Climate Reports

NOAA style reports
2022: Jan | Feb | Mar | Apr | May | Jun | Jul | Aug | Sep | Oct | Nov | Dec 
2021: Jan | Feb | Mar | Apr | May | Jun | Jul | Aug | Sep | Oct | Nov | Dec 
2020: Jan | Feb | Mar | Apr | May | Jun | Jul | Aug | Sep | Oct | Nov | Dec 
2019: Jan | Feb | Mar | Apr | May | Jun | Jul | Aug | Sep | Oct | Nov | Dec 
2018: Jan | Feb | Mar | Apr | May | Jun | Jul | Aug | Sep | Oct | Nov | Dec 
2017: Jan | Feb | Mar | Apr | May | Jun | Jul | Aug | Sep | Oct | Nov | Dec 
2016: Jan | Feb | Mar | Apr | May | Jun | Jul | Aug | Sep | Oct | Nov | Dec 
2015: Jan | Feb | Mar | Apr | May | Jun | Jul | Aug | Sep | Oct | Nov | Dec 
2014: Jan | Feb | Mar | Apr | May | Jun | Jul | Aug | Sep | Oct | Nov | Dec 
2013: Jan | Feb | Mar | Apr | May | Jun | Jul | Aug | Sep | Oct | Nov | Dec 
2012: Jan | Feb | Mar | Apr | May | Jun | Jul | Aug | Sep | Oct | Nov | Dec 
2011: Jan | Feb | Mar | Apr | May | Jun | Jul | Aug | Sep | Oct | Nov | Dec 
2010: Jan | Feb | Mar | Apr | May | Jun | Jul | Aug | Sep | Oct | Nov | Dec 
2009: Jan | Feb | Mar | Apr | May | Jun | Jul | Aug | Sep | Oct | Nov | Dec 
2008: Jan | Feb | Mar | Apr | May | Jun | Jul | Aug | Sep | Oct | Nov | Dec 
2007: Jan | Feb | Mar | Apr | May | Jun | Jul | Aug | Sep | Oct | Nov | Dec 
2006: Jan | Feb | Mar | Apr | May | Jun | Jul | Aug | Sep | Oct | Nov | Dec 
2005: Jan | Feb | Mar | Apr | May | Jun | Jul | Aug | Sep | Oct | Nov | Dec 

Report for 2016 11
MONTHLY CLIMATOLOGICAL SUMMARY for Nov 2016 NAME: Cabrera de Mar, Barcelona ELEV: 9 meters LAT: 41-33.89 N LONG: 002-24.07 E TEMPERATURE (C), RAIN (cm), WIND SPEED (km/h) HEAT COOL AVG MEAN DEG DEG WIND DOM DAY TEMP HIGH TIME LOW TIME DAYS DAYS RAIN SPEED HIGH TIME DIR --------------------------------------------------------------------------------------- 01 17.5 21.6 11:10 13.4 03:10 0.8 0.0 0.02 1.9 29.0 16:50 266 02 16.4 19.2 15:50 13.3 07:40 2.0 0.0 0.00 0.0 3.2 04:50 90 03 15.6 20.1 12:40 11.7 07:20 2.8 0.0 0.02 0.0 0.0 00:10 90 04 16.4 20.2 16:20 11.4 07:30 1.9 0.0 0.02 0.0 0.0 00:10 90 05 18.9 22.4 15:00 16.1 00:00 0.0 0.6 0.14 8.0 46.7 15:00 277 06 13.9 16.2 17:00 11.1 00:00 4.4 0.0 0.06 3.7 24.1 04:40 312 07 10.9 14.3 11:40 7.6 00:00 7.5 0.0 0.00 2.4 20.9 14:30 72 08 10.7 15.3 16:50 6.8 01:50 7.6 0.0 0.00 1.8 32.2 07:10 11 09 14.3 19.9 15:30 9.9 00:40 4.1 0.0 0.00 3.2 48.3 08:40 311 10 14.6 20.2 14:30 10.8 00:00 3.7 0.0 0.00 0.0 1.6 06:20 90 11 14.2 18.2 11:30 10.1 07:50 4.1 0.0 0.00 0.0 4.8 03:10 90 12 14.4 16.9 14:30 11.7 00:00 3.9 0.0 0.08 0.0 0.0 00:10 90 13 13.6 17.8 14:20 10.2 05:50 4.7 0.0 0.00 0.0 0.0 00:10 90 14 14.1 18.4 13:20 11.6 05:50 4.3 0.0 0.06 0.0 3.2 16:20 90 15 11.8 17.0 13:50 7.3 06:50 6.5 0.0 0.00 0.7 30.6 17:00 120 16 11.5 16.6 13:20 6.8 07:00 6.8 0.0 0.00 2.4 25.7 10:50 124 17 12.7 17.3 14:30 8.0 07:50 5.6 0.0 0.00 2.2 14.5 13:30 310 18 15.1 19.5 13:10 10.4 02:50 3.2 0.0 0.00 5.1 32.2 14:10 281 19 14.6 17.2 12:20 12.1 08:40 3.7 0.0 0.00 0.8 25.7 05:20 9 20 16.2 18.9 12:10 13.8 08:00 2.1 0.0 0.00 6.0 29.0 14:30 286 21 17.7 18.6 14:30 16.3 04:50 0.7 0.0 0.20 13.4 43.5 03:10 251 22 17.4 19.8 13:40 15.5 07:10 1.0 0.0 1.30 2.9 33.8 18:40 87 23 17.2 18.8 05:50 13.5 00:00 1.2 0.0 1.20 1.8 32.2 02:30 184 24 12.7 16.3 14:10 9.7 08:10 5.7 0.0 0.02 0.8 27.4 04:10 332 25 11.2 15.8 11:40 7.8 08:10 7.1 0.0 0.02 1.4 25.7 01:30 340 26 13.6 16.6 22:10 8.6 00:10 4.7 0.0 0.12 0.3 25.7 15:30 83 27 15.8 18.6 12:50 12.3 00:00 2.6 0.0 0.00 0.1 29.0 06:20 90 28 13.2 16.7 13:10 9.8 08:20 5.1 0.0 0.00 0.0 6.4 12:50 90 29 12.4 16.7 11:40 8.7 08:10 5.9 0.0 0.00 0.0 6.4 17:30 90 30 12.1 15.8 13:30 8.3 00:00 6.2 0.0 0.00 0.0 6.4 04:10 90 --------------------------------------------------------------------------------------- 14.4 22.4 05 6.8 08 119.9 0.6 3.26 2.0 48.3 09 280