NOAA-Style Climate Reports

NOAA style reports
2022: Jan | Feb | Mar | Apr | May | Jun | Jul | Aug | Sep | Oct | Nov | Dec 
2021: Jan | Feb | Mar | Apr | May | Jun | Jul | Aug | Sep | Oct | Nov | Dec 
2020: Jan | Feb | Mar | Apr | May | Jun | Jul | Aug | Sep | Oct | Nov | Dec 
2019: Jan | Feb | Mar | Apr | May | Jun | Jul | Aug | Sep | Oct | Nov | Dec 
2018: Jan | Feb | Mar | Apr | May | Jun | Jul | Aug | Sep | Oct | Nov | Dec 
2017: Jan | Feb | Mar | Apr | May | Jun | Jul | Aug | Sep | Oct | Nov | Dec 
2016: Jan | Feb | Mar | Apr | May | Jun | Jul | Aug | Sep | Oct | Nov | Dec 
2015: Jan | Feb | Mar | Apr | May | Jun | Jul | Aug | Sep | Oct | Nov | Dec 
2014: Jan | Feb | Mar | Apr | May | Jun | Jul | Aug | Sep | Oct | Nov | Dec 
2013: Jan | Feb | Mar | Apr | May | Jun | Jul | Aug | Sep | Oct | Nov | Dec 
2012: Jan | Feb | Mar | Apr | May | Jun | Jul | Aug | Sep | Oct | Nov | Dec 
2011: Jan | Feb | Mar | Apr | May | Jun | Jul | Aug | Sep | Oct | Nov | Dec 
2010: Jan | Feb | Mar | Apr | May | Jun | Jul | Aug | Sep | Oct | Nov | Dec 
2009: Jan | Feb | Mar | Apr | May | Jun | Jul | Aug | Sep | Oct | Nov | Dec 
2008: Jan | Feb | Mar | Apr | May | Jun | Jul | Aug | Sep | Oct | Nov | Dec 
2007: Jan | Feb | Mar | Apr | May | Jun | Jul | Aug | Sep | Oct | Nov | Dec 
2006: Jan | Feb | Mar | Apr | May | Jun | Jul | Aug | Sep | Oct | Nov | Dec 
2005: Jan | Feb | Mar | Apr | May | Jun | Jul | Aug | Sep | Oct | Nov | Dec 

Report for 2016 09
MONTHLY CLIMATOLOGICAL SUMMARY for Sep 2016 NAME: Cabrera de Mar, Barcelona ELEV: 9 meters LAT: 41-33.89 N LONG: 002-24.07 E TEMPERATURE (C), RAIN (cm), WIND SPEED (km/h) HEAT COOL AVG MEAN DEG DEG WIND DOM DAY TEMP HIGH TIME LOW TIME DAYS DAYS RAIN SPEED HIGH TIME DIR --------------------------------------------------------------------------------------- 01 25.8 30.6 15:10 21.6 07:10 0.0 7.4 0.00 3.5 20.9 15:30 242 02 25.7 28.9 12:40 21.1 07:40 0.0 7.4 0.00 6.7 33.8 16:40 251 03 26.3 29.5 13:00 22.8 08:00 0.0 8.0 0.00 6.3 30.6 16:00 256 04 26.5 29.4 10:30 22.6 07:50 0.0 8.1 0.00 3.6 27.4 14:00 255 05 26.2 30.6 14:30 22.0 07:30 0.0 7.8 0.00 2.1 17.7 20:50 226 06 26.5 31.1 12:50 22.0 07:50 0.0 8.2 0.00 4.7 25.7 13:40 253 07 25.8 29.2 14:40 22.5 07:20 0.0 7.4 0.00 4.7 30.6 10:40 121 08 24.4 27.8 11:40 20.2 07:30 0.0 6.1 0.00 3.1 20.9 12:00 179 09 26.1 28.9 16:10 23.7 07:30 0.0 7.8 0.00 5.5 27.4 18:00 235 10 24.3 27.8 15:50 20.2 07:50 0.0 6.0 0.84 4.2 32.2 02:30 271 11 25.1 29.3 14:00 20.3 07:20 0.0 6.8 0.00 4.7 29.0 16:40 266 12 25.7 29.3 13:30 22.3 07:40 0.0 7.4 0.00 6.2 30.6 16:30 253 13 25.2 28.6 15:40 21.2 07:20 0.0 6.9 0.00 3.2 17.7 16:40 219 14 23.1 27.9 13:50 17.0 22:30 0.0 4.8 1.28 6.5 43.5 21:40 313 15 20.5 25.4 14:40 15.5 07:40 0.0 2.2 0.00 7.3 40.2 16:10 273 16 21.7 25.5 13:00 16.4 08:00 0.0 3.3 0.00 4.7 27.4 09:30 315 17 20.0 23.1 14:20 16.9 23:40 0.0 1.7 0.14 5.3 32.2 18:50 235 18 19.7 23.3 12:40 15.2 08:10 0.0 1.4 0.00 3.0 19.3 09:20 232 19 22.0 26.3 14:30 16.4 08:00 0.0 3.7 0.00 6.3 30.6 18:20 259 20 22.2 25.1 13:40 19.1 05:40 0.0 3.9 0.00 4.0 27.4 21:50 248 21 22.7 26.2 15:10 18.9 07:50 0.0 4.4 0.00 4.3 27.4 15:20 246 22 22.5 25.9 12:50 18.2 08:10 0.0 4.2 0.00 3.6 22.5 11:10 152 23 22.4 26.0 14:30 18.9 00:00 0.0 4.1 0.28 4.2 33.8 22:40 110 24 21.1 25.2 14:10 17.1 07:30 0.0 2.7 0.02 2.4 38.6 12:30 131 25 21.2 25.7 14:20 17.5 08:00 0.0 2.9 0.32 4.4 38.6 18:40 139 26 21.4 25.4 14:30 16.4 04:50 0.0 3.0 0.02 5.4 30.6 18:20 269 27 22.3 25.2 15:20 18.2 08:00 0.0 4.0 0.00 2.6 20.9 12:00 214 28 22.7 27.7 12:20 18.2 04:10 0.0 4.4 0.00 8.1 46.7 15:40 108 29 21.5 25.6 14:40 16.6 07:30 0.0 3.2 0.00 4.3 24.1 16:20 239 30 22.2 25.5 12:00 18.8 08:00 0.0 3.9 0.00 6.1 24.1 13:20 254 --------------------------------------------------------------------------------------- 23.4 31.1 06 15.2 18 0.0 152.9 2.90 4.7 46.7 28 242