NOAA-Style Climate Reports

NOAA style reports
2022: Jan | Feb | Mar | Apr | May | Jun | Jul | Aug | Sep | Oct | Nov | Dec 
2021: Jan | Feb | Mar | Apr | May | Jun | Jul | Aug | Sep | Oct | Nov | Dec 
2020: Jan | Feb | Mar | Apr | May | Jun | Jul | Aug | Sep | Oct | Nov | Dec 
2019: Jan | Feb | Mar | Apr | May | Jun | Jul | Aug | Sep | Oct | Nov | Dec 
2018: Jan | Feb | Mar | Apr | May | Jun | Jul | Aug | Sep | Oct | Nov | Dec 
2017: Jan | Feb | Mar | Apr | May | Jun | Jul | Aug | Sep | Oct | Nov | Dec 
2016: Jan | Feb | Mar | Apr | May | Jun | Jul | Aug | Sep | Oct | Nov | Dec 
2015: Jan | Feb | Mar | Apr | May | Jun | Jul | Aug | Sep | Oct | Nov | Dec 
2014: Jan | Feb | Mar | Apr | May | Jun | Jul | Aug | Sep | Oct | Nov | Dec 
2013: Jan | Feb | Mar | Apr | May | Jun | Jul | Aug | Sep | Oct | Nov | Dec 
2012: Jan | Feb | Mar | Apr | May | Jun | Jul | Aug | Sep | Oct | Nov | Dec 
2011: Jan | Feb | Mar | Apr | May | Jun | Jul | Aug | Sep | Oct | Nov | Dec 
2010: Jan | Feb | Mar | Apr | May | Jun | Jul | Aug | Sep | Oct | Nov | Dec 
2009: Jan | Feb | Mar | Apr | May | Jun | Jul | Aug | Sep | Oct | Nov | Dec 
2008: Jan | Feb | Mar | Apr | May | Jun | Jul | Aug | Sep | Oct | Nov | Dec 
2007: Jan | Feb | Mar | Apr | May | Jun | Jul | Aug | Sep | Oct | Nov | Dec 
2006: Jan | Feb | Mar | Apr | May | Jun | Jul | Aug | Sep | Oct | Nov | Dec 
2005: Jan | Feb | Mar | Apr | May | Jun | Jul | Aug | Sep | Oct | Nov | Dec 

Report for 2016 06
MONTHLY CLIMATOLOGICAL SUMMARY for Jun 2016 NAME: Cabrera de Mar, Barcelona ELEV: 9 meters LAT: 41-33.89 N LONG: 002-24.07 E TEMPERATURE (C), RAIN (cm), WIND SPEED (km/h) HEAT COOL AVG MEAN DEG DEG WIND DOM DAY TEMP HIGH TIME LOW TIME DAYS DAYS RAIN SPEED HIGH TIME DIR --------------------------------------------------------------------------------------- 01 20.0 21.8 16:10 15.8 07:40 0.0 1.7 0.00 6.3 19.3 16:00 233 02 20.4 21.8 15:20 15.8 07:50 0.0 2.0 0.00 6.4 19.3 14:10 275 03 21.6 23.2 14:30 16.1 07:40 0.0 3.3 0.00 11.0 25.7 12:30 299 04 21.2 23.1 09:50 15.9 07:20 0.0 2.9 0.00 4.0 20.9 13:10 202 05 22.7 24.7 14:00 18.6 07:40 0.0 4.4 0.00 9.6 29.0 15:00 298 06 22.3 23.7 14:30 18.1 07:40 0.0 4.0 0.00 8.8 25.7 18:30 297 07 23.2 24.7 14:20 18.8 07:40 0.0 4.9 0.00 6.2 24.1 17:00 281 08 23.6 24.7 15:10 20.2 07:40 0.0 5.2 0.00 5.4 17.7 18:40 268 09 25.6 27.8 16:30 19.9 07:40 0.0 7.2 0.00 3.3 22.5 15:40 295 10 24.1 25.4 10:20 20.7 07:40 0.0 5.8 0.00 5.4 25.7 09:10 192 11 22.2 23.3 12:50 20.2 08:50 0.0 3.9 0.00 3.4 17.7 14:30 235 12 23.2 24.8 12:00 21.3 07:50 0.0 4.9 0.00 6.3 32.2 11:00 280 13 23.1 24.2 16:10 20.5 07:40 0.0 4.8 0.00 6.0 17.7 09:30 201 14 23.6 25.0 10:00 19.1 07:40 0.0 5.2 0.00 13.1 40.2 13:30 261 15 22.8 24.4 13:20 19.9 07:40 0.0 4.5 0.00 8.3 32.2 12:30 183 16 22.9 25.5 11:50 18.9 07:40 0.0 4.6 0.00 16.2 53.1 17:20 307 17 21.1 22.1 16:00 18.9 08:10 0.0 2.8 0.00 8.1 27.4 08:20 204 18 19.3 20.9 15:00 16.8 09:30 0.0 1.0 0.02 9.8 29.0 13:20 206 19 21.5 23.2 16:50 15.4 07:40 0.0 3.2 0.00 6.0 27.4 16:10 283 20 22.2 23.8 14:10 16.4 07:50 0.0 3.9 0.00 6.0 22.5 13:10 294 21 23.6 24.9 16:20 18.9 07:50 0.0 5.3 0.00 4.7 27.4 14:00 317 22 24.2 26.3 13:50 20.7 07:50 0.0 5.8 0.00 0.7 22.5 15:10 316 23 25.2 27.4 16:20 20.1 07:50 0.0 6.8 0.00 4.7 33.8 16:30 318 24 24.5 25.4 16:30 21.1 07:50 0.0 6.2 0.00 8.2 25.7 19:10 296 25 24.8 26.6 13:50 21.3 07:50 0.0 6.5 0.00 5.5 22.5 14:50 204 26 23.8 25.4 14:00 21.2 07:50 0.0 5.5 0.00 4.8 32.2 12:30 236 27 24.5 25.8 09:50 22.2 07:50 0.0 6.1 0.00 10.4 29.0 15:20 288 28 24.7 26.6 15:30 21.3 07:50 0.0 6.4 0.00 10.8 30.6 16:40 296 29 24.9 26.7 14:50 23.1 09:10 0.0 6.6 0.00 8.8 29.0 19:00 304 30 25.3 26.4 11:40 23.3 08:40 0.0 7.0 0.00 5.7 17.7 09:30 200 --------------------------------------------------------------------------------------- 23.1 27.8 09 15.4 19 0.0 142.2 0.02 7.1 53.1 16 271