NOAA-Style Climate Reports

NOAA style reports
2022: Jan | Feb | Mar | Apr | May | Jun | Jul | Aug | Sep | Oct | Nov | Dec 
2021: Jan | Feb | Mar | Apr | May | Jun | Jul | Aug | Sep | Oct | Nov | Dec 
2020: Jan | Feb | Mar | Apr | May | Jun | Jul | Aug | Sep | Oct | Nov | Dec 
2019: Jan | Feb | Mar | Apr | May | Jun | Jul | Aug | Sep | Oct | Nov | Dec 
2018: Jan | Feb | Mar | Apr | May | Jun | Jul | Aug | Sep | Oct | Nov | Dec 
2017: Jan | Feb | Mar | Apr | May | Jun | Jul | Aug | Sep | Oct | Nov | Dec 
2016: Jan | Feb | Mar | Apr | May | Jun | Jul | Aug | Sep | Oct | Nov | Dec 
2015: Jan | Feb | Mar | Apr | May | Jun | Jul | Aug | Sep | Oct | Nov | Dec 
2014: Jan | Feb | Mar | Apr | May | Jun | Jul | Aug | Sep | Oct | Nov | Dec 
2013: Jan | Feb | Mar | Apr | May | Jun | Jul | Aug | Sep | Oct | Nov | Dec 
2012: Jan | Feb | Mar | Apr | May | Jun | Jul | Aug | Sep | Oct | Nov | Dec 
2011: Jan | Feb | Mar | Apr | May | Jun | Jul | Aug | Sep | Oct | Nov | Dec 
2010: Jan | Feb | Mar | Apr | May | Jun | Jul | Aug | Sep | Oct | Nov | Dec 
2009: Jan | Feb | Mar | Apr | May | Jun | Jul | Aug | Sep | Oct | Nov | Dec 
2008: Jan | Feb | Mar | Apr | May | Jun | Jul | Aug | Sep | Oct | Nov | Dec 
2007: Jan | Feb | Mar | Apr | May | Jun | Jul | Aug | Sep | Oct | Nov | Dec 
2006: Jan | Feb | Mar | Apr | May | Jun | Jul | Aug | Sep | Oct | Nov | Dec 
2005: Jan | Feb | Mar | Apr | May | Jun | Jul | Aug | Sep | Oct | Nov | Dec 

Report for 2016 04
MONTHLY CLIMATOLOGICAL SUMMARY for Apr 2016 NAME: Cabrera de Mar, Barcelona ELEV: 9 meters LAT: 41-33.89 N LONG: 002-24.07 E TEMPERATURE (C), RAIN (cm), WIND SPEED (km/h) HEAT COOL AVG MEAN DEG DEG WIND DOM DAY TEMP HIGH TIME LOW TIME DAYS DAYS RAIN SPEED HIGH TIME DIR --------------------------------------------------------------------------------------- 01 12.8 14.9 17:20 10.7 10:40 5.5 0.0 1.00 4.5 33.8 08:50 31 02 12.8 15.8 18:20 10.9 00:00 5.5 0.0 0.00 3.7 27.4 18:20 310 03 13.6 17.4 15:40 9.9 08:10 4.8 0.0 0.00 6.0 30.6 18:40 317 04 13.9 16.2 16:00 11.4 04:40 4.5 0.0 0.08 1.5 16.1 14:00 283 05 14.5 15.9 22:40 13.3 14:40 3.8 0.0 1.48 6.0 45.1 12:20 174 06 14.6 18.7 16:40 10.6 06:40 3.8 0.0 0.00 2.7 20.9 17:10 299 07 14.3 16.9 15:20 10.7 08:00 4.0 0.0 0.00 4.4 24.1 23:40 266 08 11.2 14.3 00:10 8.8 08:30 7.2 0.0 0.86 6.6 30.6 01:20 331 09 12.7 16.7 17:20 8.0 04:30 5.6 0.0 0.00 8.3 40.2 06:20 322 10 14.0 18.2 14:50 9.6 07:10 4.3 0.0 0.00 4.8 32.2 15:30 313 11 14.8 18.6 15:10 11.3 04:20 3.5 0.0 0.00 6.3 32.2 18:30 316 12 14.4 17.9 13:20 10.8 04:10 3.9 0.0 0.00 5.5 24.1 09:40 316 13 17.9 24.1 15:30 12.6 00:50 0.5 0.0 0.00 9.1 41.8 16:40 12 14 15.9 20.4 14:40 10.6 07:40 2.5 0.0 0.00 8.0 40.2 18:30 336 15 15.6 18.8 14:10 11.1 07:20 2.7 0.0 0.00 5.9 27.4 14:00 318 16 16.6 22.4 15:10 11.4 07:40 1.7 0.0 0.00 8.5 37.0 15:50 333 17 18.2 22.8 11:10 14.8 00:00 0.2 0.0 0.00 9.0 38.6 19:30 335 18 14.8 17.9 15:20 11.6 07:20 3.5 0.0 0.00 4.2 27.4 14:40 207 19 14.4 19.1 13:40 9.6 07:10 4.0 0.0 0.00 3.9 27.4 19:20 194 20 17.5 21.1 14:30 15.3 06:00 0.9 0.0 0.00 11.1 45.1 09:50 169 21 14.9 18.2 14:50 12.8 03:40 3.4 0.0 2.96 5.5 41.8 04:00 163 22 14.9 17.0 13:40 11.7 07:10 3.4 0.0 0.00 4.2 27.4 19:50 319 23 14.7 18.8 16:50 11.6 07:10 3.6 0.0 0.92 3.0 30.6 17:40 205 24 14.1 17.6 15:30 9.9 05:30 4.3 0.0 0.00 4.1 25.7 16:40 268 25 14.0 16.8 15:20 10.4 07:10 4.3 0.0 0.00 9.2 45.1 17:10 317 26 14.3 19.1 14:30 9.9 06:20 4.0 0.0 0.00 5.2 29.0 13:00 175 27 14.3 16.3 12:20 13.2 06:50 4.1 0.0 0.00 5.2 22.5 08:50 166 28 12.7 14.9 18:50 11.1 06:30 5.6 0.0 0.60 4.5 29.0 07:30 160 29 14.4 17.0 13:30 11.9 06:30 4.0 0.0 0.00 6.3 27.4 19:10 276 30 13.9 16.4 12:20 12.3 04:50 4.5 0.0 0.16 3.6 37.0 13:30 186 --------------------------------------------------------------------------------------- 14.6 24.1 13 8.0 09 113.5 0.0 8.06 5.7 45.1 05 294