NOAA-Style Climate Reports

NOAA style reports
2022: Jan | Feb | Mar | Apr | May | Jun | Jul | Aug | Sep | Oct | Nov | Dec 
2021: Jan | Feb | Mar | Apr | May | Jun | Jul | Aug | Sep | Oct | Nov | Dec 
2020: Jan | Feb | Mar | Apr | May | Jun | Jul | Aug | Sep | Oct | Nov | Dec 
2019: Jan | Feb | Mar | Apr | May | Jun | Jul | Aug | Sep | Oct | Nov | Dec 
2018: Jan | Feb | Mar | Apr | May | Jun | Jul | Aug | Sep | Oct | Nov | Dec 
2017: Jan | Feb | Mar | Apr | May | Jun | Jul | Aug | Sep | Oct | Nov | Dec 
2016: Jan | Feb | Mar | Apr | May | Jun | Jul | Aug | Sep | Oct | Nov | Dec 
2015: Jan | Feb | Mar | Apr | May | Jun | Jul | Aug | Sep | Oct | Nov | Dec 
2014: Jan | Feb | Mar | Apr | May | Jun | Jul | Aug | Sep | Oct | Nov | Dec 
2013: Jan | Feb | Mar | Apr | May | Jun | Jul | Aug | Sep | Oct | Nov | Dec 
2012: Jan | Feb | Mar | Apr | May | Jun | Jul | Aug | Sep | Oct | Nov | Dec 
2011: Jan | Feb | Mar | Apr | May | Jun | Jul | Aug | Sep | Oct | Nov | Dec 
2010: Jan | Feb | Mar | Apr | May | Jun | Jul | Aug | Sep | Oct | Nov | Dec 
2009: Jan | Feb | Mar | Apr | May | Jun | Jul | Aug | Sep | Oct | Nov | Dec 
2008: Jan | Feb | Mar | Apr | May | Jun | Jul | Aug | Sep | Oct | Nov | Dec 
2007: Jan | Feb | Mar | Apr | May | Jun | Jul | Aug | Sep | Oct | Nov | Dec 
2006: Jan | Feb | Mar | Apr | May | Jun | Jul | Aug | Sep | Oct | Nov | Dec 
2005: Jan | Feb | Mar | Apr | May | Jun | Jul | Aug | Sep | Oct | Nov | Dec 

Report for 2016 03
MONTHLY CLIMATOLOGICAL SUMMARY for Mar 2016 NAME: Cabrera de Mar, Barcelona ELEV: 9 meters LAT: 41-33.89 N LONG: 002-24.07 E TEMPERATURE (C), RAIN (cm), WIND SPEED (km/h) HEAT COOL AVG MEAN DEG DEG WIND DOM DAY TEMP HIGH TIME LOW TIME DAYS DAYS RAIN SPEED HIGH TIME DIR --------------------------------------------------------------------------------------- 01 11.1 16.4 15:40 6.0 05:30 7.2 0.0 0.00 3.0 22.5 13:30 251 02 12.5 15.8 15:00 9.7 08:00 5.8 0.0 0.00 3.7 29.0 14:50 290 03 12.5 18.9 14:50 7.9 06:10 5.9 0.0 0.00 8.3 41.8 17:30 41 04 12.7 16.1 13:20 8.9 07:10 5.6 0.0 0.00 11.9 46.7 14:10 332 05 13.4 17.6 13:30 9.2 08:00 5.0 0.0 0.02 9.4 45.1 14:50 34 06 9.8 12.4 10:30 7.2 07:20 8.5 0.0 0.00 5.6 32.2 05:00 16 07 10.4 13.3 14:10 6.8 06:50 7.9 0.0 0.00 2.9 27.4 04:10 236 08 10.7 13.4 13:20 7.8 08:20 7.7 0.0 0.00 6.5 37.0 01:00 255 09 8.6 10.6 13:00 6.6 00:00 9.7 0.0 0.10 6.1 30.6 08:40 55 10 10.1 16.3 16:20 4.0 07:10 8.3 0.0 0.00 4.3 27.4 22:30 340 11 10.1 14.0 15:30 5.1 07:20 8.3 0.0 0.00 3.5 20.9 11:50 283 12 11.1 14.9 14:10 6.8 07:30 7.2 0.0 0.00 5.1 27.4 15:00 332 13 10.9 14.2 15:00 6.9 07:10 7.5 0.0 0.00 3.5 30.6 04:40 222 14 12.1 17.2 12:30 7.3 07:20 6.2 0.0 0.00 6.1 37.0 14:40 173 15 11.1 14.2 10:50 9.2 02:40 7.2 0.0 0.20 4.4 35.4 23:00 98 16 10.5 14.1 11:50 7.9 23:00 7.8 0.0 0.24 8.3 43.5 01:50 148 17 9.9 12.7 15:10 8.1 05:20 8.4 0.0 0.02 7.4 32.2 00:10 127 18 11.3 14.5 14:30 6.6 07:00 7.1 0.0 0.00 5.2 25.7 14:10 314 19 12.3 14.6 15:40 10.3 01:30 6.0 0.0 0.00 2.2 16.1 15:00 205 20 13.4 17.1 13:20 11.1 07:30 4.9 0.0 0.60 3.4 24.1 05:50 181 21 12.6 16.1 14:50 9.2 06:50 5.7 0.0 0.00 2.6 24.1 11:50 188 22 13.1 16.4 14:20 9.9 00:40 5.2 0.0 0.00 4.9 25.7 03:10 312 23 12.8 17.3 14:20 9.8 03:30 5.5 0.0 0.00 4.9 27.4 04:40 359 24 12.7 17.5 11:00 8.1 07:30 5.6 0.0 0.00 7.4 33.8 14:20 324 25 12.9 17.6 12:30 8.6 07:00 5.4 0.0 0.00 3.3 30.6 13:50 181 26 13.5 17.3 15:00 9.0 07:10 4.8 0.0 0.00 7.6 37.0 17:00 334 27 13.4 16.4 10:20 10.4 06:00 5.0 0.0 0.00 5.1 24.1 09:10 290 28 16.1 22.8 14:40 10.6 07:10 2.3 0.0 0.00 7.6 33.8 12:40 17 29 16.2 20.4 11:40 12.0 08:10 2.1 0.0 0.00 9.7 45.1 17:20 337 30 13.4 16.9 01:10 11.1 06:40 4.9 0.0 0.00 3.5 22.5 11:30 293 31 15.3 22.3 17:30 10.9 01:30 3.0 0.0 0.00 9.3 41.8 16:30 344 --------------------------------------------------------------------------------------- 12.1 22.8 28 4.0 10 191.7 0.0 1.18 5.7 46.7 04 341