NOAA-Style Climate Reports

NOAA style reports
2022: Jan | Feb | Mar | Apr | May | Jun | Jul | Aug | Sep | Oct | Nov | Dec 
2021: Jan | Feb | Mar | Apr | May | Jun | Jul | Aug | Sep | Oct | Nov | Dec 
2020: Jan | Feb | Mar | Apr | May | Jun | Jul | Aug | Sep | Oct | Nov | Dec 
2019: Jan | Feb | Mar | Apr | May | Jun | Jul | Aug | Sep | Oct | Nov | Dec 
2018: Jan | Feb | Mar | Apr | May | Jun | Jul | Aug | Sep | Oct | Nov | Dec 
2017: Jan | Feb | Mar | Apr | May | Jun | Jul | Aug | Sep | Oct | Nov | Dec 
2016: Jan | Feb | Mar | Apr | May | Jun | Jul | Aug | Sep | Oct | Nov | Dec 
2015: Jan | Feb | Mar | Apr | May | Jun | Jul | Aug | Sep | Oct | Nov | Dec 
2014: Jan | Feb | Mar | Apr | May | Jun | Jul | Aug | Sep | Oct | Nov | Dec 
2013: Jan | Feb | Mar | Apr | May | Jun | Jul | Aug | Sep | Oct | Nov | Dec 
2012: Jan | Feb | Mar | Apr | May | Jun | Jul | Aug | Sep | Oct | Nov | Dec 
2011: Jan | Feb | Mar | Apr | May | Jun | Jul | Aug | Sep | Oct | Nov | Dec 
2010: Jan | Feb | Mar | Apr | May | Jun | Jul | Aug | Sep | Oct | Nov | Dec 
2009: Jan | Feb | Mar | Apr | May | Jun | Jul | Aug | Sep | Oct | Nov | Dec 
2008: Jan | Feb | Mar | Apr | May | Jun | Jul | Aug | Sep | Oct | Nov | Dec 
2007: Jan | Feb | Mar | Apr | May | Jun | Jul | Aug | Sep | Oct | Nov | Dec 
2006: Jan | Feb | Mar | Apr | May | Jun | Jul | Aug | Sep | Oct | Nov | Dec 
2005: Jan | Feb | Mar | Apr | May | Jun | Jul | Aug | Sep | Oct | Nov | Dec 

Report for 2016 02
MONTHLY CLIMATOLOGICAL SUMMARY for Feb 2016 NAME: Cabrera de Mar, Barcelona ELEV: 9 meters LAT: 41-33.89 N LONG: 002-24.07 E TEMPERATURE (C), RAIN (cm), WIND SPEED (km/h) HEAT COOL AVG MEAN DEG DEG WIND DOM DAY TEMP HIGH TIME LOW TIME DAYS DAYS RAIN SPEED HIGH TIME DIR --------------------------------------------------------------------------------------- 01 12.9 18.2 15:00 8.2 08:20 5.4 0.0 0.00 2.2 17.7 11:20 214 02 11.8 15.4 14:50 7.8 07:00 6.5 0.0 0.00 2.5 14.5 14:40 235 03 13.7 18.3 13:30 10.7 00:00 4.6 0.0 0.34 4.1 24.1 11:10 307 04 9.7 14.0 14:40 4.5 08:00 8.7 0.0 0.00 4.3 22.5 15:10 338 05 11.9 16.1 14:10 7.6 07:10 6.5 0.0 0.00 6.6 32.2 15:20 343 06 12.3 15.7 14:10 9.3 00:10 6.0 0.0 0.00 4.3 22.5 14:40 337 07 11.8 13.9 11:50 8.6 00:00 6.5 0.0 0.62 6.7 53.1 07:40 29 08 12.3 19.9 15:30 6.8 06:00 6.0 0.0 0.02 9.4 38.6 12:40 20 09 15.9 19.6 13:20 11.1 00:40 2.4 0.0 0.00 19.1 64.4 14:20 25 10 14.0 19.1 13:50 9.2 08:30 4.4 0.0 0.00 8.2 53.1 13:10 11 11 11.6 13.0 17:20 10.6 07:50 6.8 0.0 0.30 1.2 20.9 00:10 194 12 14.7 19.9 14:40 10.9 07:30 3.7 0.0 0.02 8.9 46.7 14:20 43 13 17.5 24.1 15:00 11.7 05:40 0.8 0.0 0.50 12.5 54.7 13:50 34 14 13.5 19.3 12:50 6.6 22:10 4.8 0.0 3.06 10.0 45.1 22:10 106 15 9.7 13.7 14:10 5.6 00:00 8.6 0.0 0.08 5.8 33.8 00:50 49 16 8.1 13.3 13:40 2.8 07:50 10.2 0.0 0.00 5.2 35.4 13:40 314 17 7.9 12.5 12:50 2.9 08:20 10.4 0.0 0.00 8.5 37.0 16:30 350 18 8.7 12.2 15:00 4.8 01:10 9.6 0.0 0.00 3.5 27.4 23:20 34 19 9.1 12.9 15:10 4.6 05:50 9.2 0.0 0.00 3.5 22.5 00:50 292 20 9.7 15.1 13:20 4.5 08:10 8.7 0.0 0.00 4.4 29.0 11:00 307 21 11.0 16.2 13:30 4.4 07:20 7.4 0.0 0.00 6.5 37.0 14:40 324 22 13.7 17.5 15:10 11.3 00:20 4.7 0.0 0.00 3.8 29.0 15:10 304 23 12.4 16.8 15:00 9.5 07:10 6.0 0.0 0.00 3.1 27.4 08:00 192 24 11.8 16.3 16:10 7.7 07:00 6.5 0.0 0.00 4.9 30.6 17:20 318 25 12.6 17.0 15:20 8.1 06:30 5.8 0.0 0.00 6.5 29.0 13:50 328 26 12.0 14.8 13:40 9.6 02:20 6.3 0.0 0.10 5.8 37.0 10:50 219 27 10.7 13.2 13:00 7.7 23:10 7.6 0.0 1.68 13.2 49.9 06:00 219 28 10.9 15.2 15:30 7.7 01:10 7.4 0.0 0.14 11.6 40.2 16:30 139 29 12.4 19.3 13:10 9.2 04:10 5.9 0.0 0.00 10.8 49.9 10:10 90 --------------------------------------------------------------------------------------- 11.9 24.1 13 2.8 16 187.5 0.0 6.86 6.8 64.4 09 11