NOAA-Style Climate Reports

NOAA style reports
2022: Jan | Feb | Mar | Apr | May | Jun | Jul | Aug | Sep | Oct | Nov | Dec 
2021: Jan | Feb | Mar | Apr | May | Jun | Jul | Aug | Sep | Oct | Nov | Dec 
2020: Jan | Feb | Mar | Apr | May | Jun | Jul | Aug | Sep | Oct | Nov | Dec 
2019: Jan | Feb | Mar | Apr | May | Jun | Jul | Aug | Sep | Oct | Nov | Dec 
2018: Jan | Feb | Mar | Apr | May | Jun | Jul | Aug | Sep | Oct | Nov | Dec 
2017: Jan | Feb | Mar | Apr | May | Jun | Jul | Aug | Sep | Oct | Nov | Dec 
2016: Jan | Feb | Mar | Apr | May | Jun | Jul | Aug | Sep | Oct | Nov | Dec 
2015: Jan | Feb | Mar | Apr | May | Jun | Jul | Aug | Sep | Oct | Nov | Dec 
2014: Jan | Feb | Mar | Apr | May | Jun | Jul | Aug | Sep | Oct | Nov | Dec 
2013: Jan | Feb | Mar | Apr | May | Jun | Jul | Aug | Sep | Oct | Nov | Dec 
2012: Jan | Feb | Mar | Apr | May | Jun | Jul | Aug | Sep | Oct | Nov | Dec 
2011: Jan | Feb | Mar | Apr | May | Jun | Jul | Aug | Sep | Oct | Nov | Dec 
2010: Jan | Feb | Mar | Apr | May | Jun | Jul | Aug | Sep | Oct | Nov | Dec 
2009: Jan | Feb | Mar | Apr | May | Jun | Jul | Aug | Sep | Oct | Nov | Dec 
2008: Jan | Feb | Mar | Apr | May | Jun | Jul | Aug | Sep | Oct | Nov | Dec 
2007: Jan | Feb | Mar | Apr | May | Jun | Jul | Aug | Sep | Oct | Nov | Dec 
2006: Jan | Feb | Mar | Apr | May | Jun | Jul | Aug | Sep | Oct | Nov | Dec 
2005: Jan | Feb | Mar | Apr | May | Jun | Jul | Aug | Sep | Oct | Nov | Dec 

Report for 2015 11
MONTHLY CLIMATOLOGICAL SUMMARY for Nov 2015 NAME: Cabrera de Mar, Barcelona ELEV: 9 meters LAT: 41-33.89 N LONG: 002-24.07 E TEMPERATURE (C), RAIN (cm), WIND SPEED (km/h) HEAT COOL AVG MEAN DEG DEG WIND DOM DAY TEMP HIGH TIME LOW TIME DAYS DAYS RAIN SPEED HIGH TIME DIR --------------------------------------------------------------------------------------- 01 17.5 21.7 12:50 15.6 06:20 0.8 0.0 0.00 11.6 48.3 13:00 160 02 18.0 18.9 20:10 16.7 00:20 0.4 0.0 1.04 17.5 43.5 15:40 185 03 17.6 20.4 14:10 13.9 07:40 0.7 0.0 1.04 3.7 37.0 01:20 289 04 17.0 20.2 12:30 13.9 07:30 1.3 0.0 0.00 4.2 25.7 14:10 320 05 16.0 18.9 11:30 12.8 07:30 2.4 0.0 0.00 1.5 11.3 11:10 219 06 16.1 19.8 14:10 12.8 07:20 2.2 0.0 0.02 2.1 19.3 16:30 297 07 15.2 16.9 16:20 12.4 07:20 3.1 0.0 0.02 0.8 14.5 21:10 175 08 16.3 19.1 14:40 14.8 07:00 2.0 0.0 0.00 4.1 22.5 16:40 334 09 16.7 21.4 15:30 12.4 07:40 1.6 0.0 0.02 3.3 22.5 16:50 337 10 16.1 20.3 12:40 12.3 07:10 2.2 0.0 0.02 2.5 20.9 15:40 342 11 15.6 19.4 13:10 12.2 06:50 2.7 0.0 0.02 2.0 16.1 15:50 282 12 15.3 18.7 13:20 11.9 03:30 3.0 0.0 0.02 1.5 9.7 07:30 219 13 16.2 19.7 13:20 12.9 00:00 2.2 0.0 0.00 3.0 19.3 14:30 330 14 15.7 21.6 15:10 11.7 04:10 2.6 0.0 0.00 5.2 25.7 07:00 28 15 14.1 21.1 13:00 8.3 08:00 4.2 0.0 0.00 3.7 25.7 15:20 355 16 14.5 22.1 13:40 8.9 07:10 3.8 0.0 0.00 2.6 9.7 10:00 54 17 14.0 19.8 15:00 9.2 06:40 4.3 0.0 0.00 3.2 14.5 16:50 30 18 13.7 19.9 13:50 8.6 06:00 4.6 0.0 0.00 3.5 25.7 15:30 352 19 14.3 18.8 12:00 10.6 06:30 4.0 0.0 0.00 2.6 9.7 04:40 95 20 15.4 21.6 15:30 10.1 07:20 2.9 0.0 0.00 5.5 27.4 13:50 358 21 16.0 19.5 14:40 10.1 22:20 2.4 0.0 0.00 14.3 67.6 07:10 61 22 11.0 14.3 12:10 6.8 00:00 7.4 0.0 0.00 10.3 51.5 03:00 91 23 9.1 14.2 15:10 4.5 04:40 9.2 0.0 0.00 4.7 27.4 14:40 0 24 8.7 15.4 14:10 3.5 07:50 9.6 0.0 0.00 4.3 25.7 21:40 26 25 11.8 17.3 15:00 7.9 02:30 6.5 0.0 0.00 4.5 27.4 02:50 51 26 12.2 16.6 13:20 8.3 07:10 6.2 0.0 0.00 2.7 20.9 04:20 142 27 11.3 16.7 12:10 7.0 07:00 7.0 0.0 0.00 5.4 29.0 14:40 359 28 11.1 16.4 15:10 6.4 07:30 7.2 0.0 0.00 2.6 16.1 15:40 114 29 11.3 15.6 12:00 7.7 23:30 7.0 0.0 0.00 5.0 33.8 03:20 48 30 10.7 16.6 13:10 5.7 04:10 7.6 0.0 0.00 3.7 27.4 13:20 347 --------------------------------------------------------------------------------------- 14.3 22.1 16 3.5 24 121.4 0.0 2.20 4.7 67.6 21 47