NOAA-Style Climate Reports

NOAA style reports
2022: Jan | Feb | Mar | Apr | May | Jun | Jul | Aug | Sep | Oct | Nov | Dec 
2021: Jan | Feb | Mar | Apr | May | Jun | Jul | Aug | Sep | Oct | Nov | Dec 
2020: Jan | Feb | Mar | Apr | May | Jun | Jul | Aug | Sep | Oct | Nov | Dec 
2019: Jan | Feb | Mar | Apr | May | Jun | Jul | Aug | Sep | Oct | Nov | Dec 
2018: Jan | Feb | Mar | Apr | May | Jun | Jul | Aug | Sep | Oct | Nov | Dec 
2017: Jan | Feb | Mar | Apr | May | Jun | Jul | Aug | Sep | Oct | Nov | Dec 
2016: Jan | Feb | Mar | Apr | May | Jun | Jul | Aug | Sep | Oct | Nov | Dec 
2015: Jan | Feb | Mar | Apr | May | Jun | Jul | Aug | Sep | Oct | Nov | Dec 
2014: Jan | Feb | Mar | Apr | May | Jun | Jul | Aug | Sep | Oct | Nov | Dec 
2013: Jan | Feb | Mar | Apr | May | Jun | Jul | Aug | Sep | Oct | Nov | Dec 
2012: Jan | Feb | Mar | Apr | May | Jun | Jul | Aug | Sep | Oct | Nov | Dec 
2011: Jan | Feb | Mar | Apr | May | Jun | Jul | Aug | Sep | Oct | Nov | Dec 
2010: Jan | Feb | Mar | Apr | May | Jun | Jul | Aug | Sep | Oct | Nov | Dec 
2009: Jan | Feb | Mar | Apr | May | Jun | Jul | Aug | Sep | Oct | Nov | Dec 
2008: Jan | Feb | Mar | Apr | May | Jun | Jul | Aug | Sep | Oct | Nov | Dec 
2007: Jan | Feb | Mar | Apr | May | Jun | Jul | Aug | Sep | Oct | Nov | Dec 
2006: Jan | Feb | Mar | Apr | May | Jun | Jul | Aug | Sep | Oct | Nov | Dec 
2005: Jan | Feb | Mar | Apr | May | Jun | Jul | Aug | Sep | Oct | Nov | Dec 

Report for 2015 08
MONTHLY CLIMATOLOGICAL SUMMARY for Aug 2015 NAME: Cabrera de Mar, Barcelona ELEV: 9 meters LAT: 41-33.89 N LONG: 002-24.07 E TEMPERATURE (C), RAIN (cm), WIND SPEED (km/h) HEAT COOL AVG MEAN DEG DEG WIND DOM DAY TEMP HIGH TIME LOW TIME DAYS DAYS RAIN SPEED HIGH TIME DIR --------------------------------------------------------------------------------------- 01 22.4 25.4 16:10 18.8 07:10 0.0 4.1 1.02 5.7 46.7 02:20 162 02 24.3 27.8 10:50 19.6 05:20 0.0 6.0 0.00 10.6 37.0 15:10 270 03 26.2 29.4 15:40 22.9 04:20 0.0 7.9 0.00 6.8 29.0 20:20 262 04 26.5 29.9 12:10 24.2 23:40 0.0 8.1 0.02 5.8 30.6 05:30 183 05 26.2 29.8 14:10 22.2 06:50 0.0 7.8 0.00 6.4 25.7 15:20 276 06 25.5 28.6 11:50 22.1 05:40 0.0 7.2 0.00 4.6 20.9 09:50 181 07 26.5 29.3 18:00 23.4 04:40 0.0 8.2 0.00 4.2 27.4 19:50 160 08 26.2 29.6 17:20 22.1 23:50 0.0 7.8 0.12 6.0 43.5 17:50 297 09 23.8 27.4 15:00 21.2 03:10 0.0 5.4 0.24 6.0 25.7 14:40 269 10 24.4 27.3 15:10 21.0 06:50 0.0 6.1 0.00 5.4 22.5 03:10 217 11 25.5 29.3 15:40 21.4 06:20 0.0 7.2 0.00 5.7 24.1 15:50 283 12 26.2 28.8 14:50 23.3 07:10 0.0 7.9 0.00 6.2 25.7 17:10 293 13 25.8 30.1 14:10 22.4 18:40 0.0 7.4 0.84 7.1 57.9 18:20 293 14 23.5 28.9 12:00 19.6 23:10 0.0 5.2 2.32 8.6 37.0 14:50 289 15 20.2 24.2 17:30 17.0 22:50 0.0 1.8 1.32 3.8 41.8 18:00 132 16 21.5 26.6 16:50 15.8 04:10 0.0 3.2 0.00 4.9 29.0 20:00 269 17 23.1 26.2 15:40 20.5 02:30 0.0 4.7 0.00 5.2 27.4 09:50 171 18 21.2 23.3 18:10 18.2 10:20 0.0 2.8 0.62 2.6 17.7 06:20 136 19 23.2 26.9 15:30 18.4 07:30 0.0 4.8 0.00 7.9 33.8 18:20 304 20 24.4 27.8 16:00 20.2 07:40 0.0 6.1 0.00 6.1 22.5 20:30 284 21 25.5 28.1 15:20 22.8 07:40 0.0 7.1 0.00 4.9 20.9 13:10 251 22 25.3 28.3 14:40 23.7 07:20 0.0 7.0 0.10 4.6 22.5 14:20 299 23 25.9 29.1 15:10 23.6 02:20 0.0 7.6 0.00 7.9 33.8 16:20 290 24 26.0 33.8 15:00 21.7 06:50 0.0 7.7 0.00 7.1 45.1 16:40 12 25 23.1 26.6 13:20 18.3 07:20 0.0 4.7 0.00 5.0 27.4 13:30 287 26 24.7 28.3 15:00 19.9 08:00 0.0 6.4 0.00 8.3 33.8 15:10 303 27 25.2 29.2 14:50 22.1 07:40 0.0 6.9 0.00 7.1 29.0 17:00 302 28 25.0 28.9 14:50 21.6 05:50 0.0 6.7 0.00 2.4 16.1 14:40 256 29 25.1 27.9 14:30 22.3 07:40 0.0 6.8 0.00 3.6 17.7 11:40 188 30 24.7 28.8 16:30 19.9 07:30 0.0 6.3 0.00 3.8 19.3 11:10 166 31 25.7 29.1 14:30 21.7 05:20 0.0 7.3 0.00 4.3 25.7 21:20 272 --------------------------------------------------------------------------------------- 24.6 33.8 24 15.8 16 0.0 194.3 6.60 5.8 57.9 13 270