NOAA-Style Climate Reports

NOAA style reports
2022: Jan | Feb | Mar | Apr | May | Jun | Jul | Aug | Sep | Oct | Nov | Dec 
2021: Jan | Feb | Mar | Apr | May | Jun | Jul | Aug | Sep | Oct | Nov | Dec 
2020: Jan | Feb | Mar | Apr | May | Jun | Jul | Aug | Sep | Oct | Nov | Dec 
2019: Jan | Feb | Mar | Apr | May | Jun | Jul | Aug | Sep | Oct | Nov | Dec 
2018: Jan | Feb | Mar | Apr | May | Jun | Jul | Aug | Sep | Oct | Nov | Dec 
2017: Jan | Feb | Mar | Apr | May | Jun | Jul | Aug | Sep | Oct | Nov | Dec 
2016: Jan | Feb | Mar | Apr | May | Jun | Jul | Aug | Sep | Oct | Nov | Dec 
2015: Jan | Feb | Mar | Apr | May | Jun | Jul | Aug | Sep | Oct | Nov | Dec 
2014: Jan | Feb | Mar | Apr | May | Jun | Jul | Aug | Sep | Oct | Nov | Dec 
2013: Jan | Feb | Mar | Apr | May | Jun | Jul | Aug | Sep | Oct | Nov | Dec 
2012: Jan | Feb | Mar | Apr | May | Jun | Jul | Aug | Sep | Oct | Nov | Dec 
2011: Jan | Feb | Mar | Apr | May | Jun | Jul | Aug | Sep | Oct | Nov | Dec 
2010: Jan | Feb | Mar | Apr | May | Jun | Jul | Aug | Sep | Oct | Nov | Dec 
2009: Jan | Feb | Mar | Apr | May | Jun | Jul | Aug | Sep | Oct | Nov | Dec 
2008: Jan | Feb | Mar | Apr | May | Jun | Jul | Aug | Sep | Oct | Nov | Dec 
2007: Jan | Feb | Mar | Apr | May | Jun | Jul | Aug | Sep | Oct | Nov | Dec 
2006: Jan | Feb | Mar | Apr | May | Jun | Jul | Aug | Sep | Oct | Nov | Dec 
2005: Jan | Feb | Mar | Apr | May | Jun | Jul | Aug | Sep | Oct | Nov | Dec 

Report for 2015 06
MONTHLY CLIMATOLOGICAL SUMMARY for Jun 2015 NAME: Cabrera de Mar, Barcelona ELEV: 9 meters LAT: 41-33.89 N LONG: 002-24.07 E TEMPERATURE (C), RAIN (cm), WIND SPEED (km/h) HEAT COOL AVG MEAN DEG DEG WIND DOM DAY TEMP HIGH TIME LOW TIME DAYS DAYS RAIN SPEED HIGH TIME DIR --------------------------------------------------------------------------------------- 01 20.9 24.2 14:10 17.9 06:30 0.0 2.6 0.00 3.9 22.5 21:10 305 02 20.4 23.8 14:20 16.1 06:30 0.0 2.1 0.00 7.0 29.0 17:20 318 03 21.3 24.5 16:50 16.4 06:30 0.0 3.0 0.00 4.5 24.1 12:20 305 04 21.8 25.7 13:30 17.6 06:30 0.0 3.5 0.00 3.8 24.1 15:20 297 05 22.3 26.3 16:40 17.0 06:50 0.0 3.9 0.00 5.4 27.4 12:30 318 06 22.1 26.2 11:40 16.8 07:00 0.0 3.8 0.00 2.6 20.9 10:40 225 07 23.2 27.4 17:30 17.7 06:40 0.0 4.9 0.00 3.6 20.9 18:40 299 08 24.4 28.1 12:50 20.2 06:40 0.0 6.0 0.00 3.4 38.6 16:40 325 09 23.5 26.4 11:10 20.9 03:00 0.0 5.1 0.00 4.0 19.3 11:10 296 10 23.1 25.9 14:20 20.1 07:10 0.0 4.8 0.00 3.9 24.1 19:50 190 11 23.4 27.6 15:00 18.8 05:00 0.0 5.1 0.04 8.5 38.6 11:50 167 12 22.6 25.6 16:30 19.2 06:50 0.0 4.2 0.00 6.9 37.0 22:30 294 13 21.7 24.8 14:10 18.3 06:50 0.0 3.3 0.00 4.5 22.5 12:30 197 14 22.1 25.1 15:30 18.9 07:00 0.0 3.8 0.00 5.9 29.0 19:20 291 15 21.8 24.7 13:40 18.1 05:10 0.0 3.5 0.00 3.7 20.9 13:50 217 16 20.7 24.8 14:30 18.6 06:40 0.0 2.4 0.22 5.7 33.8 06:20 354 17 21.4 24.7 12:50 17.3 06:50 0.0 3.1 0.00 5.4 25.7 13:50 308 18 22.5 25.7 13:50 18.2 07:00 0.0 4.1 0.00 6.4 27.4 20:50 310 19 22.4 25.6 15:50 19.2 05:40 0.0 4.1 0.00 3.0 19.3 16:50 214 20 23.1 26.1 15:50 18.9 06:40 0.0 4.7 0.00 6.0 24.1 18:50 306 21 22.8 26.2 16:30 18.3 06:40 0.0 4.5 0.00 6.6 25.7 18:50 296 22 23.0 26.3 14:00 18.6 06:20 0.0 4.7 0.00 9.7 37.0 14:20 323 23 24.1 27.6 12:10 22.0 03:00 0.0 5.8 0.00 5.8 33.8 04:10 303 24 22.6 24.7 14:00 20.2 07:20 0.0 4.3 0.00 4.4 20.9 12:50 258 25 22.4 24.7 14:20 18.9 06:00 0.0 4.1 0.00 3.6 19.3 09:30 208 26 23.8 26.7 14:20 20.5 06:40 0.0 5.5 0.00 5.0 25.7 11:00 310 27 24.2 27.2 17:00 19.9 07:10 0.0 5.8 0.00 3.9 22.5 01:20 259 28 24.6 27.9 17:30 20.5 06:40 0.0 6.2 0.00 3.3 19.3 14:10 297 29 25.8 29.4 18:10 21.9 05:40 0.0 7.5 0.00 4.3 29.0 18:30 300 30 26.2 28.9 11:40 23.1 06:40 0.0 7.8 0.00 5.8 27.4 11:10 316 --------------------------------------------------------------------------------------- 22.8 29.4 29 16.1 02 0.0 134.3 0.26 5.0 38.6 08 290