NOAA-Style Climate Reports

NOAA style reports
2022: Jan | Feb | Mar | Apr | May | Jun | Jul | Aug | Sep | Oct | Nov | Dec 
2021: Jan | Feb | Mar | Apr | May | Jun | Jul | Aug | Sep | Oct | Nov | Dec 
2020: Jan | Feb | Mar | Apr | May | Jun | Jul | Aug | Sep | Oct | Nov | Dec 
2019: Jan | Feb | Mar | Apr | May | Jun | Jul | Aug | Sep | Oct | Nov | Dec 
2018: Jan | Feb | Mar | Apr | May | Jun | Jul | Aug | Sep | Oct | Nov | Dec 
2017: Jan | Feb | Mar | Apr | May | Jun | Jul | Aug | Sep | Oct | Nov | Dec 
2016: Jan | Feb | Mar | Apr | May | Jun | Jul | Aug | Sep | Oct | Nov | Dec 
2015: Jan | Feb | Mar | Apr | May | Jun | Jul | Aug | Sep | Oct | Nov | Dec 
2014: Jan | Feb | Mar | Apr | May | Jun | Jul | Aug | Sep | Oct | Nov | Dec 
2013: Jan | Feb | Mar | Apr | May | Jun | Jul | Aug | Sep | Oct | Nov | Dec 
2012: Jan | Feb | Mar | Apr | May | Jun | Jul | Aug | Sep | Oct | Nov | Dec 
2011: Jan | Feb | Mar | Apr | May | Jun | Jul | Aug | Sep | Oct | Nov | Dec 
2010: Jan | Feb | Mar | Apr | May | Jun | Jul | Aug | Sep | Oct | Nov | Dec 
2009: Jan | Feb | Mar | Apr | May | Jun | Jul | Aug | Sep | Oct | Nov | Dec 
2008: Jan | Feb | Mar | Apr | May | Jun | Jul | Aug | Sep | Oct | Nov | Dec 
2007: Jan | Feb | Mar | Apr | May | Jun | Jul | Aug | Sep | Oct | Nov | Dec 
2006: Jan | Feb | Mar | Apr | May | Jun | Jul | Aug | Sep | Oct | Nov | Dec 
2005: Jan | Feb | Mar | Apr | May | Jun | Jul | Aug | Sep | Oct | Nov | Dec 

Report for 2015 05
MONTHLY CLIMATOLOGICAL SUMMARY for May 2015 NAME: Cabrera de Mar, Barcelona ELEV: 9 meters LAT: 41-33.89 N LONG: 002-24.07 E TEMPERATURE (C), RAIN (cm), WIND SPEED (km/h) HEAT COOL AVG MEAN DEG DEG WIND DOM DAY TEMP HIGH TIME LOW TIME DAYS DAYS RAIN SPEED HIGH TIME DIR --------------------------------------------------------------------------------------- 01 16.6 19.5 13:10 14.2 03:10 1.7 0.0 0.00 10.6 49.9 15:10 321 02 18.4 22.3 16:20 14.6 03:00 0.0 0.1 0.00 5.4 27.4 16:20 315 03 19.7 25.7 15:00 17.0 06:00 0.0 1.4 0.00 8.1 33.8 18:10 322 04 17.7 21.3 13:40 16.3 06:30 0.7 0.0 0.00 4.9 27.4 17:00 175 05 18.0 20.2 12:10 16.8 07:40 0.4 0.0 0.00 4.1 27.4 12:40 206 06 18.1 21.2 14:50 14.2 06:40 0.2 0.0 0.00 3.5 17.7 15:10 286 07 17.7 21.3 15:20 13.4 07:10 0.6 0.0 0.00 7.5 32.2 14:50 320 08 18.7 22.3 15:00 14.8 05:40 0.0 0.4 0.00 8.1 45.1 15:10 319 09 19.6 22.8 14:30 16.2 03:30 0.0 1.3 0.00 6.8 38.6 15:20 325 10 18.9 22.4 15:30 15.3 06:10 0.0 0.5 0.00 4.3 29.0 16:10 308 11 18.9 22.9 11:20 13.7 07:00 0.0 0.5 0.00 4.0 24.1 12:20 294 12 18.7 22.9 15:10 13.5 06:30 0.0 0.3 0.00 3.8 19.3 14:20 293 13 19.8 23.9 14:30 15.4 06:50 0.0 1.5 0.00 10.5 43.5 16:40 326 14 19.8 22.3 16:00 17.4 06:30 0.0 1.5 0.00 5.4 29.0 17:40 292 15 18.5 21.1 15:10 15.3 07:20 0.0 0.2 0.00 9.6 48.3 16:40 282 16 19.3 23.6 13:40 15.5 04:50 0.0 1.0 0.00 7.7 33.8 15:50 336 17 18.5 21.6 15:40 14.3 07:20 0.0 0.1 0.00 3.3 22.5 00:30 238 18 18.9 22.5 15:10 14.5 06:40 0.0 0.6 0.00 9.2 41.8 15:30 325 19 17.2 20.2 10:30 14.3 23:50 1.1 0.0 1.46 2.6 30.6 09:40 196 20 14.2 15.4 13:20 12.7 05:30 4.2 0.0 0.62 5.9 30.6 00:00 243 21 16.3 20.2 14:00 11.6 06:40 2.0 0.0 0.00 9.6 40.2 14:40 310 22 17.2 20.7 14:50 13.3 06:00 1.1 0.0 0.00 7.0 27.4 16:40 300 23 17.9 20.9 11:30 13.5 05:00 0.4 0.0 0.00 5.9 29.0 12:10 306 24 19.4 22.0 12:10 17.4 02:00 0.0 1.1 0.00 5.3 19.3 02:00 348 25 19.3 21.8 16:30 15.8 07:20 0.0 1.0 0.00 3.8 19.3 16:40 285 26 19.7 22.2 14:30 16.2 06:00 0.0 1.4 0.00 5.3 22.5 19:00 312 27 18.7 21.4 14:30 15.2 06:30 0.0 0.3 0.00 5.5 20.9 01:40 299 28 18.6 22.1 16:40 14.1 06:40 0.0 0.2 0.00 8.2 37.0 18:00 316 29 19.1 22.5 14:10 15.3 07:00 0.0 0.8 0.00 7.7 29.0 11:50 320 30 19.1 22.9 14:20 14.6 05:30 0.0 0.8 0.00 4.0 20.9 06:00 298 31 19.4 22.4 15:40 15.8 07:00 0.0 1.1 0.00 3.3 19.3 16:00 273 --------------------------------------------------------------------------------------- 18.4 25.7 03 11.6 21 12.5 16.0 2.08 6.2 49.9 01 308