NOAA-Style Climate Reports

NOAA style reports
2022: Jan | Feb | Mar | Apr | May | Jun | Jul | Aug | Sep | Oct | Nov | Dec 
2021: Jan | Feb | Mar | Apr | May | Jun | Jul | Aug | Sep | Oct | Nov | Dec 
2020: Jan | Feb | Mar | Apr | May | Jun | Jul | Aug | Sep | Oct | Nov | Dec 
2019: Jan | Feb | Mar | Apr | May | Jun | Jul | Aug | Sep | Oct | Nov | Dec 
2018: Jan | Feb | Mar | Apr | May | Jun | Jul | Aug | Sep | Oct | Nov | Dec 
2017: Jan | Feb | Mar | Apr | May | Jun | Jul | Aug | Sep | Oct | Nov | Dec 
2016: Jan | Feb | Mar | Apr | May | Jun | Jul | Aug | Sep | Oct | Nov | Dec 
2015: Jan | Feb | Mar | Apr | May | Jun | Jul | Aug | Sep | Oct | Nov | Dec 
2014: Jan | Feb | Mar | Apr | May | Jun | Jul | Aug | Sep | Oct | Nov | Dec 
2013: Jan | Feb | Mar | Apr | May | Jun | Jul | Aug | Sep | Oct | Nov | Dec 
2012: Jan | Feb | Mar | Apr | May | Jun | Jul | Aug | Sep | Oct | Nov | Dec 
2011: Jan | Feb | Mar | Apr | May | Jun | Jul | Aug | Sep | Oct | Nov | Dec 
2010: Jan | Feb | Mar | Apr | May | Jun | Jul | Aug | Sep | Oct | Nov | Dec 
2009: Jan | Feb | Mar | Apr | May | Jun | Jul | Aug | Sep | Oct | Nov | Dec 
2008: Jan | Feb | Mar | Apr | May | Jun | Jul | Aug | Sep | Oct | Nov | Dec 
2007: Jan | Feb | Mar | Apr | May | Jun | Jul | Aug | Sep | Oct | Nov | Dec 
2006: Jan | Feb | Mar | Apr | May | Jun | Jul | Aug | Sep | Oct | Nov | Dec 
2005: Jan | Feb | Mar | Apr | May | Jun | Jul | Aug | Sep | Oct | Nov | Dec 

Report for 2015 04
MONTHLY CLIMATOLOGICAL SUMMARY for Apr 2015 NAME: Cabrera de Mar, Barcelona ELEV: 9 meters LAT: 41-33.89 N LONG: 002-24.07 E TEMPERATURE (C), RAIN (cm), WIND SPEED (km/h) HEAT COOL AVG MEAN DEG DEG WIND DOM DAY TEMP HIGH TIME LOW TIME DAYS DAYS RAIN SPEED HIGH TIME DIR --------------------------------------------------------------------------------------- 01 14.2 17.9 12:50 10.8 05:40 4.1 0.0 0.10 6.9 30.6 15:30 328 02 13.9 17.4 13:00 10.2 08:10 4.5 0.0 0.00 6.0 22.5 13:20 315 03 13.3 16.9 15:00 9.0 07:20 5.0 0.0 0.00 4.8 20.9 15:00 295 04 14.0 16.8 12:40 11.9 05:10 4.4 0.0 0.00 6.0 25.7 16:10 265 05 13.5 16.2 17:10 9.3 07:40 4.8 0.0 0.00 4.8 22.5 16:00 207 06 13.3 16.4 14:30 10.6 00:00 5.0 0.0 0.00 7.9 33.8 03:40 182 07 12.5 18.3 12:20 6.8 06:00 5.8 0.0 0.00 7.8 49.9 14:20 179 08 12.1 17.0 15:00 5.7 07:30 6.2 0.0 0.00 8.4 29.0 13:10 323 09 12.0 15.9 15:00 6.4 07:10 6.4 0.0 0.00 4.2 16.1 10:50 286 10 13.0 17.1 17:00 8.1 04:30 5.3 0.0 0.00 3.9 17.7 15:20 181 11 14.4 18.2 14:20 11.2 07:20 3.9 0.0 0.00 8.4 40.2 14:10 171 12 14.5 18.1 15:30 10.9 07:10 3.9 0.0 0.00 3.4 17.7 09:10 182 13 13.8 17.4 15:20 9.5 07:10 4.5 0.0 0.00 4.3 17.7 17:10 286 14 14.8 18.6 16:10 9.7 07:00 3.6 0.0 0.00 4.1 19.3 16:20 299 15 15.8 21.6 14:10 9.9 07:00 2.5 0.0 0.00 5.3 25.7 14:50 168 16 16.2 17.9 14:30 15.2 05:30 2.1 0.0 0.16 4.7 22.5 18:50 298 17 16.1 20.8 14:40 11.8 06:40 2.2 0.0 0.00 2.9 19.3 14:10 250 18 15.9 19.4 14:10 12.5 06:20 2.4 0.0 0.00 6.3 24.1 16:20 316 19 15.6 18.9 13:30 13.8 02:30 2.7 0.0 0.30 5.8 38.6 14:30 189 20 15.0 17.7 16:20 12.3 07:40 3.4 0.0 0.00 4.3 19.3 11:20 249 21 15.9 19.9 15:30 11.4 06:50 2.4 0.0 0.00 3.1 14.5 16:50 265 22 15.0 18.7 13:50 11.7 03:50 3.3 0.0 0.04 2.7 16.1 08:20 254 23 15.6 19.1 14:10 10.9 07:30 2.8 0.0 0.00 3.4 19.3 09:40 213 24 16.7 19.9 15:30 12.3 07:00 1.7 0.0 0.00 8.1 32.2 16:40 321 25 17.1 18.9 13:20 16.1 06:30 1.2 0.0 0.00 8.4 25.7 13:30 322 26 16.9 18.5 14:40 15.3 07:00 1.4 0.0 0.28 3.5 17.7 23:20 285 27 16.6 22.0 12:50 14.2 04:30 1.7 0.0 0.02 6.9 30.6 10:30 52 28 15.8 19.9 15:20 11.7 06:30 2.5 0.0 0.00 6.4 27.4 15:30 277 29 15.6 19.7 15:20 11.4 07:00 2.8 0.0 0.24 6.8 30.6 13:00 315 30 16.2 19.8 16:10 12.3 07:20 2.1 0.0 0.00 8.1 30.6 18:00 327 --------------------------------------------------------------------------------------- 14.9 22.0 27 5.7 08 104.4 0.0 1.14 5.6 49.9 07 278