NOAA-Style Climate Reports

NOAA style reports
2022: Jan | Feb | Mar | Apr | May | Jun | Jul | Aug | Sep | Oct | Nov | Dec 
2021: Jan | Feb | Mar | Apr | May | Jun | Jul | Aug | Sep | Oct | Nov | Dec 
2020: Jan | Feb | Mar | Apr | May | Jun | Jul | Aug | Sep | Oct | Nov | Dec 
2019: Jan | Feb | Mar | Apr | May | Jun | Jul | Aug | Sep | Oct | Nov | Dec 
2018: Jan | Feb | Mar | Apr | May | Jun | Jul | Aug | Sep | Oct | Nov | Dec 
2017: Jan | Feb | Mar | Apr | May | Jun | Jul | Aug | Sep | Oct | Nov | Dec 
2016: Jan | Feb | Mar | Apr | May | Jun | Jul | Aug | Sep | Oct | Nov | Dec 
2015: Jan | Feb | Mar | Apr | May | Jun | Jul | Aug | Sep | Oct | Nov | Dec 
2014: Jan | Feb | Mar | Apr | May | Jun | Jul | Aug | Sep | Oct | Nov | Dec 
2013: Jan | Feb | Mar | Apr | May | Jun | Jul | Aug | Sep | Oct | Nov | Dec 
2012: Jan | Feb | Mar | Apr | May | Jun | Jul | Aug | Sep | Oct | Nov | Dec 
2011: Jan | Feb | Mar | Apr | May | Jun | Jul | Aug | Sep | Oct | Nov | Dec 
2010: Jan | Feb | Mar | Apr | May | Jun | Jul | Aug | Sep | Oct | Nov | Dec 
2009: Jan | Feb | Mar | Apr | May | Jun | Jul | Aug | Sep | Oct | Nov | Dec 
2008: Jan | Feb | Mar | Apr | May | Jun | Jul | Aug | Sep | Oct | Nov | Dec 
2007: Jan | Feb | Mar | Apr | May | Jun | Jul | Aug | Sep | Oct | Nov | Dec 
2006: Jan | Feb | Mar | Apr | May | Jun | Jul | Aug | Sep | Oct | Nov | Dec 
2005: Jan | Feb | Mar | Apr | May | Jun | Jul | Aug | Sep | Oct | Nov | Dec 

Report for 2015 02
MONTHLY CLIMATOLOGICAL SUMMARY for Feb 2015 NAME: Cabrera de Mar, Barcelona ELEV: 9 meters LAT: 41-33.89 N LONG: 002-24.07 E TEMPERATURE (C), RAIN (cm), WIND SPEED (km/h) HEAT COOL AVG MEAN DEG DEG WIND DOM DAY TEMP HIGH TIME LOW TIME DAYS DAYS RAIN SPEED HIGH TIME DIR --------------------------------------------------------------------------------------- 01 8.5 13.8 14:30 5.1 04:40 9.8 0.0 0.00 15.3 53.1 11:10 37 02 7.4 11.9 12:10 2.8 08:10 10.9 0.0 0.00 6.0 27.4 02:50 3 03 7.4 9.9 11:50 5.8 15:20 10.9 0.0 0.48 2.7 20.9 03:10 108 04 5.8 7.6 15:30 4.4 05:40 12.5 0.0 0.14 9.3 41.8 07:00 94 05 6.6 12.5 16:10 3.1 00:00 11.8 0.0 0.52 3.4 35.4 17:50 179 06 5.6 9.6 15:50 1.0 08:10 12.7 0.0 0.00 5.8 30.6 03:40 11 07 6.9 10.6 15:40 2.8 08:20 11.4 0.0 0.00 2.6 17.7 15:00 302 08 8.6 14.1 14:40 4.9 07:40 9.8 0.0 0.00 6.4 32.2 07:10 26 09 8.5 12.8 14:10 4.1 04:50 9.8 0.0 0.00 5.2 24.1 00:10 328 10 9.3 13.7 13:30 4.9 08:10 9.0 0.0 0.00 4.1 24.1 02:40 28 11 8.7 14.0 15:00 2.9 06:00 9.6 0.0 0.00 2.6 14.5 14:30 289 12 9.4 13.9 14:30 5.1 03:50 8.9 0.0 0.00 2.4 14.5 12:50 295 13 12.0 15.3 14:50 9.7 07:00 6.3 0.0 0.00 7.6 35.4 17:00 301 14 11.6 15.8 17:20 6.8 07:10 6.8 0.0 0.00 5.5 33.8 17:00 341 15 11.2 14.4 16:30 8.1 08:20 7.1 0.0 0.00 2.8 19.3 03:10 313 16 11.3 15.0 12:20 6.2 08:10 7.1 0.0 0.00 4.9 25.7 13:10 315 17 12.9 16.9 14:50 10.3 07:10 5.4 0.0 0.00 6.9 37.0 14:20 124 18 11.9 17.1 14:20 7.9 07:50 6.4 0.0 0.00 4.2 33.8 15:30 158 19 10.2 14.6 13:00 5.5 07:30 8.2 0.0 0.00 2.8 17.7 12:20 187 20 9.7 13.6 13:50 5.4 07:40 8.7 0.0 0.00 6.3 27.4 16:40 307 21 10.0 12.0 15:50 6.7 23:10 8.3 0.0 0.24 4.2 22.5 11:00 13 22 10.5 17.2 15:30 4.8 02:40 7.9 0.0 0.02 11.3 53.1 11:40 45 23 11.2 15.8 12:10 6.8 06:40 7.2 0.0 0.02 3.9 30.6 02:00 49 24 11.5 16.9 14:20 7.1 06:50 6.9 0.0 0.14 12.5 46.7 14:40 31 25 12.4 17.9 12:20 7.9 04:50 5.9 0.0 0.00 9.4 38.6 03:30 47 26 11.6 15.7 11:30 7.5 06:40 6.8 0.0 0.04 2.8 19.3 01:30 340 27 11.5 14.0 15:30 9.5 00:00 6.9 0.0 0.00 4.5 33.8 13:20 239 28 9.6 13.5 14:20 4.8 08:00 8.8 0.0 0.00 3.6 25.7 14:50 289 --------------------------------------------------------------------------------------- 9.7 17.9 25 1.0 06 241.8 0.0 1.60 5.7 53.1 01 18