NOAA-Style Climate Reports

NOAA style reports
2022: Jan | Feb | Mar | Apr | May | Jun | Jul | Aug | Sep | Oct | Nov | Dec 
2021: Jan | Feb | Mar | Apr | May | Jun | Jul | Aug | Sep | Oct | Nov | Dec 
2020: Jan | Feb | Mar | Apr | May | Jun | Jul | Aug | Sep | Oct | Nov | Dec 
2019: Jan | Feb | Mar | Apr | May | Jun | Jul | Aug | Sep | Oct | Nov | Dec 
2018: Jan | Feb | Mar | Apr | May | Jun | Jul | Aug | Sep | Oct | Nov | Dec 
2017: Jan | Feb | Mar | Apr | May | Jun | Jul | Aug | Sep | Oct | Nov | Dec 
2016: Jan | Feb | Mar | Apr | May | Jun | Jul | Aug | Sep | Oct | Nov | Dec 
2015: Jan | Feb | Mar | Apr | May | Jun | Jul | Aug | Sep | Oct | Nov | Dec 
2014: Jan | Feb | Mar | Apr | May | Jun | Jul | Aug | Sep | Oct | Nov | Dec 
2013: Jan | Feb | Mar | Apr | May | Jun | Jul | Aug | Sep | Oct | Nov | Dec 
2012: Jan | Feb | Mar | Apr | May | Jun | Jul | Aug | Sep | Oct | Nov | Dec 
2011: Jan | Feb | Mar | Apr | May | Jun | Jul | Aug | Sep | Oct | Nov | Dec 
2010: Jan | Feb | Mar | Apr | May | Jun | Jul | Aug | Sep | Oct | Nov | Dec 
2009: Jan | Feb | Mar | Apr | May | Jun | Jul | Aug | Sep | Oct | Nov | Dec 
2008: Jan | Feb | Mar | Apr | May | Jun | Jul | Aug | Sep | Oct | Nov | Dec 
2007: Jan | Feb | Mar | Apr | May | Jun | Jul | Aug | Sep | Oct | Nov | Dec 
2006: Jan | Feb | Mar | Apr | May | Jun | Jul | Aug | Sep | Oct | Nov | Dec 
2005: Jan | Feb | Mar | Apr | May | Jun | Jul | Aug | Sep | Oct | Nov | Dec 

Report for 2014 12
MONTHLY CLIMATOLOGICAL SUMMARY for Dec 2014 NAME: Cabrera de Mar, Barcelona ELEV: 9 meters LAT: 41-33.89 N LONG: 002-24.07 E TEMPERATURE (C), RAIN (cm), WIND SPEED (km/h) HEAT COOL AVG MEAN DEG DEG WIND DOM DAY TEMP HIGH TIME LOW TIME DAYS DAYS RAIN SPEED HIGH TIME DIR --------------------------------------------------------------------------------------- 01 15.4 18.1 12:50 12.3 23:30 2.9 0.0 0.00 5.8 40.2 04:50 123 02 13.5 16.8 11:50 11.4 09:00 4.8 0.0 0.00 4.1 22.5 09:10 0 03 11.3 12.8 15:20 10.1 06:00 7.1 0.0 0.18 1.9 17.7 03:00 92 04 10.9 12.3 14:10 9.9 20:00 7.4 0.0 0.36 6.5 32.2 06:30 109 05 10.9 14.3 12:50 8.5 07:40 7.5 0.0 0.00 3.6 22.5 06:00 74 06 10.3 14.2 13:20 7.4 00:00 8.0 0.0 0.00 4.4 24.1 04:10 15 07 10.4 14.8 15:10 7.3 00:20 7.9 0.0 0.00 5.2 27.4 09:50 42 08 10.9 15.7 15:20 6.7 04:30 7.4 0.0 0.00 3.8 27.4 14:40 33 09 10.2 14.7 15:00 4.7 00:00 8.2 0.0 0.00 14.5 69.2 12:30 78 10 9.2 13.7 15:30 4.4 08:40 9.2 0.0 0.00 5.8 33.8 00:00 24 11 11.8 17.3 14:10 7.4 06:00 6.5 0.0 0.00 2.6 24.1 00:10 45 12 12.3 17.5 14:30 8.3 01:40 6.0 0.0 0.00 9.9 35.4 13:10 7 13 12.6 16.2 13:20 9.2 00:00 5.7 0.0 0.00 5.0 22.5 11:00 355 14 12.5 17.2 14:10 7.6 03:20 5.8 0.0 0.16 3.3 29.0 23:20 133 15 12.6 13.7 00:10 10.8 11:20 5.8 0.0 1.56 6.9 30.6 09:10 99 16 12.1 15.8 15:50 8.8 00:00 6.2 0.0 0.00 3.6 29.0 04:10 33 17 10.8 14.1 12:20 7.4 07:20 7.5 0.0 0.02 3.5 27.4 23:00 13 18 13.8 18.2 15:10 9.9 03:40 4.5 0.0 0.00 2.1 24.1 00:20 226 19 13.2 18.4 14:40 9.4 08:30 5.2 0.0 0.00 2.3 16.1 15:40 96 20 13.7 18.2 14:20 10.6 00:00 4.6 0.0 0.00 4.6 30.6 18:40 33 21 10.8 16.1 15:50 6.6 08:40 7.5 0.0 0.00 2.0 14.5 19:50 116 22 10.0 14.8 14:30 6.4 08:30 8.3 0.0 0.02 2.6 14.5 15:00 346 23 9.1 14.7 14:30 4.3 08:30 9.3 0.0 0.02 4.2 27.4 11:50 332 24 9.5 14.4 14:30 6.1 07:00 8.8 0.0 0.02 2.4 11.3 07:00 346 25 9.7 16.3 14:00 4.8 07:50 8.7 0.0 0.00 3.3 27.4 13:30 3 26 9.4 13.9 14:50 6.4 02:30 9.0 0.0 0.00 2.9 16.1 12:10 33 27 9.1 12.9 14:40 5.9 08:50 9.2 0.0 0.00 4.1 29.0 10:20 19 28 8.8 14.9 14:00 4.2 00:00 9.5 0.0 0.00 4.5 29.0 13:20 41 29 7.2 12.9 12:40 2.7 02:00 11.1 0.0 0.00 6.3 45.1 13:10 107 30 7.0 12.3 14:20 1.8 08:20 11.4 0.0 0.00 4.5 32.2 20:00 1 31 7.3 13.2 14:10 2.4 07:50 11.0 0.0 0.00 2.2 14.5 14:40 64 --------------------------------------------------------------------------------------- 10.8 18.4 19 1.8 30 232.1 0.0 2.34 4.5 69.2 09 49