NOAA-Style Climate Reports

NOAA style reports
2022: Jan | Feb | Mar | Apr | May | Jun | Jul | Aug | Sep | Oct | Nov | Dec 
2021: Jan | Feb | Mar | Apr | May | Jun | Jul | Aug | Sep | Oct | Nov | Dec 
2020: Jan | Feb | Mar | Apr | May | Jun | Jul | Aug | Sep | Oct | Nov | Dec 
2019: Jan | Feb | Mar | Apr | May | Jun | Jul | Aug | Sep | Oct | Nov | Dec 
2018: Jan | Feb | Mar | Apr | May | Jun | Jul | Aug | Sep | Oct | Nov | Dec 
2017: Jan | Feb | Mar | Apr | May | Jun | Jul | Aug | Sep | Oct | Nov | Dec 
2016: Jan | Feb | Mar | Apr | May | Jun | Jul | Aug | Sep | Oct | Nov | Dec 
2015: Jan | Feb | Mar | Apr | May | Jun | Jul | Aug | Sep | Oct | Nov | Dec 
2014: Jan | Feb | Mar | Apr | May | Jun | Jul | Aug | Sep | Oct | Nov | Dec 
2013: Jan | Feb | Mar | Apr | May | Jun | Jul | Aug | Sep | Oct | Nov | Dec 
2012: Jan | Feb | Mar | Apr | May | Jun | Jul | Aug | Sep | Oct | Nov | Dec 
2011: Jan | Feb | Mar | Apr | May | Jun | Jul | Aug | Sep | Oct | Nov | Dec 
2010: Jan | Feb | Mar | Apr | May | Jun | Jul | Aug | Sep | Oct | Nov | Dec 
2009: Jan | Feb | Mar | Apr | May | Jun | Jul | Aug | Sep | Oct | Nov | Dec 
2008: Jan | Feb | Mar | Apr | May | Jun | Jul | Aug | Sep | Oct | Nov | Dec 
2007: Jan | Feb | Mar | Apr | May | Jun | Jul | Aug | Sep | Oct | Nov | Dec 
2006: Jan | Feb | Mar | Apr | May | Jun | Jul | Aug | Sep | Oct | Nov | Dec 
2005: Jan | Feb | Mar | Apr | May | Jun | Jul | Aug | Sep | Oct | Nov | Dec 

Report for 2014 11
MONTHLY CLIMATOLOGICAL SUMMARY for Nov 2014 NAME: Cabrera de Mar, Barcelona ELEV: 9 meters LAT: 41-33.89 N LONG: 002-24.07 E TEMPERATURE (C), RAIN (cm), WIND SPEED (km/h) HEAT COOL AVG MEAN DEG DEG WIND DOM DAY TEMP HIGH TIME LOW TIME DAYS DAYS RAIN SPEED HIGH TIME DIR --------------------------------------------------------------------------------------- 01 20.3 21.9 13:00 15.6 08:00 0.0 1.9 0.00 3.4 14.5 13:00 237 02 20.2 22.5 13:20 14.3 08:00 0.0 1.9 0.00 7.4 25.7 14:00 267 03 19.8 21.8 13:10 15.7 11:10 0.0 1.4 2.18 14.3 45.1 10:50 284 04 17.1 17.8 13:10 16.4 14:50 1.2 0.0 0.02 9.4 35.4 12:00 312 05 16.4 17.6 14:50 11.4 09:40 1.9 0.0 0.00 9.1 25.7 14:10 252 06 15.3 16.7 10:50 10.1 08:20 3.1 0.0 0.00 4.0 17.7 08:00 228 07 17.5 21.6 14:10 8.7 08:00 0.8 0.0 0.00 7.3 25.7 12:40 264 08 16.1 17.1 12:50 13.8 08:00 2.2 0.0 0.00 6.2 24.1 13:50 309 09 16.5 17.9 11:50 12.8 08:20 1.9 0.0 0.00 8.8 33.8 13:40 345 10 15.5 16.2 13:10 14.0 10:00 2.9 0.0 0.00 1.9 11.3 14:20 320 11 15.5 17.7 11:00 10.9 08:20 2.8 0.0 0.00 5.0 22.5 11:10 286 12 15.8 19.4 15:10 11.4 00:00 2.6 0.0 0.00 8.3 37.0 16:10 292 13 14.9 22.2 14:20 9.2 06:30 3.4 0.0 0.00 8.5 43.5 12:40 298 14 16.6 18.9 15:40 12.5 04:20 1.7 0.0 0.06 2.3 16.1 19:20 308 15 15.6 19.2 13:30 13.6 04:30 2.7 0.0 0.02 11.3 46.7 14:30 300 16 14.8 18.9 13:30 11.2 07:00 3.6 0.0 0.00 12.3 48.3 15:00 317 17 13.3 17.0 14:00 9.8 23:50 5.0 0.0 0.00 7.2 35.4 12:10 339 18 13.2 19.1 14:30 9.1 06:40 5.2 0.0 0.00 7.9 38.6 12:00 341 19 14.3 19.1 14:00 9.3 08:20 4.1 0.0 0.00 4.2 20.9 01:40 22 20 15.2 19.7 12:40 11.4 08:00 3.1 0.0 0.00 1.6 16.1 05:40 134 21 17.4 19.9 13:20 15.2 08:00 0.9 0.0 0.00 1.0 8.0 06:30 139 22 17.8 21.2 13:30 15.8 23:40 0.5 0.0 0.00 1.2 17.7 14:30 103 23 18.4 22.3 15:10 14.5 04:20 0.0 0.1 0.00 5.3 32.2 11:50 121 24 19.1 22.8 12:30 16.1 00:00 0.0 0.7 0.02 5.1 24.1 03:30 93 25 17.1 19.3 14:50 15.1 03:30 1.3 0.0 0.00 1.0 14.5 14:20 137 26 15.8 18.4 15:10 13.3 22:20 2.6 0.0 0.78 2.4 19.3 23:50 2 27 14.5 17.8 14:40 10.7 08:10 3.9 0.0 0.22 1.9 17.7 04:30 26 28 18.1 19.9 12:10 15.7 00:10 0.3 0.0 0.08 8.0 32.2 04:00 157 29 17.6 18.6 12:50 15.4 22:20 0.7 0.0 1.54 13.8 46.7 08:20 142 30 16.3 19.4 14:30 11.8 19:30 2.0 0.0 2.06 15.6 62.8 15:30 107 --------------------------------------------------------------------------------------- 16.3 22.8 24 8.7 07 60.3 6.0 6.98 6.3 62.8 30 317