NOAA-Style Climate Reports

NOAA style reports
2022: Jan | Feb | Mar | Apr | May | Jun | Jul | Aug | Sep | Oct | Nov | Dec 
2021: Jan | Feb | Mar | Apr | May | Jun | Jul | Aug | Sep | Oct | Nov | Dec 
2020: Jan | Feb | Mar | Apr | May | Jun | Jul | Aug | Sep | Oct | Nov | Dec 
2019: Jan | Feb | Mar | Apr | May | Jun | Jul | Aug | Sep | Oct | Nov | Dec 
2018: Jan | Feb | Mar | Apr | May | Jun | Jul | Aug | Sep | Oct | Nov | Dec 
2017: Jan | Feb | Mar | Apr | May | Jun | Jul | Aug | Sep | Oct | Nov | Dec 
2016: Jan | Feb | Mar | Apr | May | Jun | Jul | Aug | Sep | Oct | Nov | Dec 
2015: Jan | Feb | Mar | Apr | May | Jun | Jul | Aug | Sep | Oct | Nov | Dec 
2014: Jan | Feb | Mar | Apr | May | Jun | Jul | Aug | Sep | Oct | Nov | Dec 
2013: Jan | Feb | Mar | Apr | May | Jun | Jul | Aug | Sep | Oct | Nov | Dec 
2012: Jan | Feb | Mar | Apr | May | Jun | Jul | Aug | Sep | Oct | Nov | Dec 
2011: Jan | Feb | Mar | Apr | May | Jun | Jul | Aug | Sep | Oct | Nov | Dec 
2010: Jan | Feb | Mar | Apr | May | Jun | Jul | Aug | Sep | Oct | Nov | Dec 
2009: Jan | Feb | Mar | Apr | May | Jun | Jul | Aug | Sep | Oct | Nov | Dec 
2008: Jan | Feb | Mar | Apr | May | Jun | Jul | Aug | Sep | Oct | Nov | Dec 
2007: Jan | Feb | Mar | Apr | May | Jun | Jul | Aug | Sep | Oct | Nov | Dec 
2006: Jan | Feb | Mar | Apr | May | Jun | Jul | Aug | Sep | Oct | Nov | Dec 
2005: Jan | Feb | Mar | Apr | May | Jun | Jul | Aug | Sep | Oct | Nov | Dec 

Report for 2014 10
MONTHLY CLIMATOLOGICAL SUMMARY for Oct 2014 NAME: Cabrera de Mar, Barcelona ELEV: 9 meters LAT: 41-33.89 N LONG: 002-24.07 E TEMPERATURE (C), RAIN (cm), WIND SPEED (km/h) HEAT COOL AVG MEAN DEG DEG WIND DOM DAY TEMP HIGH TIME LOW TIME DAYS DAYS RAIN SPEED HIGH TIME DIR --------------------------------------------------------------------------------------- 01 20.3 22.9 16:50 17.3 07:40 0.0 2.0 0.00 1.6 16.1 17:10 268 02 20.5 24.6 14:40 16.4 07:50 0.0 2.2 0.02 1.2 17.7 15:30 194 03 20.2 23.8 14:00 16.7 08:10 0.0 1.8 0.00 0.3 14.5 15:30 96 04 20.2 24.1 15:20 16.2 08:00 0.0 1.9 0.00 3.6 25.7 14:10 271 05 19.8 21.3 15:40 16.8 08:40 0.0 1.4 1.50 3.8 37.0 07:10 191 06 20.4 23.7 14:30 17.9 03:30 0.0 2.1 0.00 4.5 27.4 19:10 288 07 21.1 24.8 11:40 17.8 07:40 0.0 2.7 0.02 5.7 30.6 16:00 291 08 20.6 24.8 16:20 16.7 04:40 0.0 2.3 0.00 5.1 25.7 14:00 286 09 20.9 24.9 14:10 16.4 05:30 0.0 2.5 0.02 4.5 22.5 12:40 285 10 21.2 23.7 15:50 17.9 05:10 0.0 2.8 0.00 2.3 17.7 05:30 198 11 21.2 25.0 14:00 17.3 08:20 0.0 2.9 0.00 2.8 19.3 14:10 130 12 22.3 25.3 15:00 20.6 08:50 0.0 4.0 0.06 4.9 25.7 15:20 291 13 20.6 23.7 12:30 18.2 05:40 0.0 2.3 0.00 8.3 38.6 17:00 284 14 18.7 22.0 14:10 15.9 23:40 0.0 0.3 0.00 2.3 29.0 14:20 114 15 18.9 24.8 15:00 13.5 08:00 0.0 0.5 0.00 6.4 37.0 15:40 310 16 20.9 25.2 12:20 16.4 07:00 0.0 2.6 0.00 9.0 32.2 12:40 307 17 20.8 23.3 14:00 18.4 23:20 0.0 2.5 0.00 4.6 20.9 03:50 287 18 20.5 24.1 15:40 15.9 08:30 0.0 2.1 0.00 4.7 30.6 19:10 283 19 20.0 24.5 13:20 15.1 07:40 0.0 1.6 0.00 2.6 19.3 12:40 131 20 20.0 24.3 14:50 16.3 08:10 0.0 1.7 0.02 4.5 30.6 16:50 284 21 20.0 24.1 14:10 15.7 06:50 0.0 1.7 0.00 3.4 22.5 11:20 110 22 19.8 21.3 14:50 16.8 09:20 0.0 1.4 0.00 6.0 27.4 23:30 234 23 18.2 21.6 16:40 14.1 08:20 0.2 0.0 0.00 3.4 30.6 00:30 288 24 18.0 23.7 13:40 12.8 07:20 0.3 0.0 0.00 2.9 19.3 12:30 84 25 19.4 24.3 12:50 14.2 06:50 0.0 1.1 0.00 2.8 16.1 12:00 128 26 19.2 23.1 11:10 15.1 06:20 0.0 0.9 0.00 3.3 17.7 14:50 154 27 20.3 21.0 10:50 19.4 09:10 0.0 2.0 0.00 6.5 20.9 11:00 151 28 20.5 21.8 13:10 17.6 08:30 0.0 2.1 0.00 4.9 20.9 11:20 160 29 20.4 21.9 13:40 14.6 08:00 0.0 2.1 0.00 3.4 16.1 12:40 194 30 19.7 21.1 13:30 14.7 08:00 0.0 1.4 0.00 3.0 16.1 13:20 171 31 19.5 20.6 10:30 15.9 08:20 0.0 1.2 0.00 3.9 14.5 11:10 170 --------------------------------------------------------------------------------------- 20.1 25.3 12 12.8 24 0.5 56.0 1.64 4.0 38.6 13 271