NOAA-Style Climate Reports

NOAA style reports
2022: Jan | Feb | Mar | Apr | May | Jun | Jul | Aug | Sep | Oct | Nov | Dec 
2021: Jan | Feb | Mar | Apr | May | Jun | Jul | Aug | Sep | Oct | Nov | Dec 
2020: Jan | Feb | Mar | Apr | May | Jun | Jul | Aug | Sep | Oct | Nov | Dec 
2019: Jan | Feb | Mar | Apr | May | Jun | Jul | Aug | Sep | Oct | Nov | Dec 
2018: Jan | Feb | Mar | Apr | May | Jun | Jul | Aug | Sep | Oct | Nov | Dec 
2017: Jan | Feb | Mar | Apr | May | Jun | Jul | Aug | Sep | Oct | Nov | Dec 
2016: Jan | Feb | Mar | Apr | May | Jun | Jul | Aug | Sep | Oct | Nov | Dec 
2015: Jan | Feb | Mar | Apr | May | Jun | Jul | Aug | Sep | Oct | Nov | Dec 
2014: Jan | Feb | Mar | Apr | May | Jun | Jul | Aug | Sep | Oct | Nov | Dec 
2013: Jan | Feb | Mar | Apr | May | Jun | Jul | Aug | Sep | Oct | Nov | Dec 
2012: Jan | Feb | Mar | Apr | May | Jun | Jul | Aug | Sep | Oct | Nov | Dec 
2011: Jan | Feb | Mar | Apr | May | Jun | Jul | Aug | Sep | Oct | Nov | Dec 
2010: Jan | Feb | Mar | Apr | May | Jun | Jul | Aug | Sep | Oct | Nov | Dec 
2009: Jan | Feb | Mar | Apr | May | Jun | Jul | Aug | Sep | Oct | Nov | Dec 
2008: Jan | Feb | Mar | Apr | May | Jun | Jul | Aug | Sep | Oct | Nov | Dec 
2007: Jan | Feb | Mar | Apr | May | Jun | Jul | Aug | Sep | Oct | Nov | Dec 
2006: Jan | Feb | Mar | Apr | May | Jun | Jul | Aug | Sep | Oct | Nov | Dec 
2005: Jan | Feb | Mar | Apr | May | Jun | Jul | Aug | Sep | Oct | Nov | Dec 

Report for 2014 09
MONTHLY CLIMATOLOGICAL SUMMARY for Sep 2014 NAME: Cabrera de Mar, Barcelona ELEV: 9 meters LAT: 41-33.89 N LONG: 002-24.07 E TEMPERATURE (C), RAIN (cm), WIND SPEED (km/h) HEAT COOL AVG MEAN DEG DEG WIND DOM DAY TEMP HIGH TIME LOW TIME DAYS DAYS RAIN SPEED HIGH TIME DIR --------------------------------------------------------------------------------------- 01 23.7 26.0 14:20 21.0 07:40 0.0 5.4 0.00 0.0 0.0 00:10 90 02 23.6 26.3 15:30 20.5 06:00 0.0 5.2 0.00 0.0 0.0 00:10 90 03 22.8 25.6 14:50 20.2 08:00 0.0 4.5 0.00 0.0 0.0 00:10 90 04 23.1 24.9 17:40 20.7 06:40 0.0 4.7 0.00 0.0 0.0 00:10 90 05 23.9 26.7 15:30 21.3 00:00 0.0 5.6 0.74 0.0 1.6 22:30 90 06 23.2 27.2 16:50 19.3 06:10 0.0 4.9 0.02 0.0 0.0 00:10 90 07 24.4 27.7 16:00 20.9 08:00 0.0 6.0 0.00 0.0 0.0 00:10 90 08 25.1 28.0 16:50 22.4 06:40 0.0 6.7 0.00 0.0 0.0 00:10 90 09 24.1 27.2 14:20 20.4 23:20 0.0 5.8 0.40 0.0 3.2 20:40 90 10 23.3 27.6 15:50 18.5 07:10 0.0 5.0 0.00 0.0 0.0 00:10 90 11 24.3 27.9 14:40 21.4 07:50 0.0 6.0 0.00 0.0 0.0 00:10 90 12 23.0 25.3 11:20 20.3 08:20 0.0 4.7 0.08 0.0 0.0 00:10 90 13 22.9 25.4 12:50 19.6 06:20 0.0 4.6 0.00 0.0 0.0 00:10 90 14 23.6 27.2 15:20 20.8 07:30 0.0 5.3 0.00 0.0 0.0 00:10 90 15 22.8 25.4 12:50 19.3 05:30 0.0 4.5 0.06 0.0 1.6 00:50 90 16 23.6 27.4 14:10 19.7 07:00 0.0 5.3 0.00 0.0 0.0 00:10 90 17 23.2 27.3 14:40 19.5 06:20 0.0 4.9 2.78 0.0 3.2 01:30 90 18 23.5 27.3 16:50 20.1 07:10 0.0 5.2 0.02 0.0 1.6 20:40 90 19 24.4 27.1 15:40 21.4 07:40 0.0 6.1 0.00 0.2 17.7 10:00 223 20 24.0 27.7 13:00 20.3 07:50 0.0 5.6 0.00 0.1 9.7 18:30 273 21 23.1 25.7 16:00 21.1 23:10 0.0 4.8 0.00 0.0 4.8 00:40 90 22 21.4 22.7 12:20 19.2 00:00 0.0 3.1 0.54 0.0 0.0 00:10 90 23 19.5 21.8 14:00 17.8 04:10 0.0 1.1 0.52 0.0 0.0 00:10 90 24 19.8 22.9 14:10 16.7 06:00 0.0 1.4 0.00 0.0 0.0 00:10 90 25 20.1 22.3 16:20 17.8 07:50 0.0 1.8 0.00 0.0 0.0 00:10 90 26 19.3 22.9 13:40 15.8 08:00 0.0 1.0 0.00 0.0 0.0 00:10 90 27 19.6 24.3 17:00 14.2 07:30 0.0 1.2 0.00 0.0 1.6 02:30 90 28 21.0 22.4 14:50 19.7 23:40 0.0 2.7 1.60 0.0 0.0 00:10 90 29 21.2 24.4 16:30 17.9 07:20 0.0 2.8 0.30 0.0 0.0 00:10 90 30 20.8 24.9 14:30 18.9 07:20 0.0 2.5 0.18 0.0 1.6 03:00 90 --------------------------------------------------------------------------------------- 22.6 28.0 08 14.2 27 0.0 128.3 7.24 0.0 17.7 19 249