NOAA-Style Climate Reports

NOAA style reports
2022: Jan | Feb | Mar | Apr | May | Jun | Jul | Aug | Sep | Oct | Nov | Dec 
2021: Jan | Feb | Mar | Apr | May | Jun | Jul | Aug | Sep | Oct | Nov | Dec 
2020: Jan | Feb | Mar | Apr | May | Jun | Jul | Aug | Sep | Oct | Nov | Dec 
2019: Jan | Feb | Mar | Apr | May | Jun | Jul | Aug | Sep | Oct | Nov | Dec 
2018: Jan | Feb | Mar | Apr | May | Jun | Jul | Aug | Sep | Oct | Nov | Dec 
2017: Jan | Feb | Mar | Apr | May | Jun | Jul | Aug | Sep | Oct | Nov | Dec 
2016: Jan | Feb | Mar | Apr | May | Jun | Jul | Aug | Sep | Oct | Nov | Dec 
2015: Jan | Feb | Mar | Apr | May | Jun | Jul | Aug | Sep | Oct | Nov | Dec 
2014: Jan | Feb | Mar | Apr | May | Jun | Jul | Aug | Sep | Oct | Nov | Dec 
2013: Jan | Feb | Mar | Apr | May | Jun | Jul | Aug | Sep | Oct | Nov | Dec 
2012: Jan | Feb | Mar | Apr | May | Jun | Jul | Aug | Sep | Oct | Nov | Dec 
2011: Jan | Feb | Mar | Apr | May | Jun | Jul | Aug | Sep | Oct | Nov | Dec 
2010: Jan | Feb | Mar | Apr | May | Jun | Jul | Aug | Sep | Oct | Nov | Dec 
2009: Jan | Feb | Mar | Apr | May | Jun | Jul | Aug | Sep | Oct | Nov | Dec 
2008: Jan | Feb | Mar | Apr | May | Jun | Jul | Aug | Sep | Oct | Nov | Dec 
2007: Jan | Feb | Mar | Apr | May | Jun | Jul | Aug | Sep | Oct | Nov | Dec 
2006: Jan | Feb | Mar | Apr | May | Jun | Jul | Aug | Sep | Oct | Nov | Dec 
2005: Jan | Feb | Mar | Apr | May | Jun | Jul | Aug | Sep | Oct | Nov | Dec 

Report for 2014 07
MONTHLY CLIMATOLOGICAL SUMMARY for Jul 2014 NAME: Cabrera de Mar, Barcelona ELEV: 9 meters LAT: 41-33.89 N LONG: 002-24.07 E TEMPERATURE (C), RAIN (cm), WIND SPEED (km/h) HEAT COOL AVG MEAN DEG DEG WIND DOM DAY TEMP HIGH TIME LOW TIME DAYS DAYS RAIN SPEED HIGH TIME DIR --------------------------------------------------------------------------------------- 01 23.0 26.0 14:50 20.2 04:30 0.0 4.7 0.00 0.0 0.0 00:10 90 02 23.8 26.3 13:40 21.8 22:30 0.0 5.4 0.00 0.0 0.0 00:10 90 03 24.3 28.9 19:00 20.2 05:30 0.0 6.0 0.00 0.0 0.0 00:10 90 04 24.3 28.3 12:00 20.4 08:30 0.0 6.0 0.32 0.0 3.2 07:30 90 05 23.9 26.8 17:20 20.1 07:00 0.0 5.5 0.00 0.0 0.0 00:10 90 06 23.8 27.6 14:40 19.3 06:20 0.0 5.4 0.00 0.0 0.0 00:10 90 07 20.9 23.7 00:20 17.8 00:00 0.0 2.6 0.72 0.0 3.2 10:10 90 08 20.5 24.1 18:20 16.9 04:30 0.0 2.1 0.00 0.0 0.0 00:10 90 09 20.7 23.4 15:00 18.7 06:40 0.0 2.4 0.08 0.0 0.0 00:10 90 10 22.0 27.2 13:30 18.7 04:30 0.0 3.7 0.00 0.0 0.0 00:10 90 11 22.2 25.5 13:30 18.7 05:10 0.0 3.9 0.00 0.0 0.0 00:10 90 12 21.8 24.6 11:10 17.9 06:40 0.0 3.5 0.00 0.0 0.0 00:10 90 13 22.6 26.1 15:50 19.1 06:40 0.0 4.3 0.00 0.0 0.0 00:10 90 14 23.0 24.9 16:20 21.6 05:10 0.0 4.7 0.00 0.0 0.0 00:10 90 15 23.5 26.7 13:40 20.8 06:20 0.0 5.2 0.00 0.0 0.0 00:10 90 16 24.4 27.3 12:50 21.0 04:40 0.0 6.0 0.00 0.0 0.0 00:10 90 17 25.1 28.3 12:40 21.2 07:00 0.0 6.8 0.00 0.0 0.0 00:10 90 18 25.0 27.9 14:50 20.4 07:20 0.0 6.7 0.00 0.0 0.0 00:10 90 19 26.0 29.1 14:00 23.6 05:40 0.0 7.6 0.00 0.0 0.0 00:10 90 20 25.8 29.5 19:10 22.0 23:50 0.0 7.4 0.00 0.0 0.0 00:10 90 21 23.6 27.2 13:30 19.7 03:30 0.0 5.3 0.00 0.0 0.0 00:10 90 22 23.8 27.4 14:50 18.8 06:20 0.0 5.5 0.00 0.0 0.0 00:10 90 23 24.0 27.4 17:40 19.5 07:30 0.0 5.6 0.00 0.0 0.0 00:10 90 24 24.4 27.7 12:40 19.5 07:10 0.0 6.1 0.00 0.0 0.0 00:10 90 25 24.8 27.6 14:50 22.5 04:40 0.0 6.4 0.16 0.0 0.0 00:10 90 26 24.6 27.9 15:50 20.5 07:00 0.0 6.3 0.00 0.0 0.0 00:10 90 27 25.6 28.0 15:10 23.3 06:40 0.0 7.3 0.00 0.0 0.0 00:10 90 28 23.7 26.6 12:30 21.0 23:10 0.0 5.3 1.40 0.0 0.0 00:10 90 29 21.5 25.1 14:00 17.4 15:50 0.0 3.2 3.16 0.0 1.6 15:40 90 30 23.5 27.3 16:50 19.4 05:20 0.0 5.1 0.00 0.0 0.0 00:10 90 31 23.8 27.7 14:50 18.5 06:50 0.0 5.5 0.00 0.0 0.0 00:10 90 --------------------------------------------------------------------------------------- 23.5 29.5 20 16.9 08 0.0 161.7 5.84 0.0 3.2 04 90